837
CXUS54 KFWD 110128
CF60F2
PRELIMINARY LOCAL CLIMATOLOGICAL DATA (WS FORM: F-6)
STATION: BOWIE
MONTH: JUNE
YEAR: 2020
LATITUDE: 33 36 N
LONGITUDE: 97 47 W
TEMPERATURE IN F: :PCPN: SNOW: WIND :SUNSHINE: SKY :PK WND
================================================================================
1 2 3 4 5 6A 6B 7 8 9 10 11 12 13 14 15 16 17 18
12Z AVG MX 2MIN
DY MAX MIN AVG DEP HDD CDD WTR SNW DPTH SPD SPD DIR MIN PSBL S-S WX SPD DR
================================================================================
1 85 68 77 3 0 12 0.00 0.0 0 2.8 7 150 M M 0 8 M M
2 90 69 80 6 0 15 0.00 0.0 0 5.6 12 180 M M 2 17 190
3 92 71 82 7 0 17 0.00 0.0 0 5.8 14 200 M M 1 20 200
4 96 71 84 9 0 19 0.04 0.0 0 8.2 27 350 M M 1 3 33 350
5 96 71 84 9 0 19 0.00 0.0 0 6.1 14 190 M M 1 21 190
6 95 72 84 9 0 19 0.00 0.0 0 2.5 9 220 M M 0 M M
7 93 74 84 8 0 19 0.00 0.0 0 3.6 8 110 M M 1 M M
8 95 73 84 8 0 19 0.00 0.0 0 1.4 6 160 M M 2 M M
9 91 66 79 3 0 14 0.00 0.0 0 12.8 23 310 M M 1 8 31 310
10 89 61 75 -1 0 10 0.00 0.0 0 10.4 21 330 M M 0 28 340
11 92 58 75 -2 0 10 0.00 0.0 0 1.6 6 100 M M 0 M M
12 92 60 76 -1 0 11 0.00 0.0 0 2.9 8 150 M M 0 M M
13 93 64 79 2 0 14 0.00 0.0 0 4.7 14 170 M M 0 20 170
14 93 65 79 2 0 14 0.00 0.0 0 3.6 10 170 M M 0 21 140
15 94 66 80 2 0 15 0.00 0.0 0 2.9 9 170 M M 1 M M
16 94 70 82 4 0 17 0.00 0.0 0 5.8 14 160 M M 0 21 160
17 96 74 85 7 0 20 0.00 0.0 0 7.3 16 190 M M 0 25 190
18 94 74 84 6 0 19 0.00 0.0 0 9.5 14 170 M M 0 25 140
19 96 69 83 5 0 18 0.47 0.0 0 10.1 17 10 M M 5 3 31 10
20 89 68 79 0 0 14 0.20 0.0 0 4.6 10 180 M M 3 23 270
21 88 67 78 -1 0 13 2.09 0.0 0 6.3 14 170 M M 3 3 43 120
22 91 68 80 1 0 15 1.30 0.0 0 5.8 17 30 M M 2 27 30
23 84 71 78 -1 0 13 1.33 0.0 0 4.1 17 340 M M 5 27 340
24 90 66 78 -1 0 13 0.00 0.0 0 2.9 7 90 M M 1 M M
25 91 70 81 1 0 16 0.00 0.0 0 3.0 8 130 M M 2 M M
26 93 73 83 3 0 18 0.00 0.0 0 8.2 15 210 M M 3 1 18 190
27 92 75 84 4 0 19 0.00 0.0 0 11.9 18 190 M M 2 8 25 180
28 91 77 84 4 0 19 M 0.0 0 13.5 20 170 M M 4 29 170
29 95 80 88 8 0 23 0.00 0.0 0 15.5 22 170 M M 5 28 180
30 95 80 88 8 0 23 0.00 0.0 0 13.3 21 190 M M 4 27 170
================================================================================
SM 2765 2091 0 487 5.43 0.0 196.7 M 49
================================================================================
AV 92.2 69.7 6.6 FASTST M M 2 MAX(MPH)
MISC ----> # 27 350 # 43 120
================================================================================
NOTES:
# LAST OF SEVERAL OCCURRENCES
COLUMN 17 PEAK WIND IN M.P.H.
PRELIMINARY LOCAL CLIMATOLOGICAL DATA (WS FORM: F-6) , PAGE 2
STATION: BOWIE
MONTH: JUNE
YEAR: 2020
LATITUDE: 33 36 N
LONGITUDE: 97 47 W
[TEMPERATURE DATA] [PRECIPITATION DATA] SYMBOLS USED IN COLUMN 16
AVERAGE MONTHLY: 80.9 TOTAL FOR MONTH: 5.43 1 = FOG OR MIST
DPTR FM NORMAL: 3.4 DPTR FM NORMAL: 1.09 2 = FOG REDUCING VISIBILITY
HIGHEST: 96 ON 19,17 GRTST 24HR 2.09 ON 21-21 TO 1/4 MILE OR LESS
LOWEST: 58 ON 11 3 = THUNDER
SNOW, ICE PELLETS, HAIL 4 = ICE PELLETS
TOTAL MONTH: 0.0 INCH 5 = HAIL
GRTST 24HR 0.0 6 = FREEZING RAIN OR DRIZZLE
GRTST DEPTH: 0 7 = DUSTSTORM OR SANDSTORM:
VSBY 1/2 MILE OR LESS
8 = SMOKE OR HAZE
[NO. OF DAYS WITH] [WEATHER - DAYS WITH] 9 = BLOWING SNOW
X = TORNADO
MAX 32 OR BELOW: 0 0.01 INCH OR MORE: 6
MAX 90 OR ABOVE: 25 0.10 INCH OR MORE: 5
MIN 32 OR BELOW: 0 0.50 INCH OR MORE: 3
MIN 0 OR BELOW: 0 1.00 INCH OR MORE: 3
[HDD (BASE 65) ]
TOTAL THIS MO. 0 CLEAR (SCALE 0-3) 24
DPTR FM NORMAL -1 PTCLDY (SCALE 4-7) 6
TOTAL FM JUL 1 2205 CLOUDY (SCALE 8-10) 0
DPTR FM NORMAL -875
[CDD (BASE 65) ]
TOTAL THIS MO. 487
DPTR FM NORMAL 110 [PRESSURE DATA]
TOTAL FM JAN 1 962 HIGHEST SLP M ON M
DPTR FM NORMAL 337 LOWEST SLP M ON M
[REMARKS]
#FINAL-06-20#