000
CXUS54 KHGX 011410
CF611R
PRELIMINARY LOCAL CLIMATOLOGICAL DATA (WS FORM: F-6)
STATION: BRENHAM
MONTH: MAY
YEAR: 2021
LATITUDE: 30 13 N
LONGITUDE: 96 22 W
TEMPERATURE IN F: :PCPN: SNOW: WIND :SUNSHINE: SKY :PK WND
================================================================================
1 2 3 4 5 6A 6B 7 8 9 10 11 12 13 14 15 16 17 18
12Z AVG MX 2MIN
DY MAX MIN AVG DEP HDD CDD WTR SNW DPTH SPD SPD DIR MIN PSBL S-S WX SPD DR
================================================================================
1 79 68 74 M 0 9 0.64 0.0 0 7.4 22 130 M M 6 47 130
2 86 66 76 M 0 11 0.01 0.0 0 9.3 16 190 M M 6 3 22 190
3 89 75 82 M 0 17 0.00 0.0 0 11.0 17 180 M M 7 1 23 160
4 79 66 73 M 0 8 1.01 0.0 0 9.0 32 310 M M 4 13 38 310
5 79 58 69 M 0 4 0.00 0.0 0 5.0 10 360 M M 0 18 360
6 84 60 72 M 0 7 0.00 0.0 0 2.9 8 60 M M 0 M M
7 86 61 74 M 0 9 0.00 0.0 0 4.2 12 140 M M 0 16 140
8 88 62 75 M 0 10 0.00 0.0 0 10.0 22 170 M M 6 1 29 170
9 89 76 83 M 0 18 0.00 0.0 0 11.3 16 190 M M 9 24 190
10 90 71 81 M 0 16 0.00 0.0 0 5.1 12 190 M M 8 1 M M
11 89 66 78 M 0 13 0.00 0.0 0 6.8 27 350 M M 7 1 39 350
12 69 62 66 M 0 1 0.00 0.0 0 10.3 16 350 M M 10 22 330
13 76 61 69 M 0 4 M 0.0 0 5.0 9 360 M M 10 1 18 360
14 82 66 74 M 0 9 0.00 0.0 0 3.6 9 130 M M 8 M M
15 84 61 73 M 0 8 0.00 0.0 0 5.8 13 170 M M 4 20 170
16 79 69 74 M 0 9 0.01 0.0 0 8.2 15 150 M M 7 21 150
17 86 67 77 M 0 12 1.70 0.0 0 6.5 16 140 M M 7 13 36 360
18 82 66 74 M 0 9 1.83 0.0 0 7.0 18 80 M M 7 3 27 80
19 67 66 67 M 0 2 0.02 0.0 0 6.9 13 80 M M 9 3 21 80
20 84 64 74 M 0 9 0.00 0.0 0 1.8 7 110 M M 5 1 M M
21 85 70 78 M 0 13 0.12 0.0 0 5.3 12 90 M M 8 1 M M
22 84 73 79 M 0 14 0.12 0.0 0 10.4 15 130 M M 9 25 150
23 78 70 74 M 0 9 0.45 0.0 0 5.8 10 110 M M 9 1 17 0
24 83 71 77 M 0 12 0.80 0.0 0 6.0 12 130 M M 8 3 28 140
25 82 74 78 M 0 13 0.13 0.0 0 6.4 12 160 M M 9 3 16 150
26 90 73 82 M 0 17 0.00 0.0 0 6.8 13 160 M M 6 1 18 160
27 91 75 83 M 0 18 0.00 0.0 0 8.2 16 180 M M 7 21 180
28 88 69 79 M 0 14 0.66 0.0 0 8.7 20 160 M M 8 3 32 20
29 88 68 78 M 0 13 0.00 0.0 0 4.0 24 160 M M 3 8 36 160
30 86 72 79 M 0 14 0.02 0.0 0 5.4 9 110 M M 7 M M
31 87 71 79 M 0 14 M 0.0 M 7.5 13 140 M M 4 1 20 140
================================================================================
SM 2589 2097 0 336 7.52 0.0 211.6 M 198
================================================================================
AV 83.5 67.6 6.8 FASTST M M 6 MAX(MPH)
MISC ----> 32 310 47 130
================================================================================
NOTES:
# LAST OF SEVERAL OCCURRENCES
COLUMN 17 PEAK WIND IN M.P.H.
PRELIMINARY LOCAL CLIMATOLOGICAL DATA (WS FORM: F-6) , PAGE 2
STATION: BRENHAM
MONTH: MAY
YEAR: 2021
LATITUDE: 30 13 N
LONGITUDE: 96 22 W
[TEMPERATURE DATA] [PRECIPITATION DATA] SYMBOLS USED IN COLUMN 16
AVERAGE MONTHLY: 75.6 TOTAL FOR MONTH: 7.52 1 = FOG OR MIST
DPTR FM NORMAL: 23.2 DPTR FM NORMAL: 2.87 2 = FOG REDUCING VISIBILITY
HIGHEST: 91 ON 27 GRTST 24HR 1.83 ON 18-18 TO 1/4 MILE OR LESS
LOWEST: 58 ON 5 3 = THUNDER
SNOW, ICE PELLETS, HAIL 4 = ICE PELLETS
TOTAL MONTH: 0.0 INCH 5 = HAIL
GRTST 24HR 0.0 6 = FREEZING RAIN OR DRIZZLE
GRTST DEPTH: 0 7 = DUSTSTORM OR SANDSTORM:
VSBY 1/2 MILE OR LESS
8 = SMOKE OR HAZE
[NO. OF DAYS WITH] [WEATHER - DAYS WITH] 9 = BLOWING SNOW
X = TORNADO
MAX 32 OR BELOW: 0 0.01 INCH OR MORE: 14
MAX 90 OR ABOVE: 3 0.10 INCH OR MORE: 10
MIN 32 OR BELOW: 0 0.50 INCH OR MORE: 6
MIN 0 OR BELOW: 0 1.00 INCH OR MORE: 3
[HDD (BASE 65) ]
TOTAL THIS MO. 0 CLEAR (SCALE 0-3) 4
DPTR FM NORMAL M PTCLDY (SCALE 4-7) 20
TOTAL FM JUL 1 1454 CLOUDY (SCALE 8-10) 7
DPTR FM NORMAL M
[CDD (BASE 65) ]
TOTAL THIS MO. 336
DPTR FM NORMAL M [PRESSURE DATA]
TOTAL FM JAN 1 584 HIGHEST SLP M ON M
DPTR FM NORMAL M LOWEST SLP M ON M
[REMARKS]
#FINAL-05-21#