000
CXUS53 KUNR 010930
CF62WX
PRELIMINARY LOCAL CLIMATOLOGICAL DATA (WS FORM: F-6)
STATION: BUFFALO SD
MONTH: OCTOBER
YEAR: 2022
LATITUDE: 45 35 N
LONGITUDE: 103 33 W
TEMPERATURE IN F: :PCPN: SNOW: WIND :SUNSHINE: SKY :PK WND
================================================================================
1 2 3 4 5 6A 6B 7 8 9 10 11 12 13 14 15 16 17 18
12Z AVG MX 2MIN
DY MAX MIN AVG DEP HDD CDD WTR SNW DPTH SPD SPD DIR MIN PSBL S-S WX SPD DR
================================================================================
1 68 52 60 7 5 0 0.05 M M 11.4 23 20 M M M 27 20
2 76 47 62 9 3 0 0.00 M M 7.8 24 270 M M M 35 260
3 68 50 59 7 6 0 0.00 M M 9.1 21 300 M M M 26 320
4 67 49 58 6 7 0 0.00 M M 7.9 16 300 M M M 21 310
5 80 46 63 12 2 0 0.00 M M 11.5 22 300 M M M 38 330
6 49 30 40 -11 25 0 0.26 M M 9.5 24 50 M M M 31 50
7 58 23 41 -9 24 0 0.00 M M 5.1 13 210 M M M 18 250
8 70 35 53 3 12 0 0.00 M M 9.5 20 300 M M M 25 350
9 73 41 57 8 8 0 0.00 M M 5.6 13 280 M M M 17 310
10 76 42 59 10 6 0 0.00 M M 6.5 14 230 M M M 22 270
11 61 39 50 2 15 0 0.00 M M 18.5 43 310 M M M 55 320
12 59 40 50 2 15 0 0.04 M M 29.4 54 300 M M M 71 300
13 57 37 47 0 18 0 0.00 M M 28.3 47 320 M M M 61 310
14 61 45 53 6 12 0 0.00 M M 15.4 32 310 M M M 44 310
15 57 35 46 0 19 0 0.00 M M 17.9 30 310 M M M 39 310
16 50 25 38 -8 27 0 0.00 M M 8.9 18 330 M M M 25 340
17 60 33 47 2 18 0 0.00 M M 7.5 15 140 M M M 19 150
18 63 26 45 0 20 0 0.00 M M 9.2 16 160 M M M 24 160
19 72 33 53 9 12 0 0.00 M M 13.5 26 330 M M M 36 330
20 79 40 60 16 5 0 0.00 M M 12.8 28 270 M M M 36 280
21 71 41 56 13 9 0 0.00 M M 10.6 28 360 M M M 35 340
22 54 38 46 3 19 0 0.00 M M 11.1 18 80 M M M 24 80
23 48 34 41 -1 24 0 0.06 M M 19.7 36 290 M M M 47 290
24 34 28 31 -11 34 0 0.00 M M 25.5 43 300 M M M 55 300
25 51 30 41 -1 24 0 0.00 M M 13.5 30 290 M M M 37 290
26 55 29 42 1 23 0 0.00 M M 5.8 12 110 M M M 15 110
27 55 26 41 0 24 0 0.00 M M 6.7 16 290 M M M 21 290
28 65 33 49 9 16 0 0.00 M M 8.7 20 190 M M M 24 200
29 63 34 49 9 16 0 0.00 M M 11.4 20 290 M M M 25 290
30 65 29 47 7 18 0 0.00 M M 7.5 16 230 M M M 22 240
31 69 38 54 15 11 0 0.00 M M 10.5 23 280 M M M 30 290
================================================================================
SM 1934 1128 477 0 0.41 M 376.3 M M
================================================================================
AV 62.4 36.4 12.1 FASTST M M M MAX(MPH)
MISC ----> 54 300 71 300
================================================================================
NOTES:
# LAST OF SEVERAL OCCURRENCES
COLUMN 17 PEAK WIND IN M.P.H.
PRELIMINARY LOCAL CLIMATOLOGICAL DATA (WS FORM: F-6) , PAGE 2
STATION: BUFFALO SD
MONTH: OCTOBER
YEAR: 2022
LATITUDE: 45 35 N
LONGITUDE: 103 33 W
[TEMPERATURE DATA] [PRECIPITATION DATA] SYMBOLS USED IN COLUMN 16
AVERAGE MONTHLY: 49.4 TOTAL FOR MONTH: 0.41 1 = FOG OR MIST
DPTR FM NORMAL: 3.5 DPTR FM NORMAL: -0.68 2 = FOG REDUCING VISIBILITY
HIGHEST: 80 ON 5 GRTST 24HR 0.26 ON 6- 6 TO 1/4 MILE OR LESS
LOWEST: 23 ON 7 3 = THUNDER
SNOW, ICE PELLETS, HAIL 4 = ICE PELLETS
TOTAL MONTH: M 5 = HAIL
GRTST 24HR M ON M 6 = FREEZING RAIN OR DRIZZLE
GRTST DEPTH: M ON M 7 = DUSTSTORM OR SANDSTORM:
VSBY 1/2 MILE OR LESS
8 = SMOKE OR HAZE
[NO. OF DAYS WITH] [WEATHER - DAYS WITH] 9 = BLOWING SNOW
X = TORNADO
MAX 32 OR BELOW: 0 0.01 INCH OR MORE: 4
MAX 90 OR ABOVE: 0 0.10 INCH OR MORE: 1
MIN 32 OR BELOW: 9 0.50 INCH OR MORE: 0
MIN 0 OR BELOW: 0 1.00 INCH OR MORE: 0
[HDD (BASE 65) ]
TOTAL THIS MO. 477 CLEAR (SCALE 0-3) 0
DPTR FM NORMAL -118 PTCLDY (SCALE 4-7) 0
TOTAL FM JUL 1 550 CLOUDY (SCALE 8-10) 31
DPTR FM NORMAL -279
[CDD (BASE 65) ]
TOTAL THIS MO. 0
DPTR FM NORMAL -3 [PRESSURE DATA]
TOTAL FM JAN 1 841 HIGHEST SLP 30.60 ON 7
DPTR FM NORMAL 262 LOWEST SLP 29.30 ON 23
[REMARKS]
#FINAL-10-22#