000
CXUS55 KBOU 010900
CF633V
PRELIMINARY LOCAL CLIMATOLOGICAL DATA (WS FORM: F-6)
STATION: WALDEN
MONTH: OCTOBER
YEAR: 2022
LATITUDE: 40 45 N
LONGITUDE: 106 16 W
TEMPERATURE IN F: :PCPN: SNOW: WIND :SUNSHINE: SKY :PK WND
================================================================================
1 2 3 4 5 6A 6B 7 8 9 10 11 12 13 14 15 16 17 18
12Z AVG MX 2MIN
DY MAX MIN AVG DEP HDD CDD WTR SNW DPTH SPD SPD DIR MIN PSBL S-S WX SPD DR
================================================================================
1 52 32 42 M 23 0 0.00 M M 5.8 14 210 M M 3 24 240
2 57 34 46 M 19 0 0.00 M M 8.7 17 220 M M 5 22 220
3 55 32 44 M 21 0 0.00 M M 6.3 14 310 M M 6 27 320
4 55 28 42 M 23 0 0.00 M M 4.4 14 340 M M 4 M M
5 59 23 41 M 24 0 0.00 M M 4.9 12 30 M M 0 M M
6 63 23 43 M 22 0 0.00 M M 4.8 13 340 M M 1 21 340
7 61 25 43 M 22 0 0.00 M M 6.7 23 330 M M 2 31 330
8 59 21 40 M 25 0 0.00 M M 4.7 10 130 M M 2 28 250
9 59 21 40 M 25 0 0.00 M M 4.6 10 130 M M 0 M M
10 61 21 41 M 24 0 0.00 M M 7.1 18 260 M M 1 25 250
11 59 30 45 M 20 0 0.00 M M 12.3 23 240 M M 3 32 240
12 61 27 44 M 21 0 0.00 M M 7.9 17 250 M M 0 23 290
13 55 21 38 M 27 0 0.00 M M 8.4 23 350 M M 0 29 350
14 61 21 41 M 24 0 0.00 M M 7.4 17 320 M M 0 30 320
15 59 21 40 M 25 0 0.00 M M 6.7 16 40 M M 1 22 40
16 55 19 37 M 28 0 0.00 M M 5.1 12 340 M M 0 21 30
17 59 18 39 M 26 0 0.00 M M 5.9 12 30 M M 0 17 10
18 59 16 38 M 27 0 0.00 M M 5.9 15 360 M M 0 M M
19 63 18 41 M 24 0 0.00 M M 7.0 20 350 M M 0 28 350
20 63 18 41 M 24 0 0.00 M M 6.9 17 250 M M 0 23 270
21 59 30 45 M 20 0 0.00 M M 12.8 23 250 M M 0 30 260
22 59 32 46 M 19 0 0.00 M M 14.2 24 190 M M 3 33 240
23 46 19 33 M 32 0 0.00 M M 10.1 24 180 M M 7 36 180
24 30 16 23 M 42 0 0.00 M M 10.3 18 260 M M 5 24 230
25 34 23 29 M 36 0 0.00 M M 11.2 20 210 M M 7 24 210
26 39 21 30 M 35 0 0.00 M M 8.3 21 230 M M 8 30 230
27 32 18 25 M 40 0 0.00 M M 8.5 21 340 M M 8 17 360
28 46 9 28 M 37 0 0.00 M M 6.7 10 200 M M 0 16 200
29 46 12 29 M 36 0 0.00 M M 5.3 13 340 M M 0 M M
30 48 21 35 M 30 0 0.00 M M 4.5 12 280 M M 3 M M
31 46 18 32 M 33 0 0.00 M M 8.9 15 190 M M 0 23 200
================================================================================
SM 1660 688 834 0 0.00 M 232.3 M 69
================================================================================
AV 53.5 22.2 7.5 FASTST M M 2 MAX(MPH)
MISC ----> # 24 190 36 180
================================================================================
NOTES:
# LAST OF SEVERAL OCCURRENCES
COLUMN 17 PEAK WIND IN M.P.H.
PRELIMINARY LOCAL CLIMATOLOGICAL DATA (WS FORM: F-6) , PAGE 2
STATION: WALDEN
MONTH: OCTOBER
YEAR: 2022
LATITUDE: 40 45 N
LONGITUDE: 106 16 W
[TEMPERATURE DATA] [PRECIPITATION DATA] SYMBOLS USED IN COLUMN 16
AVERAGE MONTHLY: 37.9 TOTAL FOR MONTH: 0.00 1 = FOG OR MIST
DPTR FM NORMAL: 0.0 DPTR FM NORMAL: M 2 = FOG REDUCING VISIBILITY
HIGHEST: 63 ON 20,19 GRTST 24HR 0.00 ON 1- 1 TO 1/4 MILE OR LESS
LOWEST: 9 ON 28 3 = THUNDER
SNOW, ICE PELLETS, HAIL 4 = ICE PELLETS
TOTAL MONTH: M 5 = HAIL
GRTST 24HR M ON M 6 = FREEZING RAIN OR DRIZZLE
GRTST DEPTH: M ON M 7 = DUSTSTORM OR SANDSTORM:
VSBY 1/2 MILE OR LESS
8 = SMOKE OR HAZE
[NO. OF DAYS WITH] [WEATHER - DAYS WITH] 9 = BLOWING SNOW
X = TORNADO
MAX 32 OR BELOW: 2 0.01 INCH OR MORE: 0
MAX 90 OR ABOVE: 0 0.10 INCH OR MORE: 0
MIN 32 OR BELOW: 30 0.50 INCH OR MORE: 0
MIN 0 OR BELOW: 0 1.00 INCH OR MORE: 0
[HDD (BASE 65) ]
TOTAL THIS MO. 834 CLEAR (SCALE 0-3) 23
DPTR FM NORMAL M PTCLDY (SCALE 4-7) 8
TOTAL FM JUL 1 1536 CLOUDY (SCALE 8-10) 0
DPTR FM NORMAL M
[CDD (BASE 65) ]
TOTAL THIS MO. 0
DPTR FM NORMAL M [PRESSURE DATA]
TOTAL FM JAN 1 6 HIGHEST SLP M ON M
DPTR FM NORMAL M LOWEST SLP M ON M
[REMARKS]
#FINAL-10-22#