000
CXUS52 KTAE 010800
CF6AAF
PRELIMINARY LOCAL CLIMATOLOGICAL DATA (WS FORM: F-6)
STATION: APALACHICOLA
MONTH: APRIL
YEAR: 2022
LATITUDE: 29 43 N
LONGITUDE: 85 2 W
TEMPERATURE IN F: :PCPN: SNOW: WIND :SUNSHINE: SKY :PK WND
================================================================================
1 2 3 4 5 6A 6B 7 8 9 10 11 12 13 14 15 16 17 18
12Z AVG MX 2MIN
DY MAX MIN AVG DEP HDD CDD WTR SNW DPTH SPD SPD DIR MIN PSBL S-S WX SPD DR
================================================================================
1 78 57 68 4 0 3 0.00 0.0 M 7.2 17 20 M M 0 20 20
2 62 55 59 -5 6 0 0.98 0.0 0 5.2 26 320 M M 6 13 35 310
3 79 51 65 0 0 0 0.00 0.0 M 5.3 16 20 M M 3 12 23 10
4 77 52 65 0 0 0 0.00 M M 5.4 15 130 M M 0 20 130
5 80 67 74 9 0 9 0.08 0.0 0 10.0 23 180 M M 2 1 29 180
6 79 71 75 10 0 10 T 0.0 M 11.6 17 200 M M 6 12 24 190
7 80 64 72 7 0 7 0.00 0.0 M 13.2 21 280 M M 2 1 27 260
8 71 47 59 -7 6 0 0.00 0.0 0 13.7 29 270 M M 0 39 260
9 65 42 54 -12 11 0 0.00 0.0 0 9.8 29 290 M M 0 37 300
10 71 45 58 -8 7 0 0.00 0.0 0 6.3 15 180 M M 0 8 19 180
11 75 50 63 -3 2 0 0.00 0.0 0 6.8 17 130 M M 0 23 120
12 76 62 69 3 0 4 0.00 0.0 0 9.2 15 160 M M 0 19 160
13 77 59 68 1 0 3 0.00 0.0 0 9.0 18 140 M M 0 25 140
14 78 63 71 4 0 6 0.00 0.0 0 4.6 15 160 M M 0 1 18 160
15 83 59 71 4 0 6 0.00 0.0 0 5.3 14 130 M M 0 18 150
16 81 66 74 7 0 9 0.00 0.0 M 6.5 14 210 M M 0 16 200
17 80 69 75 7 0 10 0.00 0.0 M 6.2 13 170 M M 0 16 170
18 84 64 74 6 0 9 0.30 M M 12.2 28 320 M M 1 13 36 320
19 76 55 66 -2 0 1 0.00 M M 11.0 20 10 M M 0 30 10
20 75 50 63 -5 2 0 0.00 0.0 M 9.3 21 100 M M 0 29 100
21 79 64 72 4 0 7 0.00 0.0 0 9.1 20 100 M M 0 29 140
22 79 61 70 1 0 5 0.00 0.0 0 9.1 17 110 M M 0 23 100
23 79 65 72 3 0 7 0.00 0.0 0 9.7 18 110 M M 0 25 100
24 78 63 71 2 0 6 0.00 0.0 0 7.7 16 110 M M 0 24 120
25 80 63 72 3 0 7 0.00 0.0 0 7.8 17 160 M M 0 1 21 160
26 83 62 73 3 0 8 0.00 0.0 M 4.8 13 220 M M 3 12 15 170
27 80 60 70 0 0 5 0.00 0.0 M 8.9 17 260 M M 0 22 260
28 80 61 71 1 0 6 0.00 0.0 M 8.5 18 120 M M 0 27 120
29 79 69 74 4 0 9 0.00 0.0 0 9.6 20 120 M M 0 29 120
30 80 68 74 4 0 9 0.00 0.0 0 9.6 17 140 M M 0 25 130
================================================================================
SM 2324 1784 34 146 1.36 0.0 252.6 M 23
================================================================================
AV 77.5 59.5 8.4 FASTST M M 1 MAX(MPH)
MISC ----> # 29 270 39 260
================================================================================
NOTES:
# LAST OF SEVERAL OCCURRENCES
COLUMN 17 PEAK WIND IN M.P.H.
PRELIMINARY LOCAL CLIMATOLOGICAL DATA (WS FORM: F-6) , PAGE 2
STATION: APALACHICOLA
MONTH: APRIL
YEAR: 2022
LATITUDE: 29 43 N
LONGITUDE: 85 2 W
[TEMPERATURE DATA] [PRECIPITATION DATA] SYMBOLS USED IN COLUMN 16
AVERAGE MONTHLY: 68.5 TOTAL FOR MONTH: 1.36 1 = FOG OR MIST
DPTR FM NORMAL: 1.2 DPTR FM NORMAL: -1.55 2 = FOG REDUCING VISIBILITY
HIGHEST: 84 ON 18 GRTST 24HR 0.98 ON 2- 2 TO 1/4 MILE OR LESS
LOWEST: 42 ON 9 3 = THUNDER
SNOW, ICE PELLETS, HAIL 4 = ICE PELLETS
TOTAL MONTH: 0.0 INCH 5 = HAIL
GRTST 24HR 0.0 6 = FREEZING RAIN OR DRIZZLE
GRTST DEPTH: 0 7 = DUSTSTORM OR SANDSTORM:
VSBY 1/2 MILE OR LESS
8 = SMOKE OR HAZE
[NO. OF DAYS WITH] [WEATHER - DAYS WITH] 9 = BLOWING SNOW
X = TORNADO
MAX 32 OR BELOW: 0 0.01 INCH OR MORE: 3
MAX 90 OR ABOVE: 0 0.10 INCH OR MORE: 2
MIN 32 OR BELOW: 0 0.50 INCH OR MORE: 1
MIN 0 OR BELOW: 0 1.00 INCH OR MORE: 0
[HDD (BASE 65) ]
TOTAL THIS MO. 34 CLEAR (SCALE 0-3) 27
DPTR FM NORMAL -7 PTCLDY (SCALE 4-7) 3
TOTAL FM JUL 1 1020 CLOUDY (SCALE 8-10) 0
DPTR FM NORMAL -202
[CDD (BASE 65) ]
TOTAL THIS MO. 146
DPTR FM NORMAL 37 [PRESSURE DATA]
TOTAL FM JAN 1 227 HIGHEST SLP 30.35 ON 22
DPTR FM NORMAL 54 LOWEST SLP 29.73 ON 7
[REMARKS]
#FINAL-04-22#