000
CXUS52 KTAE 010900
CF6AAF
PRELIMINARY LOCAL CLIMATOLOGICAL DATA (WS FORM: F-6)
STATION: APALACHICOLA
MONTH: DECEMBER
YEAR: 2021
LATITUDE: 29 43 N
LONGITUDE: 85 2 W
TEMPERATURE IN F: :PCPN: SNOW: WIND :SUNSHINE: SKY :PK WND
================================================================================
1 2 3 4 5 6A 6B 7 8 9 10 11 12 13 14 15 16 17 18
12Z AVG MX 2MIN
DY MAX MIN AVG DEP HDD CDD WTR SNW DPTH SPD SPD DIR MIN PSBL S-S WX SPD DR
================================================================================
1 68 37 53 -6 12 0 0.00 M M 4.6 10 120 M M 0 14 110
2 77 45 61 2 4 0 0.00 0.0 0 3.1 13 290 M M 3 12 22 30
3 74 50 62 4 3 0 0.00 0.0 0 2.5 10 220 M M 5 12 13 220
4 73 50 62 4 3 0 0.00 0.0 0 2.7 12 150 M M 5 12 13 180
5 72 51 62 4 3 0 0.00 M M 3.9 9 130 M M 7 12 13 130
6 75 54 65 7 0 0 0.06 M M 3.5 13 160 M M 6 12 16 150
7 74 57 66 8 0 1 0.00 0.0 M 3.4 8 140 M M 6 12 11 130
8 77 61 69 11 0 4 0.96 0.0 M 6.8 20 250 M M 6 18 25 250
9 69 56 63 5 2 0 0.00 0.0 M 5.8 12 130 M M 8 1 16 80
10 76 67 72 15 0 7 0.00 M M 8.2 14 140 M M 9 12 19 150
11 78 68 73 16 0 8 0.11 0.0 0 7.7 13 340 M M 8 12 18 340
12 69 56 63 6 2 0 T 0.0 0 6.5 17 30 M M 7 1 21 10
13 68 54 61 4 4 0 0.00 0.0 0 5.9 10 30 M M 8 1 13 110
14 71 57 64 7 1 0 0.00 0.0 M 5.5 10 100 M M 7 13 120
15 75 56 66 9 0 1 0.00 0.0 M 7.3 14 80 M M 3 12 19 90
16 71 64 68 12 0 3 0.00 0.0 0 5.8 12 90 M M 8 1 17 120
17 75 64 70 14 0 5 0.00 0.0 0 6.2 13 140 M M 5 12 18 140
18 76 67 72 16 0 7 0.00 0.0 0 8.6 16 160 M M 6 1 21 150
19 76 55 66 10 0 1 1.58 0.0 0 9.2 18 300 M M 7 13 24 320
20 58 50 54 -2 11 0 0.01 0.0 0 8.8 17 50 M M 7 22 40
21 55 47 51 -5 14 0 0.07 0.0 0 11.1 23 300 M M 10 27 300
22 65 42 54 -2 11 0 0.00 0.0 0 7.2 15 320 M M 2 19 330
23 62 33 48 -8 17 0 0.00 0.0 M 3.7 13 50 M M 0 18 50
24 69 38 54 -1 11 0 0.00 0.0 M 3.6 12 140 M M 0 14 140
25 75 48 62 7 3 0 0.00 0.0 M 4.7 14 260 M M 2 1 17 250
26 77 53 65 10 0 0 0.00 0.0 M 4.4 15 250 M M 4 12 19 250
27 75 56 66 11 0 1 0.00 0.0 M 4.8 12 220 M M 7 12 15 220
28 75 66 71 16 0 6 0.00 M M 7.6 15 180 M M 6 1 20 170
29 76 68 72 17 0 7 0.00 M M 7.0 13 180 M M 6 1 17 190
30 77 70 74 19 0 9 0.00 0.0 0 7.8 15 210 M M 10 12 21 200
31 78 71 75 20 0 10 T 0.0 0 7.7 14 210 M M 10 12 20 200
================================================================================
SM 2236 1711 101 70 2.79 0.0 185.6 M 178
================================================================================
AV 72.1 55.2 6.0 FASTST M M 6 MAX(MPH)
MISC ----> 23 300 27 300
================================================================================
NOTES:
# LAST OF SEVERAL OCCURRENCES
COLUMN 17 PEAK WIND IN M.P.H.
PRELIMINARY LOCAL CLIMATOLOGICAL DATA (WS FORM: F-6) , PAGE 2
STATION: APALACHICOLA
MONTH: DECEMBER
YEAR: 2021
LATITUDE: 29 43 N
LONGITUDE: 85 2 W
[TEMPERATURE DATA] [PRECIPITATION DATA] SYMBOLS USED IN COLUMN 16
AVERAGE MONTHLY: 63.7 TOTAL FOR MONTH: 2.79 1 = FOG OR MIST
DPTR FM NORMAL: 7.2 DPTR FM NORMAL: -0.80 2 = FOG REDUCING VISIBILITY
HIGHEST: 78 ON 31,11 GRTST 24HR 1.58 ON 19-19 TO 1/4 MILE OR LESS
LOWEST: 33 ON 23 3 = THUNDER
SNOW, ICE PELLETS, HAIL 4 = ICE PELLETS
TOTAL MONTH: 0.0 INCH 5 = HAIL
GRTST 24HR 0.0 6 = FREEZING RAIN OR DRIZZLE
GRTST DEPTH: 0 7 = DUSTSTORM OR SANDSTORM:
VSBY 1/2 MILE OR LESS
8 = SMOKE OR HAZE
[NO. OF DAYS WITH] [WEATHER - DAYS WITH] 9 = BLOWING SNOW
X = TORNADO
MAX 32 OR BELOW: 0 0.01 INCH OR MORE: 6
MAX 90 OR ABOVE: 0 0.10 INCH OR MORE: 3
MIN 32 OR BELOW: 0 0.50 INCH OR MORE: 2
MIN 0 OR BELOW: 0 1.00 INCH OR MORE: 1
[HDD (BASE 65) ]
TOTAL THIS MO. 101 CLEAR (SCALE 0-3) 6
DPTR FM NORMAL -183 PTCLDY (SCALE 4-7) 21
TOTAL FM JUL 1 295 CLOUDY (SCALE 8-10) 4
DPTR FM NORMAL -153
[CDD (BASE 65) ]
TOTAL THIS MO. 70
DPTR FM NORMAL 48 [PRESSURE DATA]
TOTAL FM JAN 1 2718 HIGHEST SLP 30.39 ON 14
DPTR FM NORMAL -20 LOWEST SLP 29.82 ON 21
[REMARKS]
#FINAL-12-21#