168
CXUS52 KTAE 010900
CF6AAF
PRELIMINARY LOCAL CLIMATOLOGICAL DATA (WS FORM: F-6)
STATION: APALACHICOLA
MONTH: OCTOBER
YEAR: 2020
LATITUDE: 29 43 N
LONGITUDE: 85 2 W
TEMPERATURE IN F: :PCPN: SNOW: WIND :SUNSHINE: SKY :PK WND
================================================================================
1 2 3 4 5 6A 6B 7 8 9 10 11 12 13 14 15 16 17 18
12Z AVG MX 2MIN
DY MAX MIN AVG DEP HDD CDD WTR SNW DPTH SPD SPD DIR MIN PSBL S-S WX SPD DR
================================================================================
1 80 57 69 -7 0 4 0.00 0.0 M 3.2 14 190 M M 0 17 190
2 78 60 69 -6 0 4 0.00 0.0 M 9.0 22 20 M M 0 29 20
3 77 56 67 -8 0 2 0.00 0.0 M 8.8 15 30 M M 0 19 50
4 79 60 70 -5 0 5 0.00 0.0 M 8.8 15 40 M M 2 18 50
5 77 64 71 -3 0 6 0.00 0.0 0 10.0 17 50 M M 4 21 30
6 83 70 77 3 0 12 0.05 0.0 0 6.7 13 50 M M 5 16 80
7 84 74 79 5 0 14 0.00 0.0 M 6.9 14 120 M M 5 1 17 110
8 85 75 80 7 0 15 0.00 0.0 M 6.5 13 130 M M 4 1 16 140
9 84 74 79 6 0 14 0.00 0.0 M 8.1 16 120 M M 3 21 100
10 86 77 82 9 0 17 0.21 0.0 M 12.2 20 170 M M 2 1 26 170
11 85 76 81 9 0 16 0.00 0.0 M 11.0 21 250 M M 2 26 260
12 88 74 81 9 0 16 0.00 0.0 M 7.3 16 300 M M 4 21 290
13 89 71 80 8 0 15 0.00 0.0 M 5.0 14 220 M M 1 1 17 220
14 85 67 76 5 0 11 0.00 0.0 M 5.8 14 150 M M 1 15 150
15 86 67 77 6 0 12 0.00 0.0 M 2.9 10 190 M M 1 13 160
16 88 65 77 6 0 12 0.00 0.0 M 7.8 21 20 M M 1 1 28 30
17 81 58 70 0 0 5 0.00 0.0 M 9.7 17 40 M M 0 24 30
18 84 64 74 4 0 9 0.00 0.0 M 8.5 16 100 M M 5 24 90
19 84 68 76 6 0 11 0.00 0.0 M 8.4 16 90 M M 3 21 80
20 87 70 79 10 0 14 0.00 0.0 M 8.8 17 80 M M 2 8 23 50
21 86 71 79 10 0 14 0.00 0.0 M 9.1 17 110 M M 4 24 100
22 86 72 79 10 0 14 0.00 0.0 M 9.3 16 100 M M 4 22 110
23 83 74 79 11 0 14 0.00 0.0 M 7.2 16 100 M M 5 22 100
24 82 67 75 7 0 10 1.02 0.0 M 6.3 22 310 M M 6 13 31 320
25 85 66 76 8 0 11 0.00 0.0 M 5.2 12 20 M M 5 1 14 20
26 83 68 76 8 0 11 0.00 0.0 M 7.3 16 110 M M 4 22 100
27 84 77 81 14 0 16 T 0.0 M 9.1 16 140 M M 8 21 140
28 85 78 82 15 0 17 0.00 0.0 M 13.1 24 180 M M 6 31 190
29 84 61 73 6 0 8 0.31 0.0 M 16.4 26 250 M M 5 1 35 250
30 71 51 61 -5 4 0 0.00 0.0 M 8.4 17 20 M M 0 22 20
31 79 54 67 1 0 2 0.00 0.0 M 7.0 13 40 M M 1 16 40
================================================================================
SM 2578 2086 4 331 1.59 0.0 253.8 M 93
================================================================================
AV 83.2 67.3 8.2 FASTST M M 3 MAX(MPH)
MISC ----> 26 250 35 250
================================================================================
NOTES:
# LAST OF SEVERAL OCCURRENCES
COLUMN 17 PEAK WIND IN M.P.H.
PRELIMINARY LOCAL CLIMATOLOGICAL DATA (WS FORM: F-6) , PAGE 2
STATION: APALACHICOLA
MONTH: OCTOBER
YEAR: 2020
LATITUDE: 29 43 N
LONGITUDE: 85 2 W
[TEMPERATURE DATA] [PRECIPITATION DATA] SYMBOLS USED IN COLUMN 16
AVERAGE MONTHLY: 75.2 TOTAL FOR MONTH: 1.59 1 = FOG OR MIST
DPTR FM NORMAL: 4.5 DPTR FM NORMAL: -2.61 2 = FOG REDUCING VISIBILITY
HIGHEST: 89 ON 13 GRTST 24HR 1.02 ON 24-24 TO 1/4 MILE OR LESS
LOWEST: 51 ON 30 3 = THUNDER
SNOW, ICE PELLETS, HAIL 4 = ICE PELLETS
TOTAL MONTH: 0.0 INCH 5 = HAIL
GRTST 24HR 0.0 6 = FREEZING RAIN OR DRIZZLE
GRTST DEPTH: 0 7 = DUSTSTORM OR SANDSTORM:
VSBY 1/2 MILE OR LESS
8 = SMOKE OR HAZE
[NO. OF DAYS WITH] [WEATHER - DAYS WITH] 9 = BLOWING SNOW
X = TORNADO
MAX 32 OR BELOW: 0 0.01 INCH OR MORE: 4
MAX 90 OR ABOVE: 0 0.10 INCH OR MORE: 3
MIN 32 OR BELOW: 0 0.50 INCH OR MORE: 1
MIN 0 OR BELOW: 0 1.00 INCH OR MORE: 1
[HDD (BASE 65) ]
TOTAL THIS MO. 4 CLEAR (SCALE 0-3) 15
DPTR FM NORMAL -23 PTCLDY (SCALE 4-7) 16
TOTAL FM JUL 1 4 CLOUDY (SCALE 8-10) 0
DPTR FM NORMAL -20
[CDD (BASE 65) ]
TOTAL THIS MO. 331
DPTR FM NORMAL 128 [PRESSURE DATA]
TOTAL FM JAN 1 2738 HIGHEST SLP 30.22 ON 17
DPTR FM NORMAL 189 LOWEST SLP 29.80 ON 29
[REMARKS]
#FINAL-10-20#