000
CXUS56 KMFR 011030
CF6AAT
PRELIMINARY LOCAL CLIMATOLOGICAL DATA (WS FORM: F-6)
STATION: ALTURAS CA
MONTH: FEBRUARY
YEAR: 2022
LATITUDE: 41 29 N
LONGITUDE: 120 34 W
TEMPERATURE IN F: :PCPN: SNOW: WIND :SUNSHINE: SKY :PK WND
================================================================================
1 2 3 4 5 6A 6B 7 8 9 10 11 12 13 14 15 16 17 18
12Z AVG MX 2MIN
DY MAX MIN AVG DEP HDD CDD WTR SNW DPTH SPD SPD DIR MIN PSBL S-S WX SPD DR
================================================================================
1 39 11 25 -8 40 0 0.00 M M 4.1 16 300 M M 0 18 20 20
2 41 13 27 -6 38 0 0.00 M M 2.7 12 350 M M 0 18 18 10
3 49 11 30 -3 35 0 0.00 M M 2.2 9 40 M M 1 18 12 60
4 54 10 32 -1 33 0 0.00 M M 3.6 14 160 M M 0 18 20 120
5 55 11 33 -1 32 0 0.00 M M 1.4 7 110 M M 0 18 9 120
6 58 11 35 1 30 0 0.00 M M 2.3 10 150 M M 0 18 15 170
7 61 13 37 3 28 0 0.00 M M 1.2 8 320 M M 0 8 10 60
8 61 14 38 4 27 0 0.00 M M 1.6 8 130 M M 0 18 10 130
9 63 20 42 8 23 0 0.00 M M 3.7 14 30 M M 0 8 23 30
10 64 20 42 8 23 0 0.00 M M 2.2 10 210 M M 0 18 12 190
11 66 13 40 6 25 0 0.00 M M 1.8 9 110 M M 0 18 15 80
12 65 15 40 6 25 0 0.00 M M 2.4 13 150 M M 0 8 21 170
13 65 16 41 7 24 0 0.00 M M 2.3 15 250 M M 0 18 21 240
14 55 23 39 5 26 0 0.21 M M 9.9 30 260 M M 3 18 42 240
15 41 21 31 -4 34 0 0.00 M M 7.4 20 10 M M 4 28 350
16 46 15 31 -4 34 0 0.00 M M 4.8 20 10 M M 2 18 28 340
17 50 15 33 -2 32 0 0.00 M M 2.2 8 80 M M 0 18 11 30
18 58 18 38 3 27 0 0.00 M M 0.8 7 160 M M 0 18 M M
19 62 18 40 5 25 0 0.00 M M 3.2 16 310 M M 0 18 23 300
20 49 20 35 -1 30 0 0.00 M M 7.4 29 310 M M 3 8 41 290
21 36 16 26 -10 39 0 0.12 M M 6.3 17 230 M M 8 12 25 290
22 27 13 20 -16 45 0 0.06 M M 10.9 22 10 M M 7 1 32 10
23 24 5 15 -21 50 0 0.00 M M 4.8 20 360 M M 1 18 30 350
24 39 2 21 -15 44 0 0.00 M M 3.6 17 310 M M 2 18 23 330
25 42 6 24 -12 41 0 0.00 M M 3.1 10 150 M M 0 8 15 140
26 52 16 34 -3 31 0 T M M 7.5 16 170 M M 2 23 160
27 55 28 42 5 23 0 T M M 8.0 21 240 M M 5 18 29 260
28 63 23 43 6 22 0 0.00 M M 5.8 18 240 M M 2 18 27 220
================================================================================
SM 1440 417 886 0 0.39 M 117.2 M 40
================================================================================
AV 51.4 14.9 4.2 FASTST M M 1 MAX(MPH)
MISC ----> 30 260 42 240
================================================================================
NOTES:
# LAST OF SEVERAL OCCURRENCES
COLUMN 17 PEAK WIND IN M.P.H.
PRELIMINARY LOCAL CLIMATOLOGICAL DATA (WS FORM: F-6) , PAGE 2
STATION: ALTURAS CA
MONTH: FEBRUARY
YEAR: 2022
LATITUDE: 41 29 N
LONGITUDE: 120 34 W
[TEMPERATURE DATA] [PRECIPITATION DATA] SYMBOLS USED IN COLUMN 16
AVERAGE MONTHLY: 33.2 TOTAL FOR MONTH: 0.39 1 = FOG OR MIST
DPTR FM NORMAL: -1.6 DPTR FM NORMAL: -0.70 2 = FOG REDUCING VISIBILITY
HIGHEST: 66 ON 11 GRTST 24HR 0.21 ON 14-14 TO 1/4 MILE OR LESS
LOWEST: 2 ON 24 3 = THUNDER
SNOW, ICE PELLETS, HAIL 4 = ICE PELLETS
TOTAL MONTH: M 5 = HAIL
GRTST 24HR M ON M 6 = FREEZING RAIN OR DRIZZLE
GRTST DEPTH: M ON M 7 = DUSTSTORM OR SANDSTORM:
VSBY 1/2 MILE OR LESS
8 = SMOKE OR HAZE
[NO. OF DAYS WITH] [WEATHER - DAYS WITH] 9 = BLOWING SNOW
X = TORNADO
MAX 32 OR BELOW: 2 0.01 INCH OR MORE: 3
MAX 90 OR ABOVE: 0 0.10 INCH OR MORE: 2
MIN 32 OR BELOW: 28 0.50 INCH OR MORE: 0
MIN 0 OR BELOW: 0 1.00 INCH OR MORE: 0
[HDD (BASE 65) ]
TOTAL THIS MO. 886 CLEAR (SCALE 0-3) 24
DPTR FM NORMAL 40 PTCLDY (SCALE 4-7) 3
TOTAL FM JUL 1 4569 CLOUDY (SCALE 8-10) 1
DPTR FM NORMAL -22
[CDD (BASE 65) ]
TOTAL THIS MO. 0
DPTR FM NORMAL 0 [PRESSURE DATA]
TOTAL FM JAN 1 0 HIGHEST SLP 30.65 ON 8
DPTR FM NORMAL 0 LOWEST SLP 29.78 ON 21
[REMARKS]
#FINAL-02-22#