000
CXUS55 KABQ 011248
CF6ABQ
PRELIMINARY LOCAL CLIMATOLOGICAL DATA (WS FORM: F-6)
STATION: ALBUQUERQUE NM
MONTH: MAY
YEAR: 2021
LATITUDE: 35 2 N
LONGITUDE: 106 37 W
TEMPERATURE IN F: :PCPN: SNOW: WIND :SUNSHINE: SKY :PK WND
================================================================================
1 2 3 4 5 6A 6B 7 8 9 10 11 12 13 14 15 16 17 18
12Z AVG MX 2MIN
DY MAX MIN AVG DEP HDD CDD WTR SNW DPTH SPD SPD DIR MIN PSBL S-S WX SPD DR
================================================================================
1 83 49 66 5 0 1 0.00 0.0 0 6.0 20 290 M M 3 32 300
2 83 57 70 9 0 5 0.00 0.0 0 14.3 30 280 M M 3 43 290
3 68 47 58 -3 7 0 0.08 0.0 0 11.4 40 220 M M 5 38 54 240
4 72 43 58 -4 7 0 0.00 0.0 0 7.3 22 80 M M 3 28 90
5 84 50 67 5 0 2 0.00 0.0 0 8.7 24 100 M M 1 36 100
6 83 56 70 8 0 5 0.00 0.0 0 14.7 35 90 M M 2 46 80
7 82 60 71 8 0 6 0.02 0.0 0 12.0 35 320 M M 4 3 44 320
8 80 51 66 3 0 1 0.00 0.0 0 11.5 33 290 M M 4 47 280
9 78 52 65 2 0 0 0.00 0.0 0 9.1 26 270 M M 4 37 200
10 82 53 68 4 0 3 0.00 0.0 0 10.7 28 290 M M 3 39 260
11 79 50 65 1 0 0 0.00 0.0 0 11.9 45 90 M M 3 66 80
12 76 47 62 -2 3 0 0.00 0.0 0 13.8 38 90 M M 2 50 90
13 82 53 68 3 0 3 0.00 0.0 0 8.6 25 70 M M 2 32 90
14 86 62 74 9 0 9 0.00 0.0 0 15.3 37 210 M M 3 78 50 190
15 83 57 70 4 0 5 0.00 0.0 0 8.4 33 220 M M 6 43 220
16 83 60 72 6 0 7 T 0.0 0 10.6 23 170 M M 3 29 160
17 76 55 66 0 0 1 0.00 0.0 0 13.1 35 120 M M 5 43 120
18 63 50 57 -10 8 0 0.08 0.0 0 6.3 24 310 M M 9 1 31 340
19 80 46 63 -4 2 0 0.02 0.0 0 8.5 35 70 M M 4 13 47 70
20 86 53 70 2 0 5 0.00 0.0 0 9.5 31 170 M M 4 37 170
21 79 61 70 2 0 5 0.00 0.0 0 10.7 33 210 M M 8 8 44 170
22 87 56 72 4 0 7 0.00 0.0 0 18.1 41 170 M M 5 8 60 170
23 81 55 68 -1 0 3 0.00 0.0 0 8.4 22 230 M M 1 31 220
24 82 44 63 -6 2 0 0.00 0.0 0 5.4 15 330 M M 1 23 250
25 84 54 69 -1 0 4 0.00 0.0 0 6.1 18 170 M M 2 23 170
26 86 56 71 1 0 6 0.00 0.0 0 9.3 23 200 M M 7 8 32 170
27 86 55 71 1 0 6 0.00 0.0 0 4.0 18 310 M M 3 27 290
28 88 63 76 5 0 11 0.00 0.0 0 13.1 30 90 M M 2 78 41 110
29 89 60 75 4 0 10 0.00 0.0 0 10.9 28 180 M M 4 36 90
30 86 59 73 1 0 8 T 0.0 0 15.4 36 110 M M 5 3 47 90
31 74 51 63 -9 2 0 0.26 0.0 0 16.1 29 330 M M 6 13 50 110
================================================================================
SM 2511 1665 31 113 0.46 0.0 329.2 M 117
================================================================================
AV 81.0 53.7 10.6 FASTST M M 4 MAX(MPH)
MISC ----> 45 90 66 80
================================================================================
NOTES:
# LAST OF SEVERAL OCCURRENCES
COLUMN 17 PEAK WIND IN M.P.H.
PRELIMINARY LOCAL CLIMATOLOGICAL DATA (WS FORM: F-6) , PAGE 2
STATION: ALBUQUERQUE NM
MONTH: MAY
YEAR: 2021
LATITUDE: 35 2 N
LONGITUDE: 106 37 W
[TEMPERATURE DATA] [PRECIPITATION DATA] SYMBOLS USED IN COLUMN 16
AVERAGE MONTHLY: 67.4 TOTAL FOR MONTH: 0.46 1 = FOG OR MIST
DPTR FM NORMAL: 1.3 DPTR FM NORMAL: 0.02 2 = FOG REDUCING VISIBILITY
HIGHEST: 89 ON 29 GRTST 24HR 0.26 ON 30-31 TO 1/4 MILE OR LESS
LOWEST: 43 ON 4 3 = THUNDER
SNOW, ICE PELLETS, HAIL 4 = ICE PELLETS
TOTAL MONTH: 0.0 INCH 5 = HAIL
GRTST 24HR 0.0 6 = FREEZING RAIN OR DRIZZLE
GRTST DEPTH: 0 7 = DUSTSTORM OR SANDSTORM:
VSBY 1/2 MILE OR LESS
8 = SMOKE OR HAZE
[NO. OF DAYS WITH] [WEATHER - DAYS WITH] 9 = BLOWING SNOW
X = TORNADO
MAX 32 OR BELOW: 0 0.01 INCH OR MORE: 5
MAX 90 OR ABOVE: 0 0.10 INCH OR MORE: 1
MIN 32 OR BELOW: 0 0.50 INCH OR MORE: 0
MIN 0 OR BELOW: 0 1.00 INCH OR MORE: 0
[HDD (BASE 65) ]
TOTAL THIS MO. 31 CLEAR (SCALE 0-3) 11
DPTR FM NORMAL -39 PTCLDY (SCALE 4-7) 19
TOTAL FM JUL 1 3933 CLOUDY (SCALE 8-10) 1
DPTR FM NORMAL -62
[CDD (BASE 65) ]
TOTAL THIS MO. 113
DPTR FM NORMAL 8 [PRESSURE DATA]
TOTAL FM JAN 1 114 HIGHEST SLP 30.17 ON 12
DPTR FM NORMAL 2 LOWEST SLP 29.32 ON 2
[REMARKS]
#FINAL-05-21#