000
CXUS52 KTAE 010800
CF6ABY
PRELIMINARY LOCAL CLIMATOLOGICAL DATA (WS FORM: F-6)
STATION: ALBANY
MONTH: JUNE
YEAR: 2022
LATITUDE: 31 31 N
LONGITUDE: 84 11 W
TEMPERATURE IN F: :PCPN: SNOW: WIND :SUNSHINE: SKY :PK WND
================================================================================
1 2 3 4 5 6A 6B 7 8 9 10 11 12 13 14 15 16 17 18
12Z AVG MX 2MIN
DY MAX MIN AVG DEP HDD CDD WTR SNW DPTH SPD SPD DIR MIN PSBL S-S WX SPD DR
================================================================================
1 98 69 84 5 0 19 0.00 0.0 0 3.2 14 70 M M 1 17 70
2 99 70 85 6 0 20 0.00 0.0 M 4.0 10 310 M M 2 14 280
3 99 73 86 7 0 21 T 0.0 M 3.8 18 160 M M 2 3 27 150
4 94 72 83 3 0 18 0.00 0.0 M 7.7 20 90 M M 3 25 40
5 93 73 83 3 0 18 0.00 0.0 0 5.5 13 120 M M 4 16 80
6 96 73 85 5 0 20 T 0.0 0 6.0 23 100 M M 5 29 90
7 97 70 84 4 0 19 0.00 0.0 0 3.5 13 240 M M 2 16 240
8 89 72 81 1 0 16 T 0.0 0 4.0 10 310 M M 1 13 320
9 92 74 83 3 0 18 0.04 0.0 0 6.7 16 290 M M 3 1 22 290
10 92 68 80 0 0 15 0.00 0.0 0 4.2 15 280 M M 3 12 20 280
11 94 71 83 3 0 18 0.00 0.0 0 4.5 13 250 M M 0 18 240
12 96 73 85 4 0 20 0.00 0.0 0 3.9 13 260 M M 2 17 290
13 99 74 87 6 0 22 0.00 0.0 0 4.6 13 210 M M 2 1 16 260
14 99 74 87 6 0 22 2.54 M M 5.7 31 40 M M 4 1238 39 50
15 99 72 86 5 0 21 0.00 M M 4.0 14 350 M M 1 18 18 350
16 99 76 88 7 0 23 0.00 0.0 M 4.9 14 110 M M 2 21 110
17 95 77 86 5 0 21 0.00 0.0 0 4.0 12 280 M M 2 14 280
18 98 77 88 7 0 23 0.00 0.0 M 6.8 16 320 M M 1 22 320
19 95 75 85 4 0 20 0.00 0.0 M 10.7 20 80 M M 1 8 26 70
20 95 73 84 2 0 19 0.00 0.0 0 5.8 13 130 M M 1 17 150
21 97 68 83 1 0 18 0.00 0.0 0 3.2 13 40 M M 0 16 60
22 102 70 86 4 0 21 0.00 0.0 0 3.6 10 240 M M 1 16 10
23 103 75 89 7 0 24 0.00 0.0 0 5.1 16 330 M M 1 25 280
24 100 74 87 5 0 22 0.28 0.0 0 4.6 16 80 M M 1 3 22 10
25 93 74 84 2 0 19 0.12 0.0 0 5.9 15 120 M M 4 1 20 120
26 94 72 83 1 0 18 0.00 0.0 0 5.9 17 70 M M 1 21 80
27 96 69 83 1 0 18 0.00 0.0 0 4.1 17 360 M M 2 22 360
28 99 73 86 4 0 21 0.00 0.0 M 6.4 26 60 M M 2 3 31 70
29 93 73 83 1 0 18 0.53 M M 4.6 21 360 M M 3 13 29 10
30 90 72 81 -1 0 16 0.02 0.0 0 4.4 13 10 M M 5 13 17 10
================================================================================
SM 2885 2176 0 588 3.53 0.0 151.3 M 62
================================================================================
AV 96.2 72.5 5.0 FASTST M M 2 MAX(MPH)
MISC ----> 31 40 39 50
================================================================================
NOTES:
# LAST OF SEVERAL OCCURRENCES
COLUMN 17 PEAK WIND IN M.P.H.
PRELIMINARY LOCAL CLIMATOLOGICAL DATA (WS FORM: F-6) , PAGE 2
STATION: ALBANY
MONTH: JUNE
YEAR: 2022
LATITUDE: 31 31 N
LONGITUDE: 84 11 W
[TEMPERATURE DATA] [PRECIPITATION DATA] SYMBOLS USED IN COLUMN 16
AVERAGE MONTHLY: 84.4 TOTAL FOR MONTH: 3.53 1 = FOG OR MIST
DPTR FM NORMAL: 3.4 DPTR FM NORMAL: -1.53 2 = FOG REDUCING VISIBILITY
HIGHEST: 103 ON 23 GRTST 24HR 2.54 ON 14-14 TO 1/4 MILE OR LESS
LOWEST: 68 ON 21,10 3 = THUNDER
SNOW, ICE PELLETS, HAIL 4 = ICE PELLETS
TOTAL MONTH: 0.0 INCH 5 = HAIL
GRTST 24HR 0.0 6 = FREEZING RAIN OR DRIZZLE
GRTST DEPTH: 0 7 = DUSTSTORM OR SANDSTORM:
VSBY 1/2 MILE OR LESS
8 = SMOKE OR HAZE
[NO. OF DAYS WITH] [WEATHER - DAYS WITH] 9 = BLOWING SNOW
X = TORNADO
MAX 32 OR BELOW: 0 0.01 INCH OR MORE: 6
MAX 90 OR ABOVE: 29 0.10 INCH OR MORE: 4
MIN 32 OR BELOW: 0 0.50 INCH OR MORE: 2
MIN 0 OR BELOW: 0 1.00 INCH OR MORE: 1
[HDD (BASE 65) ]
TOTAL THIS MO. 0 CLEAR (SCALE 0-3) 23
DPTR FM NORMAL 0 PTCLDY (SCALE 4-7) 7
TOTAL FM JUL 1 1140 CLOUDY (SCALE 8-10) 0
DPTR FM NORMAL -544
[CDD (BASE 65) ]
TOTAL THIS MO. 588
DPTR FM NORMAL 111 [PRESSURE DATA]
TOTAL FM JAN 1 1347 HIGHEST SLP 30.24 ON 21
DPTR FM NORMAL 369 LOWEST SLP 29.74 ON 4
[REMARKS]
#FINAL-06-22#