000
CXUS52 KTAE 010800
CF6ABY
PRELIMINARY LOCAL CLIMATOLOGICAL DATA (WS FORM: F-6)
STATION: ALBANY
MONTH: MARCH
YEAR: 2021
LATITUDE: 31 31 N
LONGITUDE: 84 11 W
TEMPERATURE IN F: :PCPN: SNOW: WIND :SUNSHINE: SKY :PK WND
================================================================================
1 2 3 4 5 6A 6B 7 8 9 10 11 12 13 14 15 16 17 18
12Z AVG MX 2MIN
DY MAX MIN AVG DEP HDD CDD WTR SNW DPTH SPD SPD DIR MIN PSBL S-S WX SPD DR
================================================================================
1 76 59 68 12 0 3 0.54 0.0 0 6.5 17 10 M M 10 1 23 340
2 60 48 54 -2 11 0 2.15 M M 6.2 18 100 M M 10 1 23 90
3 65 44 55 -1 10 0 0.17 M M 5.9 16 10 M M 7 18 22 350
4 74 38 56 0 9 0 0.00 0.0 M 2.9 12 10 M M 0 17 30
5 74 41 58 1 7 0 0.00 0.0 M 3.2 13 330 M M 0 16 50
6 69 45 57 0 8 0 T 0.0 M 5.4 16 160 M M 7 18 170
7 69 37 53 -4 12 0 0.00 0.0 M 4.0 15 40 M M 0 20 40
8 71 34 53 -4 12 0 0.00 0.0 M 1.8 12 60 M M 0 14 100
9 74 34 54 -4 11 0 0.00 0.0 M 2.3 13 120 M M 0 19 170
10 77 42 60 2 5 0 0.00 0.0 M 3.9 14 160 M M 0 18 19 180
11 80 46 63 5 2 0 0.00 0.0 M 3.1 14 190 M M 0 17 170
12 83 48 66 8 0 1 0.00 0.0 M 2.7 14 220 M M 0 18 19 270
13 85 52 69 10 0 4 0.00 0.0 M 2.8 10 310 M M 0 18 16 240
14 86 52 69 10 0 4 0.00 0.0 M 3.0 14 270 M M 0 1 19 280
15 81 54 68 9 0 3 0.00 0.0 M 4.9 16 180 M M 3 18 20 180
16 87 62 75 16 0 10 0.02 0.0 M 9.4 25 200 M M 6 1 31 200
17 86 63 75 15 0 10 0.01 0.0 M 8.6 21 170 M M 6 1 26 170
18 84 54 69 9 0 4 0.09 0.0 M 14.1 30 190 M M 4 13 46 200
19 65 50 58 -2 7 0 0.00 0.0 M 9.3 20 300 M M 9 25 320
20 65 50 58 -2 7 0 0.00 0.0 M 11.7 23 60 M M 4 29 60
21 72 49 61 1 4 0 T 0.0 0 11.0 22 40 M M 8 29 60
22 79 53 66 5 0 1 0.00 0.0 0 7.3 18 40 M M 3 25 70
23 79 55 67 6 0 2 0.00 0.0 M 5.2 13 100 M M 1 8 18 90
24 78 61 70 9 0 5 0.05 M M 4.6 18 190 M M 6 18 23 170
25 89 59 74 13 0 9 0.00 M M 12.5 33 180 M M 3 1 40 170
26 90 71 81 19 0 16 T M M 10.0 20 210 M M 8 25 210
27 92 68 80 18 0 15 0.00 0.0 M 7.3 20 220 M M 5 12 24 200
28 87 59 73 11 0 8 0.27 0.0 M 8.8 29 320 M M 5 13 35 330
29 77 53 65 3 0 0 0.00 0.0 M 5.4 14 40 M M 1 22 340
30 82 56 69 7 0 4 T 0.0 M 6.1 15 170 M M 4 8 18 150
31 89 63 76 13 0 11 1.08 0.0 0 7.4 30 340 M M 5 13 36 340
================================================================================
SM 2425 1600 105 110 4.38 0.0 197.3 M 115
================================================================================
AV 78.2 51.6 6.4 FASTST M M 4 MAX(MPH)
MISC ----> 33 180 46 200
================================================================================
NOTES:
# LAST OF SEVERAL OCCURRENCES
COLUMN 17 PEAK WIND IN M.P.H.
PRELIMINARY LOCAL CLIMATOLOGICAL DATA (WS FORM: F-6) , PAGE 2
STATION: ALBANY
MONTH: MARCH
YEAR: 2021
LATITUDE: 31 31 N
LONGITUDE: 84 11 W
[TEMPERATURE DATA] [PRECIPITATION DATA] SYMBOLS USED IN COLUMN 16
AVERAGE MONTHLY: 64.9 TOTAL FOR MONTH: 4.38 1 = FOG OR MIST
DPTR FM NORMAL: 5.7 DPTR FM NORMAL: -0.67 2 = FOG REDUCING VISIBILITY
HIGHEST: 92 ON 27 GRTST 24HR 2.31 ON 2- 3 TO 1/4 MILE OR LESS
LOWEST: 34 ON 9, 8 3 = THUNDER
SNOW, ICE PELLETS, HAIL 4 = ICE PELLETS
TOTAL MONTH: 0.0 INCH 5 = HAIL
GRTST 24HR 0.0 6 = FREEZING RAIN OR DRIZZLE
GRTST DEPTH: 0 7 = DUSTSTORM OR SANDSTORM:
VSBY 1/2 MILE OR LESS
8 = SMOKE OR HAZE
[NO. OF DAYS WITH] [WEATHER - DAYS WITH] 9 = BLOWING SNOW
X = TORNADO
MAX 32 OR BELOW: 0 0.01 INCH OR MORE: 9
MAX 90 OR ABOVE: 2 0.10 INCH OR MORE: 5
MIN 32 OR BELOW: 0 0.50 INCH OR MORE: 3
MIN 0 OR BELOW: 0 1.00 INCH OR MORE: 2
[HDD (BASE 65) ]
TOTAL THIS MO. 105 CLEAR (SCALE 0-3) 15
DPTR FM NORMAL -104 PTCLDY (SCALE 4-7) 12
TOTAL FM JUL 1 1391 CLOUDY (SCALE 8-10) 4
DPTR FM NORMAL -377
[CDD (BASE 65) ]
TOTAL THIS MO. 110
DPTR FM NORMAL 81 [PRESSURE DATA]
TOTAL FM JAN 1 143 HIGHEST SLP 30.60 ON 9
DPTR FM NORMAL 105 LOWEST SLP 29.71 ON 18
[REMARKS]
#FINAL-03-21#