462
CXUS52 KTAE 131457
CF6ABY
PRELIMINARY LOCAL CLIMATOLOGICAL DATA (WS FORM: F-6)
STATION: ALBANY
MONTH: FEBRUARY
YEAR: 2021
LATITUDE: 31 31 N
LONGITUDE: 84 11 W
TEMPERATURE IN F: :PCPN: SNOW: WIND :SUNSHINE: SKY :PK WND
================================================================================
1 2 3 4 5 6A 6B 7 8 9 10 11 12 13 14 15 16 17 18
12Z AVG MX 2MIN
DY MAX MIN AVG DEP HDD CDD WTR SNW DPTH SPD SPD DIR MIN PSBL S-S WX SPD DR
================================================================================
1 59 43 51 1 14 0 T 0.0 0 14.6 23 310 M M 10 37 340
2 54 34 44 -6 21 0 0.00 0.0 0 M M M M M M M M
3 57 30 44 -6 21 0 0.00 0.0 0 5.4 14 330 M M 0 19 330
4 64 29 47 -4 18 0 0.00 0.0 0 5.3 16 180 M M 0 23 180
5 62 46 54 3 11 0 0.19 0.0 0 7.4 18 320 M M 10 1 22 320
6 47 44 46 -5 19 0 0.92 0.0 0 8.1 17 60 M M 10 13 23 60
7 59 39 49 -2 16 0 T 0.0 0 3.9 12 320 M M 6 1 15 30
8 67 34 51 0 14 0 0.00 0.0 0 3.8 14 110 M M 1 1 18 80
9 65 55 60 9 5 0 1.26 0.0 M 4.7 14 160 M M 9 13 17 160
10 72 61 67 15 0 2 0.07 0.0 M 3.4 10 140 M M 10 12 12 180
11 72 64 68 16 0 3 0.43 0.0 0 5.3 15 180 M M 9 12 17 180
12 72 52 62 10 3 0 0.06 0.0 0 5.5 16 60 M M 9 12 20 50
13 52 47 50 -2 15 0 0.65 0.0 0 8.5 15 60 M M 10 1 19 60
14 49 45 47 -5 18 0 0.72 0.0 0 7.9 16 70 M M 10 1 19 70
15 67 47 57 5 8 0 0.09 0.0 0 9.3 22 220 M M 10 13 30 210
16 55 32 44 -9 21 0 0.00 0.0 M 9.2 16 250 M M 6 1 22 260
17 61 30 46 -7 19 0 0.09 0.0 0 6.3 15 100 M M 2 1 19 110
18 63 47 55 2 10 0 1.32 0.0 M 7.2 15 320 M M 10 13 21 330
19 55 37 46 -7 19 0 0.10 0.0 M 7.2 17 330 M M 7 1 20 310
20 61 31 46 -7 19 0 0.00 0.0 M 4.5 13 60 M M 0 1 19 40
21 67 32 50 -4 15 0 0.00 0.0 0 6.4 20 100 M M 3 26 100
22 69 50 60 6 5 0 0.08 0.0 M 5.3 21 290 M M 8 1 25 280
23 74 35 55 1 10 0 0.00 0.0 M 3.3 13 260 M M 0 17 290
24 76 38 57 3 8 0 0.00 0.0 M 2.7 14 210 M M 0 17 220
25 81 45 63 8 2 0 0.00 0.0 0 1.7 10 230 M M 2 18 15 210
26 81 54 68 13 0 3 0.00 0.0 0 3.9 17 170 M M 6 128 20 170
27 86 52 69 14 0 4 0.00 0.0 0 4.0 14 210 M M 5 128 18 230
28 86 57 72 17 0 7 0.00 0.0 0 7.0 20 190 M M 5 128 26 220
================================================================================
SM 1833 1210 311 19 5.98 0.0 161.8 M 158
================================================================================
AV 65.5 43.2 6.0 FASTST M M 6 MAX(MPH)
MISC ----> 23 310 37 340
================================================================================
NOTES:
# LAST OF SEVERAL OCCURRENCES
COLUMN 17 PEAK WIND IN M.P.H.
PRELIMINARY LOCAL CLIMATOLOGICAL DATA (WS FORM: F-6) , PAGE 2
STATION: ALBANY
MONTH: FEBRUARY
YEAR: 2021
LATITUDE: 31 31 N
LONGITUDE: 84 11 W
[TEMPERATURE DATA] [PRECIPITATION DATA] SYMBOLS USED IN COLUMN 16
AVERAGE MONTHLY: 54.3 TOTAL FOR MONTH: 5.98 1 = FOG OR MIST
DPTR FM NORMAL: 1.9 DPTR FM NORMAL: 1.82 2 = FOG REDUCING VISIBILITY
HIGHEST: 86 ON 28,27 GRTST 24HR 1.40 ON 18-19 TO 1/4 MILE OR LESS
LOWEST: 29 ON 4 3 = THUNDER
SNOW, ICE PELLETS, HAIL 4 = ICE PELLETS
TOTAL MONTH: 0.0 INCH 5 = HAIL
GRTST 24HR 0.0 6 = FREEZING RAIN OR DRIZZLE
GRTST DEPTH: 0 7 = DUSTSTORM OR SANDSTORM:
VSBY 1/2 MILE OR LESS
8 = SMOKE OR HAZE
[NO. OF DAYS WITH] [WEATHER - DAYS WITH] 9 = BLOWING SNOW
X = TORNADO
MAX 32 OR BELOW: 0 0.01 INCH OR MORE: 13
MAX 90 OR ABOVE: 0 0.10 INCH OR MORE: 8
MIN 32 OR BELOW: 6 0.50 INCH OR MORE: 5
MIN 0 OR BELOW: 0 1.00 INCH OR MORE: 2
[HDD (BASE 65) ]
TOTAL THIS MO. 311 CLEAR (SCALE 0-3) 9
DPTR FM NORMAL -45 PTCLDY (SCALE 4-7) 6
TOTAL FM JUL 1 1286 CLOUDY (SCALE 8-10) 13
DPTR FM NORMAL -274
[CDD (BASE 65) ]
TOTAL THIS MO. 19
DPTR FM NORMAL 14 [PRESSURE DATA]
TOTAL FM JAN 1 33 HIGHEST SLP 30.47 ON 21
DPTR FM NORMAL 26 LOWEST SLP 29.73 ON 15
[REMARKS]
#FINAL-02-21#