000
CXUS52 KFFC 011110
CF6AHN
PRELIMINARY LOCAL CLIMATOLOGICAL DATA (WS FORM: F-6)
STATION: ATHENS
MONTH: NOVEMBER
YEAR: 2022
LATITUDE: 33 57 N
LONGITUDE: 83 19 W
TEMPERATURE IN F: :PCPN: SNOW: WIND :SUNSHINE: SKY :PK WND
================================================================================
1 2 3 4 5 6A 6B 7 8 9 10 11 12 13 14 15 16 17 18
12Z AVG MX 2MIN
DY MAX MIN AVG DEP HDD CDD WTR SNW DPTH SPD SPD DIR MIN PSBL S-S WX SPD DR
================================================================================
1 76 51 64 6 1 0 0.00 0.0 M 1.2 8 300 M M 2 12 13 300
2 73 54 64 7 1 0 0.00 0.0 M 4.9 14 80 M M 1 18 60
3 75 54 65 8 0 0 0.00 0.0 M 5.7 13 80 M M 4 17 100
4 74 51 63 6 2 0 0.00 0.0 M 6.9 16 80 M M 0 1 21 70
5 78 59 69 13 0 4 0.18 0.0 M 4.6 12 150 M M 8 1 23 130
6 82 66 74 18 0 9 0.00 0.0 M 3.4 10 160 M M 5 1 21 170
7 85 62 74 18 0 9 0.21 0.0 M 2.1 17 40 M M 8 12 25 40
8 79 56 68 13 0 3 0.00 0.0 M 9.1 18 60 M M 1 24 50
9 68 48 58 3 7 0 0.00 0.0 M 11.8 20 70 M M 2 30 70
10 64 57 61 6 4 0 0.28 0.0 M 14.9 23 60 M M 9 1 33 70
11 69 62 66 12 0 1 1.75 0.0 M 8.0 21 60 M M 8 1 34 70
12 72 43 58 4 7 0 T M M 6.1 17 290 M M 5 12 29 270
13 55 36 46 -8 19 0 0.00 0.0 M 7.4 16 310 M M 0 28 300
14 53 31 42 -12 23 0 0.00 0.0 M 9.7 17 70 M M 2 23 40
15 47 42 45 -8 20 0 0.41 M M 6.9 16 80 M M 10 1 24 100
16 54 38 46 -7 19 0 0.00 0.0 M 5.9 15 290 M M 1 1 23 300
17 51 29 40 -13 25 0 0.00 0.0 M 4.6 10 300 M M 0 18 290
18 56 29 43 -9 22 0 0.00 0.0 M 3.5 8 310 M M 0 13 260
19 56 32 44 -8 21 0 0.00 0.0 M 4.5 15 300 M M 0 23 290
20 49 28 39 -13 26 0 0.00 0.0 M 4.4 13 300 M M 0 21 260
21 57 24 41 -11 24 0 0.00 0.0 M 2.9 13 70 M M 0 18 80
22 63 34 49 -2 16 0 0.00 0.0 M 1.5 8 310 M M 4 12 290
23 69 35 52 1 13 0 0.00 0.0 M 3.1 8 70 M M 1 12 70
24 61 47 54 3 11 0 0.01 M M 7.9 17 60 M M 9 18 24 60
25 66 48 57 6 8 0 0.17 0.0 M 2.3 8 90 M M 7 12 12 300
26 66 44 55 5 10 0 0.01 M M 5.7 14 100 M M 4 12 18 100
27 70 52 61 11 4 0 1.31 0.0 M 7.9 18 240 M M 6 123 34 250
28 65 44 55 5 10 0 0.00 0.0 M 5.6 14 290 M M 1 23 270
29 68 37 53 3 12 0 0.21 M M 4.7 12 70 M M 3 1 18 120
30 66 41 54 4 11 0 1.43 M M 8.1 18 290 M M 6 13 32 290
================================================================================
SM 1967 1334 316 26 5.97 0.0 175.3 M 107
================================================================================
AV 65.6 44.5 5.8 FASTST M M 4 MAX(MPH)
MISC ----> 23 60 # 34 70
================================================================================
NOTES:
# LAST OF SEVERAL OCCURRENCES
COLUMN 17 PEAK WIND IN M.P.H.
PRELIMINARY LOCAL CLIMATOLOGICAL DATA (WS FORM: F-6) , PAGE 2
STATION: ATHENS
MONTH: NOVEMBER
YEAR: 2022
LATITUDE: 33 57 N
LONGITUDE: 83 19 W
[TEMPERATURE DATA] [PRECIPITATION DATA] SYMBOLS USED IN COLUMN 16
AVERAGE MONTHLY: 55.0 TOTAL FOR MONTH: 5.97 1 = FOG OR MIST
DPTR FM NORMAL: 1.7 DPTR FM NORMAL: 2.20 2 = FOG REDUCING VISIBILITY
HIGHEST: 85 ON 7 GRTST 24HR 1.98 ON 10-11 TO 1/4 MILE OR LESS
LOWEST: 24 ON 21 3 = THUNDER
SNOW, ICE PELLETS, HAIL 4 = ICE PELLETS
TOTAL MONTH: 0.0 INCH 5 = HAIL
GRTST 24HR 0.0 6 = FREEZING RAIN OR DRIZZLE
GRTST DEPTH: M ON M 7 = DUSTSTORM OR SANDSTORM:
VSBY 1/2 MILE OR LESS
8 = SMOKE OR HAZE
[NO. OF DAYS WITH] [WEATHER - DAYS WITH] 9 = BLOWING SNOW
X = TORNADO
MAX 32 OR BELOW: 0 0.01 INCH OR MORE: 11
MAX 90 OR ABOVE: 0 0.10 INCH OR MORE: 9
MIN 32 OR BELOW: 6 0.50 INCH OR MORE: 3
MIN 0 OR BELOW: 0 1.00 INCH OR MORE: 3
[HDD (BASE 65) ]
TOTAL THIS MO. 316 CLEAR (SCALE 0-3) 16
DPTR FM NORMAL -45 PTCLDY (SCALE 4-7) 10
TOTAL FM JUL 1 467 CLOUDY (SCALE 8-10) 4
DPTR FM NORMAL -17
[CDD (BASE 65) ]
TOTAL THIS MO. 26
DPTR FM NORMAL 17 [PRESSURE DATA]
TOTAL FM JAN 1 2022 HIGHEST SLP 30.50 ON 21
DPTR FM NORMAL 69 LOWEST SLP 29.56 ON 11
[REMARKS]
#FINAL-11-22#