000
CXUS52 KFFC 011010
CF6AHN
PRELIMINARY LOCAL CLIMATOLOGICAL DATA (WS FORM: F-6)
STATION: ATHENS
MONTH: MAY
YEAR: 2022
LATITUDE: 33 57 N
LONGITUDE: 83 19 W
TEMPERATURE IN F: :PCPN: SNOW: WIND :SUNSHINE: SKY :PK WND
================================================================================
1 2 3 4 5 6A 6B 7 8 9 10 11 12 13 14 15 16 17 18
12Z AVG MX 2MIN
DY MAX MIN AVG DEP HDD CDD WTR SNW DPTH SPD SPD DIR MIN PSBL S-S WX SPD DR
================================================================================
1 83 62 73 7 0 8 0.00 0.0 M 3.9 10 260 M M 3 3 19 230
2 90 61 76 9 0 11 0.00 0.0 M 2.7 10 240 M M 1 1 16 250
3 89 61 75 8 0 10 0.00 0.0 M 3.1 10 240 M M 1 20 240
4 89 66 78 11 0 13 0.01 0.0 M 6.1 14 300 M M 2 1 23 300
5 90 62 76 9 0 11 0.00 0.0 M 3.1 9 260 M M 1 18 17 240
6 84 68 76 8 0 11 T 0.0 M 6.7 20 250 M M 4 8 43 270
7 72 57 65 -3 0 0 0.00 0.0 M 9.9 18 290 M M 6 32 300
8 72 54 63 -5 2 0 0.00 0.0 M 7.3 17 70 M M 8 26 80
9 75 52 64 -4 1 0 0.00 0.0 M 6.8 16 80 M M 5 25 80
10 84 51 68 -1 0 3 0.00 0.0 M 4.3 10 70 M M 0 17 30
11 85 56 71 2 0 6 0.00 0.0 M 5.2 12 40 M M 0 17 50
12 87 59 73 4 0 8 0.00 0.0 M 8.7 18 70 M M 1 26 60
13 82 61 72 2 0 7 0.06 0.0 M 7.5 15 80 M M 7 1 23 110
14 85 59 72 2 0 7 0.00 0.0 M 1.7 8 60 M M 5 12 13 230
15 87 61 74 4 0 9 T 0.0 M 1.9 8 180 M M 3 15 260
16 90 61 76 6 0 11 0.00 0.0 M 5.9 15 300 M M 1 18 25 290
17 86 56 71 0 0 6 0.00 0.0 M 2.3 13 100 M M 0 17 90
18 91 56 74 3 0 9 0.00 0.0 M 2.4 10 240 M M 0 16 240
19 95 63 79 8 0 14 0.00 0.0 M 4.2 13 260 M M 1 23 250
20 93 68 81 9 0 16 0.00 0.0 M 3.4 12 210 M M 0 23 170
21 93 67 80 8 0 15 0.00 0.0 M 3.4 9 180 M M 3 18 180
22 91 67 79 7 0 14 T 0.0 M 3.3 9 260 M M 3 17 250
23 81 67 74 2 0 9 0.81 0.0 M 5.3 17 270 M M 6 18 30 220
24 87 66 77 4 0 12 0.13 0.0 M 3.2 13 180 M M 2 1 23 170
25 75 63 69 -4 0 4 0.13 0.0 M 10.6 16 70 M M 8 1 22 90
26 78 67 73 0 0 8 0.79 0.0 M 4.6 12 100 M M 10 13 18 150
27 84 66 75 2 0 10 0.18 0.0 M 5.7 16 280 M M 6 1 27 270
28 85 58 72 -2 0 7 0.00 0.0 M 3.2 9 320 M M 0 14 330
29 88 61 75 1 0 10 0.00 0.0 M 2.8 9 100 M M 2 14 100
30 89 66 78 4 0 13 0.06 0.0 M 4.4 13 90 M M 5 13 20 170
31 89 64 77 3 0 12 0.00 0.0 M 2.0 6 130 M M 3 1 10 110
================================================================================
SM 2649 1906 3 274 2.17 0.0 145.6 M 97
================================================================================
AV 85.5 61.5 4.7 FASTST M M 3 MAX(MPH)
MISC ----> 20 250 43 270
================================================================================
NOTES:
# LAST OF SEVERAL OCCURRENCES
COLUMN 17 PEAK WIND IN M.P.H.
PRELIMINARY LOCAL CLIMATOLOGICAL DATA (WS FORM: F-6) , PAGE 2
STATION: ATHENS
MONTH: MAY
YEAR: 2022
LATITUDE: 33 57 N
LONGITUDE: 83 19 W
[TEMPERATURE DATA] [PRECIPITATION DATA] SYMBOLS USED IN COLUMN 16
AVERAGE MONTHLY: 73.5 TOTAL FOR MONTH: 2.17 1 = FOG OR MIST
DPTR FM NORMAL: 3.0 DPTR FM NORMAL: -1.11 2 = FOG REDUCING VISIBILITY
HIGHEST: 95 ON 19 GRTST 24HR 0.95 ON 26-27 TO 1/4 MILE OR LESS
LOWEST: 51 ON 10 3 = THUNDER
SNOW, ICE PELLETS, HAIL 4 = ICE PELLETS
TOTAL MONTH: 0.0 INCH 5 = HAIL
GRTST 24HR 0.0 6 = FREEZING RAIN OR DRIZZLE
GRTST DEPTH: M ON M 7 = DUSTSTORM OR SANDSTORM:
VSBY 1/2 MILE OR LESS
8 = SMOKE OR HAZE
[NO. OF DAYS WITH] [WEATHER - DAYS WITH] 9 = BLOWING SNOW
X = TORNADO
MAX 32 OR BELOW: 0 0.01 INCH OR MORE: 8
MAX 90 OR ABOVE: 8 0.10 INCH OR MORE: 5
MIN 32 OR BELOW: 0 0.50 INCH OR MORE: 2
MIN 0 OR BELOW: 0 1.00 INCH OR MORE: 0
[HDD (BASE 65) ]
TOTAL THIS MO. 3 CLEAR (SCALE 0-3) 20
DPTR FM NORMAL -23 PTCLDY (SCALE 4-7) 9
TOTAL FM JUL 1 2141 CLOUDY (SCALE 8-10) 2
DPTR FM NORMAL -526
[CDD (BASE 65) ]
TOTAL THIS MO. 274
DPTR FM NORMAL 79 [PRESSURE DATA]
TOTAL FM JAN 1 333 HIGHEST SLP 30.31 ON 10
DPTR FM NORMAL 70 LOWEST SLP 29.60 ON 6
[REMARKS]
#FINAL-05-22#