000
CXUS52 KFFC 011447
CLMAHN
CLIMATE REPORT
NATIONAL WEATHER SERVICE PEACHTREE CITY GA
1047 AM EDT SUN OCT 01 2023
...................................
...THE ATHENS CLIMATE SUMMARY FOR THE MONTH OF SEPTEMBER 2023...
CLIMATE NORMAL PERIOD: 1991 TO 2020
CLIMATE RECORD PERIOD: 1898 TO 2023
WEATHER OBSERVED NORMAL DEPART LAST YEAR`S
VALUE DATE(S) VALUE FROM VALUE DATE(S)
NORMAL
................................................................
TEMPERATURE (F)
RECORD
HIGH 108 09/08/1925
LOW 30 09/24/1928
HIGHEST 95 09/07 MM MM 95 09/22
LOWEST 55 09/19 MM MM 43 09/28
AVG. MAXIMUM 85.8 84.6 1.2 84.2
AVG. MINIMUM 61.6 63.3 -1.7 61.8
MEAN 73.7 73.9 -0.2 73.0
DAYS MAX >= 90 6 7.2 -1.2 6
DAYS MAX <= 32 0 0.0 0.0 0
DAYS MIN <= 32 0 0.0 0.0 0
DAYS MIN <= 0 0 0.0 0.0 0
PRECIPITATION (INCHES)
RECORD
MAXIMUM 11.84 2004
MINIMUM 0.17 2005
TOTALS 0.18 3.89 -3.71 2.64
DAILY AVG. 0.01 0.13 -0.12 0.09
GREATEST
24 HR. TOTAL 0.16 09/16 TO 09/17 0.96 09/04 TO 09/05
DEGREE DAYS
HEATING TOTAL 0 7 -7 9
SINCE 7/1 0 4 -4 MM
COOLING TOTAL 270 275 -5 260
SINCE 1/1 1730 1875 -145 MM
................................................................
WIND (MPH)
AVERAGE WIND SPEED 3.8
HIGHEST WIND SPEED/DIRECTION 20/060 DATE 09/22
HIGHEST GUST SPEED/DIRECTION 30/320 DATE 09/12
SKY COVER
POSSIBLE SUNSHINE (PERCENT) MM
AVERAGE SKY COVER 0.26
NUMBER OF DAYS FAIR 20
NUMBER OF DAYS PC 7
NUMBER OF DAYS CLOUDY 3
AVERAGE RH (PERCENT) 70
WEATHER CONDITIONS. NUMBER OF DAYS WITH
THUNDERSTORM 3 MIXED PRECIP 0
HEAVY RAIN 1 RAIN 2
LIGHT RAIN 4 FREEZING RAIN 0
LT FREEZING RAIN 0 HAIL 0
HEAVY SNOW 0 SNOW 0
LIGHT SNOW 0 SLEET 0
FOG 12 FOG W/VIS <= 1/4 MILE 0
HAZE 1
- INDICATES NEGATIVE NUMBERS.
R INDICATES RECORD WAS SET OR TIED.
MM INDICATES DATA IS MISSING.
T INDICATES TRACE AMOUNT.
$$