000
CXAK56 PAJK 011410
CF6AJN
PRELIMINARY LOCAL CLIMATOLOGICAL DATA (WS FORM: F-6)
STATION: JUNEAU
MONTH: FEBRUARY
YEAR: 2022
LATITUDE: 58 22 N
LONGITUDE: 134 35 W
TEMPERATURE IN F: :PCPN: SNOW: WIND :SUNSHINE: SKY :PK WND
================================================================================
1 2 3 4 5 6A 6B 7 8 9 10 11 12 13 14 15 16 17 18
12Z AVG MX 2MIN
DY MAX MIN AVG DEP HDD CDD WTR SNW DPTH SPD SPD DIR MIN PSBL S-S WX SPD DR
================================================================================
1 25 12 19 -10 46 0 0.10 2.6 1 4.9 20 130 M M 6 1 24 130
2 28 22 25 -4 40 0 0.46 4.8 6 2.3 12 90 M M 10 16 15 80
3 37 26 32 2 33 0 1.11 6.9 7 3.3 12 270 M M 10 146 15 30
4 37 29 33 3 32 0 0.65 2.7 13 4.6 15 240 M M 10 146 18 230
5 40 35 38 8 27 0 1.62 0.0 14 22.1 41 120 M M 10 1 53 110
6 43 38 41 11 24 0 0.57 0.0 6 17.6 36 120 M M 10 1 46 120
7 42 35 39 9 26 0 0.50 T T 14.0 41 110 M M 10 14 51 110
8 44 38 41 11 24 0 0.60 0.0 T 19.6 39 110 M M 10 1 48 110
9 48 39 44 14 21 0 0.76 T 0 13.8 31 120 M M 10 14 39 120
10 39 30 35 5 30 0 0.02 T 0 6.4 24 250 M M 8 45 29 260
11 39 32 36 6 29 0 1.01 1.3 T 15.0 25 120 M M 10 31 120
12 43 33 38 8 27 0 0.65 0.0 0 7.2 24 110 M M 9 2 30 110
13 37 30 34 4 31 0 0.00 0.0 0 0.6 6 250 M M 9 12 7 250
14 38 25 32 2 33 0 0.01 T 0 3.6 15 90 M M 8 14 18 90
15 39 35 37 7 28 0 0.08 T 0 8.6 16 90 M M 10 1 19 110
16 41 37 39 9 26 0 0.45 0.0 0 9.8 23 110 M M 10 1 27 110
17 42 37 40 10 25 0 0.03 0.0 0 4.1 12 70 M M 10 1 16 60
18 43 39 41 11 24 0 0.75 0.0 0 10.5 23 110 M M 10 1 30 110
19 41 34 38 8 27 0 0.08 0.0 0 3.1 9 40 M M 10 12 12 30
20 38 25 32 2 33 0 T T 0 9.5 25 90 M M 6 1 31 80
21 30 18 24 -6 41 0 0.00 0.0 0 7.5 17 140 M M 3 22 140
22 31 18 25 -5 40 0 0.08 1.2 0 11.4 21 120 M M 8 1 25 120
23 38 20 29 -2 36 0 0.08 2.4 3 3.2 18 120 M M 5 1 23 120
24 36 19 28 -3 37 0 0.00 0.0 3 2.2 13 100 M M 9 1 15 110
25 38 30 34 3 31 0 0.56 T 2 12.3 22 100 M M 10 1 24 100
26 39 35 37 6 28 0 0.20 0.0 T 1.2 12 80 M M 10 1 15 80
27 45 35 40 9 25 0 0.15 0.0 0 13.0 24 120 M M 10 1 33 120
28 42 34 38 7 27 0 0.01 0.0 0 3.6 17 130 M M 9 12 22 130
================================================================================
SM 1083 840 851 0 10.53 21.9 235.0 M 250
================================================================================
AV 38.7 30.0 8.4 FASTST M M 9 MAX(MPH)
MISC ----> # 41 120 53 110
================================================================================
NOTES:
# LAST OF SEVERAL OCCURRENCES
COLUMN 17 PEAK WIND IN M.P.H.
PRELIMINARY LOCAL CLIMATOLOGICAL DATA (WS FORM: F-6) , PAGE 2
STATION: JUNEAU
MONTH: FEBRUARY
YEAR: 2022
LATITUDE: 58 22 N
LONGITUDE: 134 35 W
[TEMPERATURE DATA] [PRECIPITATION DATA] SYMBOLS USED IN COLUMN 16
AVERAGE MONTHLY: 34.3 TOTAL FOR MONTH: 10.53 1 = FOG OR MIST
DPTR FM NORMAL: 4.2 DPTR FM NORMAL: 6.22 2 = FOG REDUCING VISIBILITY
HIGHEST: 48 ON 9 GRTST 24HR 1.71 ON 5- 6 TO 1/4 MILE OR LESS
LOWEST: 12 ON 1 3 = THUNDER
SNOW, ICE PELLETS, HAIL 4 = ICE PELLETS
TOTAL MONTH: 21.9 INCHES 5 = HAIL
GRTST 24HR 6.9 ON 3- 3 6 = FREEZING RAIN OR DRIZZLE
GRTST DEPTH: 14 ON 5 7 = DUSTSTORM OR SANDSTORM:
VSBY 1/2 MILE OR LESS
8 = SMOKE OR HAZE
[NO. OF DAYS WITH] [WEATHER - DAYS WITH] 9 = BLOWING SNOW
X = TORNADO
MAX 32 OR BELOW: 4 0.01 INCH OR MORE: 24
MAX 90 OR ABOVE: 0 0.10 INCH OR MORE: 16
MIN 32 OR BELOW: 14 0.50 INCH OR MORE: 11
MIN 0 OR BELOW: 0 1.00 INCH OR MORE: 3
[HDD (BASE 65) ]
TOTAL THIS MO. 851 CLEAR (SCALE 0-3) 1
DPTR FM NORMAL -125 PTCLDY (SCALE 4-7) 4
TOTAL FM JUL 1 5784 CLOUDY (SCALE 8-10) 23
DPTR FM NORMAL -20
[CDD (BASE 65) ]
TOTAL THIS MO. 0
DPTR FM NORMAL 0 [PRESSURE DATA]
TOTAL FM JAN 1 0 HIGHEST SLP M ON M
DPTR FM NORMAL 0 LOWEST SLP 29.27 ON 4
[REMARKS]
#FINAL-02-22#