000
CXUS54 KCRP 011310
CF6ALI
PRELIMINARY LOCAL CLIMATOLOGICAL DATA (WS FORM: F-6)
STATION: ALICE
MONTH: NOVEMBER
YEAR: 2021
LATITUDE: 27 44 N
LONGITUDE: 98 1 W
TEMPERATURE IN F: :PCPN: SNOW: WIND :SUNSHINE: SKY :PK WND
================================================================================
1 2 3 4 5 6A 6B 7 8 9 10 11 12 13 14 15 16 17 18
12Z AVG MX 2MIN
DY MAX MIN AVG DEP HDD CDD WTR SNW DPTH SPD SPD DIR MIN PSBL S-S WX SPD DR
================================================================================
1 87 57 72 2 0 7 0.00 0.0 0 7.3 18 140 M M 0 24 80
2 87 56 72 3 0 7 0.00 0.0 0 7.0 17 120 M M 1 1 25 130
3 85 58 72 3 0 7 T 0.0 0 8.4 22 30 M M 5 26 30
4 63 51 57 -12 8 0 M 0.0 0 12.2 21 350 M M 9 1 27 350
5 71 48 60 -8 5 0 0.00 0.0 0 5.6 13 20 M M 4 18 30
6 76 45 61 -7 4 0 0.00 0.0 0 4.2 10 60 M M 0 12 50
7 81 47 64 -4 1 0 0.00 0.0 0 5.4 12 120 M M 0 1 15 120
8 84 52 68 1 0 3 0.00 0.0 0 5.7 17 120 M M 2 1 22 130
9 83 54 69 2 0 4 0.00 0.0 0 4.6 15 130 M M 3 1 18 130
10 87 62 75 8 0 10 0.00 0.0 0 8.5 21 170 M M 4 27 160
11 87 59 73 7 0 8 0.00 0.0 0 6.6 15 350 M M 4 12 19 340
12 88 57 73 7 0 8 0.00 0.0 0 5.0 21 40 M M 4 27 50
13 76 52 64 -2 1 0 0.00 0.0 0 7.8 15 60 M M 1 20 50
14 85 48 67 1 0 2 0.00 0.0 0 6.9 18 140 M M 0 22 140
15 87 52 70 5 0 5 0.00 0.0 0 7.2 17 140 M M 0 1 22 150
16 86 57 72 7 0 7 0.00 0.0 0 11.1 22 180 M M 0 12 30 190
17 89 58 74 9 0 9 0.00 0.0 0 10.2 22 140 M M 0 27 170
18 72 53 63 -1 2 0 T 0.0 0 10.8 24 30 M M 9 13 31 20
19 72 50 61 -3 4 0 M 0.0 0 6.4 13 360 M M 5 17 40
20 82 50 66 2 0 1 0.00 0.0 0 4.8 14 140 M M 8 18 130
21 87 59 73 9 0 8 M 0.0 0 6.9 18 360 M M 6 128 24 60
22 77 52 65 1 0 0 0.00 0.0 0 10.3 21 10 M M 4 29 20
23 78 43 61 -2 4 0 0.00 0.0 0 5.5 14 140 M M 0 17 140
24 83 52 68 5 0 3 T 0.0 0 10.4 23 140 M M 6 1 31 150
25 79 55 67 4 0 2 M 0.0 0 8.1 30 360 M M 8 13 37 40
26 66 51 59 -4 6 0 0.00 0.0 0 8.6 17 30 M M 4 22 30
27 55 50 53 -9 12 0 T 0.0 0 6.1 13 360 M M 10 1 16 340
28 71 48 60 -2 5 0 0.00 0.0 0 7.8 17 10 M M 4 1 23 10
29 75 40 58 -4 7 0 0.00 0.0 0 4.0 8 140 M M 0 12 12 140
30 79 42 61 -1 4 0 0.00 0.0 0 5.6 15 160 M M 2 12 19 180
================================================================================
SM 2378 1558 63 91 T 0.0 219.0 M 103
================================================================================
AV 79.3 51.9 7.3 FASTST M M 3 MAX(MPH)
MISC ----> 30 360 37 40
================================================================================
NOTES:
# LAST OF SEVERAL OCCURRENCES
COLUMN 17 PEAK WIND IN M.P.H.
PRELIMINARY LOCAL CLIMATOLOGICAL DATA (WS FORM: F-6) , PAGE 2
STATION: ALICE
MONTH: NOVEMBER
YEAR: 2021
LATITUDE: 27 44 N
LONGITUDE: 98 1 W
[TEMPERATURE DATA] [PRECIPITATION DATA] SYMBOLS USED IN COLUMN 16
AVERAGE MONTHLY: 65.6 TOTAL FOR MONTH: T 1 = FOG OR MIST
DPTR FM NORMAL: 0.3 DPTR FM NORMAL: -1.58 2 = FOG REDUCING VISIBILITY
HIGHEST: 89 ON 17 GRTST 24HR T ON 3- 3 TO 1/4 MILE OR LESS
LOWEST: 40 ON 29 3 = THUNDER
SNOW, ICE PELLETS, HAIL 4 = ICE PELLETS
TOTAL MONTH: 0.0 INCH 5 = HAIL
GRTST 24HR 0.0 6 = FREEZING RAIN OR DRIZZLE
GRTST DEPTH: 0 7 = DUSTSTORM OR SANDSTORM:
VSBY 1/2 MILE OR LESS
8 = SMOKE OR HAZE
[NO. OF DAYS WITH] [WEATHER - DAYS WITH] 9 = BLOWING SNOW
X = TORNADO
MAX 32 OR BELOW: 0 0.01 INCH OR MORE: 0
MAX 90 OR ABOVE: 0 0.10 INCH OR MORE: 0
MIN 32 OR BELOW: 0 0.50 INCH OR MORE: 0
MIN 0 OR BELOW: 0 1.00 INCH OR MORE: 0
[HDD (BASE 65) ]
TOTAL THIS MO. 63 CLEAR (SCALE 0-3) 13
DPTR FM NORMAL -36 PTCLDY (SCALE 4-7) 13
TOTAL FM JUL 1 63 CLOUDY (SCALE 8-10) 4
DPTR FM NORMAL -47
[CDD (BASE 65) ]
TOTAL THIS MO. 91
DPTR FM NORMAL -19 [PRESSURE DATA]
TOTAL FM JAN 1 3777 HIGHEST SLP 30.42 ON 19
DPTR FM NORMAL 61 LOWEST SLP 29.80 ON 10
[REMARKS]
#FINAL-11-21#