000
CXUS54 KEPZ 011030
CF6ALM
PRELIMINARY LOCAL CLIMATOLOGICAL DATA (WS FORM: F-6)
STATION: ALAMOGORDO
MONTH: SEPTEMBER
YEAR: 2023
LATITUDE: 32 49 N
LONGITUDE: 106 0 W
TEMPERATURE IN F: :PCPN: SNOW: WIND :SUNSHINE: SKY :PK WND
================================================================================
1 2 3 4 5 6A 6B 7 8 9 10 11 12 13 14 15 16 17 18
12Z AVG MX 2MIN
DY MAX MIN AVG DEP HDD CDD WTR SNW DPTH SPD SPD DIR MIN PSBL S-S WX SPD DR
================================================================================
1 97 63 80 M 0 15 0.00 M M 8.1 16 160 M M 1 22 190
2 95 63 79 M 0 14 0.00 M M 5.0 10 170 M M 0 18 170
3 95 64 80 M 0 15 0.00 M M 4.4 9 240 M M 1 15 240
4 97 68 83 M 0 18 0.00 M M 7.8 15 230 M M 0 25 230
5 95 61 78 M 0 13 0.00 M M 4.3 9 70 M M 0 16 99
6 99 55 77 M 0 12 0.00 M M 4.5 8 60 M M 0 15 200
7 100 66 83 M 0 18 0.00 M M 7.0 14 20 M M 1 24 0
8 102 68 85 M 0 20 0.00 M M 6.4 16 340 M M 0 21 340
9 99 64 82 M 0 17 0.00 M M 7.1 22 170 M M 1 25 170
10 97 70 84 M 0 19 0.00 M M 7.5 15 350 M M 2 28 280
11 97 70 84 M 0 19 0.03 M M 9.1 23 360 M M 5 8 36 360
12 75 64 70 M 0 5 0.11 M M 5.8 13 10 M M 7 1 18 10
13 75 61 68 M 0 3 0.47 M M 5.6 16 140 M M 4 1 25 0
14 84 55 70 M 0 5 0.07 M M 5.9 33 300 M M 1 44 300
15 88 55 72 M 0 7 0.00 M M 2.6 8 310 M M 1 14 0
16 84 55 70 M 0 5 0.00 M M 5.9 12 210 M M 1 18 210
17 84 59 72 M 0 7 0.00 M M 4.3 12 340 M M 3 12 0
18 88 59 74 M 0 9 0.00 M M 4.3 9 70 M M 2 14 270
19 90 61 76 M 0 11 0.00 M M 5.2 14 260 M M 1 21 250
20 90 54 72 M 0 7 0.04 M M 5.0 16 10 M M 2 22 360
21 82 63 73 M 0 8 0.19 M M 6.4 15 330 M M 4 13 21 90
22 90 66 78 M 0 13 0.00 M M 4.7 9 240 M M 1 16 240
23 91 59 75 M 0 10 0.00 M M 4.7 13 240 M M 0 15 170
24 88 55 72 M 0 7 0.00 M M 5.9 14 280 M M 1 17 260
25 91 54 73 M 0 8 0.00 M M 5.1 17 190 M M 1 27 190
26 90 61 76 M 0 11 0.00 M M 6.6 22 190 M M 2 23 190
27 90 57 74 M 0 9 0.00 M M 5.0 8 160 M M 1 14 99
28 91 63 77 M 0 12 0.00 M M 4.4 10 160 M M 1 13 360
29 91 61 76 M 0 11 0.01 M M 5.1 14 280 M M 2 3 22 280
30 91 66 79 M 0 14 0.03 M M 14.4 32 140 M M 3 8 47 140
================================================================================
SM 2726 1840 0 342 0.95 M 178.1 M 49
================================================================================
AV 90.9 61.3 5.9 FASTST M M 2 MAX(MPH)
MISC ----> 33 300 47 140
================================================================================
NOTES:
# LAST OF SEVERAL OCCURRENCES
COLUMN 17 PEAK WIND IN M.P.H.
PRELIMINARY LOCAL CLIMATOLOGICAL DATA (WS FORM: F-6) , PAGE 2
STATION: ALAMOGORDO
MONTH: SEPTEMBER
YEAR: 2023
LATITUDE: 32 49 N
LONGITUDE: 106 0 W
[TEMPERATURE DATA] [PRECIPITATION DATA] SYMBOLS USED IN COLUMN 16
AVERAGE MONTHLY: 76.1 TOTAL FOR MONTH: 0.95 1 = FOG OR MIST
DPTR FM NORMAL: 0.0 DPTR FM NORMAL: M 2 = FOG REDUCING VISIBILITY
HIGHEST: 102 ON 8 GRTST 24HR 0.47 ON 13-13 TO 1/4 MILE OR LESS
LOWEST: 54 ON 25,20 3 = THUNDER
SNOW, ICE PELLETS, HAIL 4 = ICE PELLETS
TOTAL MONTH: M 5 = HAIL
GRTST 24HR M ON M 6 = FREEZING RAIN OR DRIZZLE
GRTST DEPTH: M ON M 7 = DUSTSTORM OR SANDSTORM:
VSBY 1/2 MILE OR LESS
8 = SMOKE OR HAZE
[NO. OF DAYS WITH] [WEATHER - DAYS WITH] 9 = BLOWING SNOW
X = TORNADO
MAX 32 OR BELOW: 0 0.01 INCH OR MORE: 8
MAX 90 OR ABOVE: 21 0.10 INCH OR MORE: 3
MIN 32 OR BELOW: 0 0.50 INCH OR MORE: 0
MIN 0 OR BELOW: 0 1.00 INCH OR MORE: 0
[HDD (BASE 65) ]
TOTAL THIS MO. 0 CLEAR (SCALE 0-3) 26
DPTR FM NORMAL M PTCLDY (SCALE 4-7) 4
TOTAL FM JUL 1 0 CLOUDY (SCALE 8-10) 0
DPTR FM NORMAL M
[CDD (BASE 65) ]
TOTAL THIS MO. 342
DPTR FM NORMAL M [PRESSURE DATA]
TOTAL FM JAN 1 2081 HIGHEST SLP M ON M
DPTR FM NORMAL M LOWEST SLP M ON M
[REMARKS]
#FINAL-09-23#