000
CXUS53 KDMX 010810
CF6ALO
PRELIMINARY LOCAL CLIMATOLOGICAL DATA (WS FORM: F-6)
STATION: WATERLOO IA
MONTH: APRIL
YEAR: 2021
LATITUDE: 42 32 N
LONGITUDE: 92 24 W
TEMPERATURE IN F: :PCPN: SNOW: WIND :SUNSHINE: SKY :PK WND
================================================================================
1 2 3 4 5 6A 6B 7 8 9 10 11 12 13 14 15 16 17 18
12Z AVG MX 2MIN
DY MAX MIN AVG DEP HDD CDD WTR SNW DPTH SPD SPD DIR MIN PSBL S-S WX SPD DR
================================================================================
1 45 15 30 -13 35 0 0.00 0.0 0 4.7 10 340 M M 0 14 340
2 59 31 45 2 20 0 0.00 0.0 0 17.8 32 160 M M 0 45 170
3 76 38 57 13 8 0 0.00 0.0 0 6.3 18 230 M M 0 8 24 240
4 82 33 58 14 7 0 0.00 0.0 0 11.2 24 180 M M 1 18 33 170
5 80 58 69 25 0 4 0.02 0.0 0 13.8 26 190 M M 2 13 37 160
6 80 60 70 25 0 5 0.00 0.0 0 11.5 21 190 M M 3 3 30 210
7 79 58 69 24 0 4 0.21 0.0 0 13.5 24 160 M M 4 13 32 140
8 59 48 54 8 11 0 0.06 0.0 0 10.8 21 170 M M 10 1 26 170
9 56 48 52 6 13 0 0.06 0.0 0 11.2 22 260 M M 10 1 29 260
10 48 44 46 -1 19 0 0.05 0.0 0 15.9 24 340 M M 10 34 360
11 62 40 51 4 14 0 0.00 0.0 0 15.1 23 320 M M 7 31 320
12 59 41 50 3 15 0 0.00 0.0 0 16.6 28 270 M M 2 39 310
13 51 32 42 -6 23 0 0.00 0.0 0 15.7 29 270 M M 7 40 260
14 51 31 41 -7 24 0 0.00 0.0 0 13.4 23 330 M M 9 30 330
15 51 37 44 -5 21 0 0.00 0.0 0 10.0 18 300 M M 9 23 310
16 60 40 50 1 15 0 0.00 0.0 0 6.4 16 340 M M 7 20 340
17 63 36 50 0 15 0 0.00 0.0 0 9.2 23 340 M M 2 34 350
18 65 42 54 4 11 0 0.00 0.0 0 10.3 26 320 M M 5 35 320
19 49 28 39 -11 26 0 0.00 0.0 0 14.4 24 330 M M 6 31 330
20 45 25 35 -16 30 0 0.00 0.0 0 8.0 21 350 M M 4 30 350
21 49 20 35 -16 30 0 0.00 0.0 0 8.9 22 330 M M 4 35 320
22 63 31 47 -5 18 0 0.00 0.0 0 10.8 21 230 M M 2 32 260
23 55 45 50 -2 15 0 0.00 0.0 0 10.2 17 180 M M 9 26 190
24 57 28 43 -9 22 0 0.00 0.0 0 10.3 22 330 M M 4 18 32 330
25 51 24 38 -15 27 0 0.06 0.0 0 10.9 26 120 M M 3 35 120
26 83 42 63 10 2 0 0.00 0.0 0 13.6 25 170 M M 2 40 160
27 83 56 70 16 0 5 0.00 0.0 0 10.8 25 360 M M 3 33 10
28 71 47 59 5 6 0 0.00 0.0 0 10.0 20 30 M M 1 24 40
29 76 45 61 7 4 0 0.00 0.0 0 12.4 30 320 M M 1 18 41 300
30 71 46 59 4 6 0 0.00 0.0 0 8.8 20 10 M M 2 25 10
================================================================================
SM 1879 1169 437 18 0.46 0.0 342.5 M 129
================================================================================
AV 62.6 39.0 11.4 FASTST M M 4 MAX(MPH)
MISC ----> 32 160 45 170
================================================================================
NOTES:
# LAST OF SEVERAL OCCURRENCES
COLUMN 17 PEAK WIND IN M.P.H.
PRELIMINARY LOCAL CLIMATOLOGICAL DATA (WS FORM: F-6) , PAGE 2
STATION: WATERLOO IA
MONTH: APRIL
YEAR: 2021
LATITUDE: 42 32 N
LONGITUDE: 92 24 W
[TEMPERATURE DATA] [PRECIPITATION DATA] SYMBOLS USED IN COLUMN 16
AVERAGE MONTHLY: 50.8 TOTAL FOR MONTH: 0.46 1 = FOG OR MIST
DPTR FM NORMAL: 1.9 DPTR FM NORMAL: -3.25 2 = FOG REDUCING VISIBILITY
HIGHEST: 83 ON 27,26 GRTST 24HR 0.27 ON 7- 8 TO 1/4 MILE OR LESS
LOWEST: 15 ON 1 3 = THUNDER
SNOW, ICE PELLETS, HAIL 4 = ICE PELLETS
TOTAL MONTH: 0.0 INCH 5 = HAIL
GRTST 24HR 0.0 6 = FREEZING RAIN OR DRIZZLE
GRTST DEPTH: 0 7 = DUSTSTORM OR SANDSTORM:
VSBY 1/2 MILE OR LESS
8 = SMOKE OR HAZE
[NO. OF DAYS WITH] [WEATHER - DAYS WITH] 9 = BLOWING SNOW
X = TORNADO
MAX 32 OR BELOW: 0 0.01 INCH OR MORE: 6
MAX 90 OR ABOVE: 0 0.10 INCH OR MORE: 1
MIN 32 OR BELOW: 10 0.50 INCH OR MORE: 0
MIN 0 OR BELOW: 0 1.00 INCH OR MORE: 0
[HDD (BASE 65) ]
TOTAL THIS MO. 437 CLEAR (SCALE 0-3) 14
DPTR FM NORMAL -54 PTCLDY (SCALE 4-7) 10
TOTAL FM JUL 1 6608 CLOUDY (SCALE 8-10) 6
DPTR FM NORMAL -209
[CDD (BASE 65) ]
TOTAL THIS MO. 18
DPTR FM NORMAL 10 [PRESSURE DATA]
TOTAL FM JAN 1 18 HIGHEST SLP M ON M
DPTR FM NORMAL 10 LOWEST SLP 29.41 ON 8
[REMARKS]
#FINAL-04-21#