000
CXUS55 KPUB 021940
CF6ALS
PRELIMINARY LOCAL CLIMATOLOGICAL DATA (WS FORM: F-6)
STATION: ALAMOSA CO
MONTH: JULY
YEAR: 2021
LATITUDE: 37 27 N
LONGITUDE: 105 52 W
TEMPERATURE IN F: :PCPN: SNOW: WIND :SUNSHINE: SKY :PK WND
================================================================================
1 2 3 4 5 6A 6B 7 8 9 10 11 12 13 14 15 16 17 18
12Z AVG MX 2MIN
DY MAX MIN AVG DEP HDD CDD WTR SNW DPTH SPD SPD DIR MIN PSBL S-S WX SPD DR
================================================================================
1 81 53 67 3 0 2 0.07 0.0 0 7.6 26 100 M M 4 13 36 90
2 81 49 65 1 0 0 T 0.0 0 6.5 25 250 M M 2 38 250
3 86 51 69 5 0 4 0.00 0.0 0 7.6 26 250 M M 1 33 250
4 91 48 70 5 0 5 0.21 0.0 0 9.5 28 100 M M 1 3 42 90
5 85 51 68 3 0 3 0.30 0.0 0 7.7 29 40 M M 2 13 39 20
6 84 49 67 2 0 2 T 0.0 0 8.4 26 290 M M 2 35 110
7 85 50 68 3 0 3 0.00 0.0 0 7.0 17 100 M M 1 24 110
8 91 49 70 5 0 5 0.00 0.0 0 5.5 17 320 M M 0 23 310
9 92 51 72 7 0 7 T 0.0 0 6.2 30 110 M M 1 43 110
10 94 46 70 5 0 5 0.00 0.0 0 9.5 28 100 M M 0 39 110
11 86 51 69 4 0 4 0.00 0.0 0 7.3 23 110 M M 1 32 110
12 86 49 68 2 0 3 0.00 0.0 0 5.9 14 120 M M 0 19 140
13 83 47 65 -1 0 0 T 0.0 0 6.3 24 340 M M 3 32 330
14 77 55 66 0 0 1 0.22 0.0 0 5.8 25 260 M M 6 13 35 240
15 84 46 65 -1 0 0 0.00 0.0 0 5.1 15 90 M M 3 12 25 40
16 83 51 67 1 0 2 0.01 0.0 0 7.4 30 310 M M 2 41 290
17 86 49 68 2 0 3 0.00 0.0 0 5.9 24 270 M M 2 32 140
18 88 49 69 3 0 4 0.00 0.0 0 7.2 18 110 M M 2 3 26 110
19 85 51 68 2 0 3 0.00 0.0 0 7.0 21 130 M M 1 28 140
20 87 52 70 4 0 5 0.00 0.0 0 5.3 14 150 M M 1 19 150
21 89 53 71 5 0 6 0.26 0.0 0 7.7 28 350 M M 3 13 37 350
22 84 52 68 2 0 3 T 0.0 0 5.0 20 360 M M 1 27 360
23 87 49 68 2 0 3 0.01 0.0 0 5.4 23 20 M M 2 123 29 360
24 83 50 67 1 0 2 T 0.0 0 7.3 25 120 M M 2 1 37 80
25 81 47 64 -2 1 0 0.00 0.0 0 5.8 31 170 M M 2 40 170
26 83 49 66 0 0 1 T 0.0 0 4.7 25 200 M M 2 3 36 200
27 84 43 64 -2 1 0 0.00 0.0 0 4.7 23 140 M M 3 12 32 140
28 89 56 73 8 0 8 0.00 0.0 0 6.4 17 160 M M 1 22 160
29 88 50 69 4 0 4 T 0.0 0 6.9 20 160 M M 2 3 28 160
30 84 53 69 4 0 4 0.00 0.0 0 7.3 23 200 M M 2 31 190
31 83 50 67 2 0 2 0.06 0.0 0 7.6 26 210 M M 4 3 39 200
================================================================================
SM 2650 1549 2 94 1.14 0.0 207.5 M 59
================================================================================
AV 85.5 50.0 6.7 FASTST M M 2 MAX(MPH)
MISC ----> 31 170 43 110
================================================================================
NOTES:
COLUMN 17 PEAK WIND IN M.P.H.
PRELIMINARY LOCAL CLIMATOLOGICAL DATA (WS FORM: F-6) , PAGE 2
STATION: ALAMOSA CO
MONTH: JULY
YEAR: 2021
LATITUDE: 37 27 N
LONGITUDE: 105 52 W
[TEMPERATURE DATA] [PRECIPITATION DATA] SYMBOLS USED IN COLUMN 16
AVERAGE MONTHLY: 67.7 TOTAL FOR MONTH: 1.14 1 = FOG OR MIST
DPTR FM NORMAL: 2.4 DPTR FM NORMAL: 0.10 2 = FOG REDUCING VISIBILITY
HIGHEST: 94 ON 10 GRTST 24HR 0.51 ON 4-5 TO 1/4 MILE OR LESS
LOWEST: 43 ON 27 3 = THUNDER
SNOW, ICE PELLETS, HAIL 4 = ICE PELLETS
TOTAL MONTH: 0.0 INCH 5 = HAIL
GRTST 24HR 0.0 6 = FREEZING RAIN OR DRIZZLE
GRTST DEPTH: 0 7 = DUSTSTORM OR SANDSTORM:
VSBY 1/2 MILE OR LESS
8 = SMOKE OR HAZE
[NO. OF DAYS WITH] [WEATHER - DAYS WITH] 9 = BLOWING SNOW
X = TORNADO
MAX 32 OR BELOW: 0 0.01 INCH OR MORE: 8
MAX 90 OR ABOVE: 4 0.10 INCH OR MORE: 4
MIN 32 OR BELOW: 0 0.50 INCH OR MORE: 0
MIN 0 OR BELOW: 0 1.00 INCH OR MORE: 0
[HDD (BASE 65) ]
TOTAL THIS MO. 2 CLEAR (SCALE 0-3) 28
DPTR FM NORMAL -32 PTCLDY (SCALE 4-7) 3
TOTAL FM JUL 1 2 CLOUDY (SCALE 8-10) 0
DPTR FM NORMAL -33
[CDD (BASE 65) ]
TOTAL THIS MO. 94
DPTR FM NORMAL 51 [PRESSURE DATA]
TOTAL FM JAN 1 129 HIGHEST SLP 30.23 ON 31
DPTR FM NORMAL 76 LOWEST SLP 29.84 ON 4
[REMARKS]
#FINAL-07-21#