000
CXUS52 KJAX 100933
CF6AMG
PRELIMINARY LOCAL CLIMATOLOGICAL DATA (WS FORM: F-6)
STATION: ALMA
MONTH: FEBRUARY
YEAR: 2024
LATITUDE: 31 32 N
LONGITUDE: 82 30 W
TEMPERATURE IN F: :PCPN: SNOW: WIND :SUNSHINE: SKY :PK WND
================================================================================
1 2 3 4 5 6A 6B 7 8 9 10 11 12 13 14 15 16 17 18
12Z AVG MX 2MIN
DY MAX MIN AVG DEP HDD CDD WTR SNW DPTH SPD SPD DIR MIN PSBL S-S WX SPD DR
================================================================================
1 65 33 49 -3 16 0 0.00 0.0 0 1.5 9 200 M M 0 1 15 250
2 71 41 56 4 9 0 0.00 0.0 0 2.6 13 310 M M 0 1 20 300
3 69 39 54 2 11 0 0.00 0.0 0 5.0 12 100 M M 2 1 18 50
4 57 51 54 2 11 0 2.18 0.0 0 7.7 18 200 M M 9 13 26 60
5 54 48 51 -2 14 0 0.07 0.0 0 6.4 14 360 M M 10 1 22 30
6 63 41 52 -1 13 0 0.00 0.0 0 6.4 20 350 M M 1 27 330
7 61 37 49 -4 16 0 0.00 0.0 0 2.9 12 60 M M 0 18 70
8 68 35 52 -1 13 0 0.00 0.0 0 2.3 9 160 M M 0 1 14 90
9 75 47 61 8 4 0 0.00 0.0 0 2.6 12 210 M M 1 1 16 230
10 77 51 64 10 1 0 0.00 0.0 0 4.1 16 180 M M 1 1 25 170
11 74 56 65 11 0 0 0.01 0.0 0 5.1 13 210 M M 7 1 21 250
12 68 62 65 11 0 0 1.08 0.0 0 4.4 16 250 M M 10 13 26 260
13 65 42 54 0 11 0 0.00 0.0 0 9.5 23 290 M M 1 39 280
14 69 35 52 -2 13 0 0.00 0.0 0 1.4 8 10 M M 0 14 100
15 73 42 58 4 7 0 0.00 0.0 0 2.5 14 190 M M 0 22 180
16 68 50 59 4 6 0 T 0.0 0 3.3 13 180 M M 3 18 200
17 63 50 57 2 8 0 T 0.0 0 5.8 13 330 M M 5 1 19 330
18 52 38 45 -10 20 0 0.00 0.0 0 4.4 10 350 M M 1 16 340
19 65 34 50 -5 15 0 0.00 0.0 0 1.9 10 300 M M 1 16 300
20 69 32 51 -4 14 0 0.00 0.0 0 1.2 8 110 M M 0 1 12 90
21 68 34 51 -5 14 0 0.00 0.0 0 1.2 9 340 M M 0 1 17 360
22 73 36 55 -1 10 0 0.00 0.0 0 6.0 15 190 M M 0 23 210
23 75 55 65 9 0 0 0.15 0.0 0 9.8 20 300 M M 4 1 31 290
24 73 47 60 4 5 0 0.00 0.0 0 7.9 24 290 M M 1 38 310
25 67 36 52 -4 13 0 0.00 0.0 0 2.3 8 340 M M 0 1 12 340
26 75 40 58 1 7 0 0.00 0.0 0 3.8 13 180 M M 0 1 19 170
27 80 45 63 6 2 0 0.00 0.0 0 7.8 18 200 M M 0 30 180
28 82 52 67 10 0 2 0.01 0.0 0 8.7 21 210 M M 1 1 31 240
29 63 50 57 0 8 0 0.00 0.0 0 7.0 14 350 M M 6 21 70
================================================================================
SM 1982 1259 261 2 3.50 0.0 135.5 M 64
================================================================================
AV 68.3 43.4 4.7 FASTST M M 2 MAX(MPH)
MISC ----> 24 290 39 280
================================================================================
NOTES:
# LAST OF SEVERAL OCCURRENCES
COLUMN 17 PEAK WIND IN M.P.H.
PRELIMINARY LOCAL CLIMATOLOGICAL DATA (WS FORM: F-6) , PAGE 2
STATION: ALMA
MONTH: FEBRUARY
YEAR: 2024
LATITUDE: 31 32 N
LONGITUDE: 82 30 W
[TEMPERATURE DATA] [PRECIPITATION DATA] SYMBOLS USED IN COLUMN 16
AVERAGE MONTHLY: 55.9 TOTAL FOR MONTH: 3.50 1 = FOG OR MIST
DPTR FM NORMAL: 1.5 DPTR FM NORMAL: 0.13 2 = FOG REDUCING VISIBILITY
HIGHEST: 82 ON 28 GRTST 24HR 2.18 ON 4- 4 TO 1/4 MILE OR LESS
LOWEST: 32 ON 20 3 = THUNDER
SNOW, ICE PELLETS, HAIL 4 = ICE PELLETS
TOTAL MONTH: 0.0 INCH 5 = HAIL
GRTST 24HR 0.0 6 = FREEZING RAIN OR DRIZZLE
GRTST DEPTH: 0 7 = DUSTSTORM OR SANDSTORM:
VSBY 1/2 MILE OR LESS
8 = SMOKE OR HAZE
[NO. OF DAYS WITH] [WEATHER - DAYS WITH] 9 = BLOWING SNOW
X = TORNADO
MAX 32 OR BELOW: 0 0.01 INCH OR MORE: 6
MAX 90 OR ABOVE: 0 0.10 INCH OR MORE: 3
MIN 32 OR BELOW: 1 0.50 INCH OR MORE: 2
MIN 0 OR BELOW: 0 1.00 INCH OR MORE: 2
[HDD (BASE 65) ]
TOTAL THIS MO. 261 CLEAR (SCALE 0-3) 21
DPTR FM NORMAL -49 PTCLDY (SCALE 4-7) 5
TOTAL FM JUL 1 1195 CLOUDY (SCALE 8-10) 3
DPTR FM NORMAL -212
[CDD (BASE 65) ]
TOTAL THIS MO. 2
DPTR FM NORMAL -11 [PRESSURE DATA]
TOTAL FM JAN 1 28 HIGHEST SLP 30.38 ON 29
DPTR FM NORMAL 8 LOWEST SLP 29.49 ON 4
[REMARKS]
#FINAL-02-24#