000
CXUS54 KBMX 041414
CLMANB
CLIMATE REPORT
NATIONAL WEATHER SERVICE BIRMINGHAM AL
814 AM CST THU JAN 04 2024
...................................
...THE ANNISTON CLIMATE SUMMARY FOR THE MONTH OF DECEMBER 2023...
CLIMATE NORMAL PERIOD 1991 TO 2020
CLIMATE RECORD PERIOD 1903 TO 2024
WEATHER OBSERVED NORMAL DEPART LAST YEAR`S
VALUE DATE(S) VALUE FROM VALUE DATE(S)
NORMAL
................................................................
TEMPERATURE (F)
RECORD
HIGH 80 12/07/1951
LOW 1 12/13/1962
HIGHEST 71 12/09 MM MM 79 12/08
LOWEST 24 12/31 MM MM 9 12/24
AVG. MAXIMUM 59.9 57.0 2.9 58.2
AVG. MINIMUM 35.6 36.6 -1.0 40.0
MEAN 47.7 49.1
DAYS MAX >= 90 0 0.0 0.0 0
DAYS MAX <= 32 0 0.1 -0.1 1
DAYS MIN <= 32 15 13.1 1.9 10
DAYS MIN <= 0 0 0.0 0.0 0
PRECIPITATION (INCHES)
RECORD
MAXIMUM 10.32 1983
MINIMUM 0.71 1980
TOTALS 2.63 4.60 -1.97 2.85
DAILY AVG. 0.08 0.15 -0.07
DAYS >= .01 9 10.7 -1.7
DAYS >= .10 4 7.4 -3.4
DAYS >= .50 1 3.2 -2.2
DAYS >= 1.00 1 1.3 -0.3
DEGREE DAYS
HEATING TOTAL 527 567 -40 496
SINCE 7/1 941 1056 -115 MM
................................................................
WIND (MPH)
AVERAGE WIND SPEED 4.8
HIGHEST WIND SPEED/DIRECTION 22/260 DATE 12/04
22/270 12/18
22/120 12/25
HIGHEST GUST SPEED/DIRECTION 34/110 DATE 12/25
AVERAGE RH (PERCENT) 67
WEATHER CONDITIONS. NUMBER OF DAYS WITH
THUNDERSTORM 3 MIXED PRECIP 0
HEAVY RAIN 3 RAIN 6
LIGHT RAIN 11 FREEZING RAIN 0
LT FREEZING RAIN 0 HAIL 0
HEAVY SNOW 0 SNOW 0
LIGHT SNOW 0 SLEET 0
FOG 14 FOG W/VIS <= 1/4 MILE 1
HAZE 1
- INDICATES NEGATIVE NUMBERS.
R INDICATES RECORD WAS SET OR TIED.
MM INDICATES DATA IS MISSING.
T INDICATES TRACE AMOUNT.
$$