000
CXUS52 KGSP 010817
CF6AND
PRELIMINARY LOCAL CLIMATOLOGICAL DATA (WS FORM: F-6)
STATION: ANDERSON SC
MONTH: SEPTEMBER
YEAR: 2020
LATITUDE: 34 30 N
LONGITUDE: 82 43 W
TEMPERATURE IN F: :PCPN: SNOW: WIND :SUNSHINE: SKY :PK WND
================================================================================
1 2 3 4 5 6A 6B 7 8 9 10 11 12 13 14 15 16 17 18
12Z AVG MX 2MIN
DY MAX MIN AVG DEP HDD CDD WTR SNW DPTH SPD SPD DIR MIN PSBL S-S WX SPD DR
================================================================================
1 90 73 82 6 0 17 0.41 M M 2.2 18 280 M M 1 1 22 300
2 92 74 83 7 0 18 0.00 M M 6.6 17 230 M M 0 1 21 230
3 92 71 82 6 0 17 0.00 M M 8.0 17 230 M M 0 23 220
4 92 73 83 7 0 18 0.00 M M 6.5 14 240 M M 0 17 240
5 85 68 77 1 0 12 0.00 M M 6.9 18 70 M M 1 24 70
6 85 62 74 -1 0 9 0.00 M M 4.8 13 60 M M 0 17 100
7 86 60 73 -2 0 8 0.00 M M 3.5 10 80 M M 0 14 60
8 86 63 75 0 0 10 0.00 M M 6.0 15 100 M M 0 18 70
9 85 70 78 4 0 13 T M M 8.5 16 60 M M 7 21 70
10 87 73 80 6 0 15 0.00 M M 4.8 12 70 M M 6 8 14 80
11 92 71 82 8 0 17 0.00 M M 4.4 12 70 M M 2 17 80
12 87 74 81 8 0 16 0.15 M M 7.5 20 220 M M 8 138 23 230
13 83 71 77 4 0 12 0.09 M M 5.3 12 90 M M 7 1 15 110
14 89 69 79 6 0 14 0.00 M M 5.6 17 40 M M 2 25 40
15 79 68 74 2 0 9 T M M 11.7 21 70 M M 8 27 50
16 74 61 68 -4 0 3 0.35 M M 11.2 20 70 M M 4 1 24 70
17 70 65 68 -4 0 3 2.92 M M 10.8 24 50 M M 10 1 30 50
18 83 67 75 4 0 10 0.00 M M 6.1 14 60 M M 7 19 30
19 72 57 65 -6 0 0 0.00 M M 10.4 18 40 M M 4 23 70
20 71 51 61 -10 4 0 0.00 M M 11.5 21 70 M M 0 28 40
21 71 52 62 -8 3 0 0.00 M M 10.2 23 70 M M 0 29 40
22 72 48 60 -10 5 0 0.00 M M 2.9 10 230 M M 1 12 240
23 75 54 65 -5 0 0 0.00 M M 1.5 9 220 M M 2 12 220
24 72 61 67 -2 0 2 0.33 M M 4.7 17 60 M M 8 1 24 70
25 70 62 66 -3 0 1 0.41 M M 7.6 16 80 M M 10 1 20 80
26 75 61 68 0 0 3 0.00 M M 1.3 7 70 M M 8 1 9 340
27 76 60 68 0 0 3 0.00 M M 3.9 9 190 M M 10 12 13 160
28 82 68 75 7 0 10 0.08 M M 7.1 14 170 M M 7 1 17 170
29 73 54 64 -3 1 0 0.06 M M 8.9 25 290 M M 7 1 36 290
30 73 50 62 -5 3 0 0.00 M M 7.0 15 240 M M 0 20 250
================================================================================
SM 2419 1911 16 240 4.80 M 197.4 M 120
================================================================================
AV 80.6 63.7 6.6 FASTST M M 4 MAX(MPH)
MISC ----> 25 290 36 290
================================================================================
NOTES:
# LAST OF SEVERAL OCCURRENCES
COLUMN 17 PEAK WIND IN M.P.H.
PRELIMINARY LOCAL CLIMATOLOGICAL DATA (WS FORM: F-6) , PAGE 2
STATION: ANDERSON SC
MONTH: SEPTEMBER
YEAR: 2020
LATITUDE: 34 30 N
LONGITUDE: 82 43 W
[TEMPERATURE DATA] [PRECIPITATION DATA] SYMBOLS USED IN COLUMN 16
AVERAGE MONTHLY: 72.2 TOTAL FOR MONTH: 4.80 1 = FOG OR MIST
DPTR FM NORMAL: 0.2 DPTR FM NORMAL: 0.96 2 = FOG REDUCING VISIBILITY
HIGHEST: 92 ON 11, 4 GRTST 24HR 3.25 ON 16-17 TO 1/4 MILE OR LESS
LOWEST: 48 ON 22 3 = THUNDER
SNOW, ICE PELLETS, HAIL 4 = ICE PELLETS
TOTAL MONTH: M 5 = HAIL
GRTST 24HR M ON M 6 = FREEZING RAIN OR DRIZZLE
GRTST DEPTH: M ON M 7 = DUSTSTORM OR SANDSTORM:
VSBY 1/2 MILE OR LESS
8 = SMOKE OR HAZE
[NO. OF DAYS WITH] [WEATHER - DAYS WITH] 9 = BLOWING SNOW
X = TORNADO
MAX 32 OR BELOW: 0 0.01 INCH OR MORE: 9
MAX 90 OR ABOVE: 5 0.10 INCH OR MORE: 6
MIN 32 OR BELOW: 0 0.50 INCH OR MORE: 1
MIN 0 OR BELOW: 0 1.00 INCH OR MORE: 1
[HDD (BASE 65) ]
TOTAL THIS MO. 16 CLEAR (SCALE 0-3) 15
DPTR FM NORMAL 1 PTCLDY (SCALE 4-7) 11
TOTAL FM JUL 1 16 CLOUDY (SCALE 8-10) 4
DPTR FM NORMAL 1
[CDD (BASE 65) ]
TOTAL THIS MO. 240
DPTR FM NORMAL 15 [PRESSURE DATA]
TOTAL FM JAN 1 1791 HIGHEST SLP 30.44 ON 21
DPTR FM NORMAL 172 LOWEST SLP 29.71 ON 17
[REMARKS]
#FINAL-09-20#