000
CXUS51 KCTP 010840
CLMAOO
CLIMATE REPORT
NATIONAL WEATHER SERVICE STATE COLLEGE PA
340 AM EST FRI DEC 01 2023
...................................
...THE ALTOONA CLIMATE SUMMARY FOR THE MONTH OF NOVEMBER 2023...
CLIMATE NORMAL PERIOD 1991 TO 2020
CLIMATE RECORD PERIOD 1948 TO 2023
WEATHER OBSERVED NORMAL DEPART LAST YEAR`S
VALUE DATE(S) VALUE FROM VALUE DATE(S)
NORMAL
................................................................
TEMPERATURE (F)
RECORD
HIGH 79 11/01/1950
LOW 7 11/26/1950
11/25/1950
HIGHEST 70 11/07 78 11/06
LOWEST 15 11/29 16 11/21
AVG. MAXIMUM 52.1 50.5 1.6 53.2
AVG. MINIMUM 31.4 34.1 -2.7 34.8
MEAN 41.7 42.3 -0.6 44.0
DAYS MAX >= 90 0 0.0 0.0 0
DAYS MAX <= 32 1 1.2 -0.2 2
DAYS MIN <= 32 16 13.8 2.2 13
DAYS MIN <= 0 0 0.0 0.0 0
PRECIPITATION (INCHES)
RECORD
MAXIMUM 10.90 1997
MINIMUM 0.47 2019
TOTALS 2.23 2.85 -0.62 4.15
DAILY AVG. 0.07 0.09 -0.02 0.14
DAYS >= .01 8 9.9 -1.9 11
DAYS >= .10 2 5.2 -3.2 4
DAYS >= .50 1 1.7 -0.7 2
DAYS >= 1.00 1 0.6 0.4 1
GREATEST
24 HR. TOTAL 1.74 11/21 TO 11/22 2.74 11/11 TO 11/12
DEGREE DAYS
HEATING TOTAL 691 681 10 628
SINCE 7/1 1138 1189 -51 MM
COOLING TOTAL 0 0 0 6
SINCE 1/1 599 692 -93 MM
................................................................
WIND (MPH)
AVERAGE WIND SPEED 6.9
HIGHEST WIND SPEED/DIRECTION 31/260 DATE 11/27
HIGHEST GUST SPEED/DIRECTION 42/260 DATE 11/27
42/300 11/28
SKY COVER
POSSIBLE SUNSHINE (PERCENT) MM
AVERAGE SKY COVER 0.32
NUMBER OF DAYS FAIR 16
NUMBER OF DAYS PC 10
NUMBER OF DAYS CLOUDY 4
AVERAGE RH (PERCENT) 62
WEATHER CONDITIONS. NUMBER OF DAYS WITH
THUNDERSTORM 0 MIXED PRECIP 0
HEAVY RAIN 3 RAIN 2
LIGHT RAIN 9 FREEZING RAIN 0
LT FREEZING RAIN 0 HAIL 0
HEAVY SNOW 0 SLEET 0
FOG 9 FOG W/VIS <= 1/4 MILE 1
HAZE 8
- INDICATES NEGATIVE NUMBERS.
R INDICATES RECORD WAS SET OR TIED.
MM INDICATES DATA IS MISSING.
T INDICATES TRACE AMOUNT.
$$