000
CXUS55 KBOU 010745
CF6APA
PRELIMINARY LOCAL CLIMATOLOGICAL DATA (WS FORM: F-6)
STATION: CENTENNIAL CO
MONTH: FEBRUARY
YEAR: 2020
LATITUDE: 39 33 N
LONGITUDE: 104 51 W
TEMPERATURE IN F: :PCPN: SNOW: WIND :SUNSHINE: SKY :PK WND
================================================================================
1 2 3 4 5 6A 6B 7 8 9 10 11 12 13 14 15 16 17 18
12Z AVG MX 2MIN
DY MAX MIN AVG DEP HDD CDD WTR SNW DPTH SPD SPD DIR MIN PSBL S-S WX SPD DR
================================================================================
1 66 30 48 16 17 0 0.00 M M 10.9 24 290 M M 6 8 35 310
2 72 31 52 20 13 0 0.00 M M 15.7 28 340 M M 4 37 210
3 31 12 22 -10 43 0 0.07 M M 8.3 18 350 M M 10 126 23 70
4 18 0 9 -23 56 0 T M M 4.6 12 160 M M 8 18 16 150
5 27 -4 12 -20 53 0 0.00 M M 5.1 10 180 M M 3 13 170
6 38 16 27 -5 38 0 0.23 M M 9.3 22 320 M M 8 1 31 320
7 27 19 23 -9 42 0 0.18 M M 8.8 20 160 M M 10 128 25 160
8 56 20 38 6 27 0 0.00 M M 7.7 24 40 M M 3 8 34 30
9 28 16 22 -10 43 0 0.05 M M 6.8 16 170 M M 8 1 19 30
10 28 10 19 -13 46 0 0.13 M M 5.9 15 110 M M 8 128 18 110
11 33 9 21 -11 44 0 0.01 M M 8.3 22 170 M M 3 1 27 170
12 33 16 25 -7 40 0 0.02 M M 6.1 22 20 M M 7 1 31 20
13 28 7 18 -14 47 0 0.00 M M 5.8 17 160 M M 4 18 22 170
14 60 21 41 9 24 0 0.00 M M 6.8 18 180 M M 2 8 22 170
15 44 21 33 0 32 0 0.00 M M 6.9 17 150 M M 5 24 160
16 53 21 37 4 28 0 0.00 M M 5.1 15 150 M M 7 19 150
17 36 23 30 -3 35 0 0.06 M M 7.8 20 110 M M 8 1 27 110
18 31 20 26 -7 39 0 0.01 M M 7.4 16 170 M M 7 18 21 170
19 23 14 19 -14 46 0 0.03 M M 6.6 15 360 M M 8 18 17 350
20 34 3 19 -15 46 0 T M M 4.1 10 130 M M 3 128 12 150
21 51 16 34 0 31 0 0.00 M M 7.1 16 160 M M 1 21 160
22 56 27 42 8 23 0 0.00 M M 9.6 21 150 M M 7 28 150
23 42 30 36 2 29 0 0.12 M M 7.8 16 310 M M 9 12 23 310
24 39 23 31 -3 34 0 0.00 M M 15.0 33 320 M M 4 48 300
25 28 11 20 -15 45 0 T M M 16.5 43 360 M M 8 18 56 360
26 43 8 26 -9 39 0 0.00 M M 8.1 18 320 M M 3 25 300
27 47 25 36 1 29 0 0.00 M M 9.0 29 340 M M 4 37 320
28 53 25 39 3 26 0 0.00 M M 5.5 14 170 M M 1 17 180
29 52 31 42 6 23 0 0.00 0.0 0 6.9 15 230 M M 7 21 230
================================================================================
SM 1177 501 1038 0 0.91 0.0 233.5 M 166
================================================================================
AV 40.6 17.3 8.1 FASTST M M 6 MAX(MPH)
MISC ----> # 43 360 # 56 360
================================================================================
NOTES:
# LAST OF SEVERAL OCCURRENCES
COLUMN 17 PEAK WIND IN M.P.H.
PRELIMINARY LOCAL CLIMATOLOGICAL DATA (WS FORM: F-6) , PAGE 2
STATION: CENTENNIAL CO
MONTH: FEBRUARY
YEAR: 2020
LATITUDE: 39 33 N
LONGITUDE: 104 51 W
[TEMPERATURE DATA] [PRECIPITATION DATA] SYMBOLS USED IN COLUMN 16
AVERAGE MONTHLY: 28.9 TOTAL FOR MONTH: 0.91 1 = FOG OR MIST
DPTR FM NORMAL: -4.0 DPTR FM NORMAL: 0.43 2 = FOG REDUCING VISIBILITY
HIGHEST: 72 ON 2 GRTST 24HR 0.23 ON 6- 6 TO 1/4 MILE OR LESS
LOWEST: -4 ON 5 3 = THUNDER
SNOW, ICE PELLETS, HAIL 4 = ICE PELLETS
TOTAL MONTH: 0.0 INCH 5 = HAIL
GRTST 24HR 0.0 6 = FREEZING RAIN OR DRIZZLE
GRTST DEPTH: 0 7 = DUSTSTORM OR SANDSTORM:
VSBY 1/2 MILE OR LESS
8 = SMOKE OR HAZE
[NO. OF DAYS WITH] [WEATHER - DAYS WITH] 9 = BLOWING SNOW
X = TORNADO
MAX 32 OR BELOW: 10 0.01 INCH OR MORE: 11
MAX 90 OR ABOVE: 0 0.10 INCH OR MORE: 4
MIN 32 OR BELOW: 29 0.50 INCH OR MORE: 0
MIN 0 OR BELOW: 2 1.00 INCH OR MORE: 0
[HDD (BASE 65) ]
TOTAL THIS MO. 1038 CLEAR (SCALE 0-3) 6
DPTR FM NORMAL 141 PTCLDY (SCALE 4-7) 19
TOTAL FM JUL 1 4269 CLOUDY (SCALE 8-10) 4
DPTR FM NORMAL -224
[CDD (BASE 65) ]
TOTAL THIS MO. 0
DPTR FM NORMAL 0 [PRESSURE DATA]
TOTAL FM JAN 1 0 HIGHEST SLP 30.75 ON 20
DPTR FM NORMAL 0 LOWEST SLP 29.78 ON 16
[REMARKS]
#FINAL-02-20#