000
CXUS56 KMTR 010900
CF6APC
PRELIMINARY LOCAL CLIMATOLOGICAL DATA (WS FORM: F-6)
STATION: NAPA AIRPORT
MONTH: SEPTEMBER
YEAR: 2022
LATITUDE: 38 13 N
LONGITUDE: 122 17 W
TEMPERATURE IN F: :PCPN: SNOW: WIND :SUNSHINE: SKY :PK WND
================================================================================
1 2 3 4 5 6A 6B 7 8 9 10 11 12 13 14 15 16 17 18
12Z AVG MX 2MIN
DY MAX MIN AVG DEP HDD CDD WTR SNW DPTH SPD SPD DIR MIN PSBL S-S WX SPD DR
================================================================================
1 89 51 70 3 0 5 0.00 M M 5.6 14 190 M M 0 16 190
2 82 51 67 0 0 2 0.00 M M 7.0 14 230 M M 1 18 17 200
3 89 54 72 5 0 7 0.00 M M 7.0 16 200 M M 0 18 200
4 100 54 77 10 0 12 0.00 M M 4.1 12 210 M M 0 16 80
5 111 59 85 18 0 20 0.00 M M 5.0 18 270 M M 0 23 280
6 115 66 91 24 0 26 0.00 M M 6.7 24 190 M M 0 8 29 190
7 94 64 79 12 0 14 0.00 M M 7.8 22 190 M M 0 26 190
8 103 63 83 17 0 18 0.00 M M 5.7 14 180 M M 0 16 170
9 89 60 75 9 0 10 0.00 M M 6.7 16 190 M M 0 18 24 210
10 79 58 69 3 0 4 0.00 M M 10.2 24 200 M M 0 28 200
11 84 65 75 9 0 10 0.00 M M 6.6 17 200 M M 0 20 200
12 79 61 70 4 0 5 0.00 M M 11.5 20 240 M M 1 23 190
13 80 58 69 3 0 4 0.00 M M 14.4 26 270 M M 1 35 260
14 80 52 66 0 0 1 0.00 M M 9.9 22 280 M M 2 27 290
15 76 50 63 -3 2 0 0.00 M M 6.9 20 200 M M 1 12 23 200
16 80 50 65 -1 0 0 0.00 M M 6.5 18 200 M M 2 1 21 200
17 78 52 65 -1 0 0 0.00 M M 9.2 26 270 M M 2 30 270
18 71 61 66 0 0 1 0.59 M M 10.0 24 150 M M 9 18 32 150
19 77 55 66 1 0 1 0.00 M M 7.2 18 200 M M 5 1 21 200
20 77 53 65 0 0 0 0.00 M M 6.1 15 190 M M 3 18 210
21 78 57 68 3 0 3 0.02 M M 7.4 20 200 M M 5 22 280
22 83 51 67 2 0 2 0.00 M M 5.9 15 270 M M 0 1 19 270
23 90 52 71 6 0 6 0.00 M M 3.8 10 260 M M 0 13 230
24 91 51 71 6 0 6 0.00 M M 4.8 13 200 M M 0 15 200
25 77 53 65 0 0 0 0.00 M M 7.3 15 190 M M 2 12 18 190
26 75 50 63 -1 2 0 0.00 M M 8.4 17 210 M M 5 1 21 190
27 75 54 65 1 0 0 0.00 M M 8.7 16 200 M M 3 18 200
28 80 48 64 0 1 0 0.00 M M 5.5 16 270 M M 1 18 M M
29 85 51 68 4 0 3 0.00 M M 3.9 13 220 M M 0 8 15 220
30 90 52 71 7 0 6 0.00 M M 5.6 16 210 M M 0 12 19 210
================================================================================
SM 2557 1656 5 166 0.61 M 215.4 M 43
================================================================================
AV 85.2 55.2 7.2 FASTST M M 1 MAX(MPH)
MISC ----> # 26 270 35 260
================================================================================
NOTES:
# LAST OF SEVERAL OCCURRENCES
COLUMN 17 PEAK WIND IN M.P.H.
PRELIMINARY LOCAL CLIMATOLOGICAL DATA (WS FORM: F-6) , PAGE 2
STATION: NAPA AIRPORT
MONTH: SEPTEMBER
YEAR: 2022
LATITUDE: 38 13 N
LONGITUDE: 122 17 W
[TEMPERATURE DATA] [PRECIPITATION DATA] SYMBOLS USED IN COLUMN 16
AVERAGE MONTHLY: 70.2 TOTAL FOR MONTH: 0.61 1 = FOG OR MIST
DPTR FM NORMAL: 4.5 DPTR FM NORMAL: 0.54 2 = FOG REDUCING VISIBILITY
HIGHEST: 115 ON 6 GRTST 24HR 0.59 ON 18-18 TO 1/4 MILE OR LESS
LOWEST: 48 ON 28 3 = THUNDER
SNOW, ICE PELLETS, HAIL 4 = ICE PELLETS
TOTAL MONTH: M 5 = HAIL
GRTST 24HR M ON M 6 = FREEZING RAIN OR DRIZZLE
GRTST DEPTH: M ON M 7 = DUSTSTORM OR SANDSTORM:
VSBY 1/2 MILE OR LESS
8 = SMOKE OR HAZE
[NO. OF DAYS WITH] [WEATHER - DAYS WITH] 9 = BLOWING SNOW
X = TORNADO
MAX 32 OR BELOW: 0 0.01 INCH OR MORE: 2
MAX 90 OR ABOVE: 8 0.10 INCH OR MORE: 1
MIN 32 OR BELOW: 0 0.50 INCH OR MORE: 1
MIN 0 OR BELOW: 0 1.00 INCH OR MORE: 0
[HDD (BASE 65) ]
TOTAL THIS MO. 5 CLEAR (SCALE 0-3) 25
DPTR FM NORMAL -42 PTCLDY (SCALE 4-7) 4
TOTAL FM JUL 1 20 CLOUDY (SCALE 8-10) 1
DPTR FM NORMAL -59
[CDD (BASE 65) ]
TOTAL THIS MO. 166
DPTR FM NORMAL 100 [PRESSURE DATA]
TOTAL FM JAN 1 477 HIGHEST SLP M ON M
DPTR FM NORMAL 182 LOWEST SLP 29.46 ON 9
[REMARKS]
#FINAL-09-22#