000
CXUS52 KMFL 011319
CF6APF
PRELIMINARY LOCAL CLIMATOLOGICAL DATA (WS FORM: F-6)
STATION: NAPLES
MONTH: JANUARY
YEAR: 2023
LATITUDE: 26 8 N
LONGITUDE: 81 46 W
TEMPERATURE IN F: :PCPN: SNOW: WIND :SUNSHINE: SKY :PK WND
================================================================================
1 2 3 4 5 6A 6B 7 8 9 10 11 12 13 14 15 16 17 18
12Z AVG MX 2MIN
DY MAX MIN AVG DEP HDD CDD WTR SNW DPTH SPD SPD DIR MIN PSBL S-S WX SPD DR
================================================================================
1 84 67 76 10 0 11 0.00 0.0 0 2.7 9 210 M M 3 12 13 220
2 86 65 76 10 0 11 0.00 0.0 M 5.4 14 80 M M 4 12 20 120
3 85 67 76 10 0 11 0.00 0.0 M 9.7 21 150 M M 1 1 26 160
4 84 70 77 11 0 12 0.00 0.0 M 8.3 18 160 M M 2 24 160
5 81 70 76 10 0 11 0.00 0.0 0 6.5 16 200 M M 1 19 200
6 77 56 67 1 0 2 0.00 0.0 0 7.1 17 20 M M 2 24 30
7 80 52 66 0 0 1 0.00 0.0 0 6.8 13 290 M M 0 17 60
8 80 57 69 4 0 4 0.00 0.0 0 5.2 15 90 M M 1 20 110
9 76 60 68 3 0 3 0.00 0.0 0 5.9 14 310 M M 1 18 300
10 75 57 66 1 0 1 0.00 0.0 0 6.3 14 310 M M 1 17 310
11 78 51 65 0 0 0 0.00 0.0 0 3.8 9 290 M M 0 15 30
12 80 54 67 2 0 2 0.00 0.0 0 5.5 18 200 M M 0 24 200
13 73 60 67 2 0 2 0.16 0.0 0 11.8 22 310 M M 4 18 29 300
14 62 49 56 -9 9 0 0.00 M M 11.5 24 310 M M 5 33 290
15 59 42 51 -14 14 0 0.00 0.0 0 5.8 13 310 M M 1 17 310
16 69 41 55 -10 10 0 0.00 0.0 0 3.8 9 260 M M 0 12 220
17 76 51 64 -1 1 0 0.00 0.0 0 5.2 16 190 M M 0 22 170
18 81 56 69 4 0 4 0.00 0.0 0 6.5 13 170 M M 1 18 160
19 82 62 72 7 0 7 0.00 0.0 0 8.1 18 160 M M 0 21 160
20 80 67 74 9 0 9 0.00 0.0 0 4.2 14 210 M M 6 15 210
21 83 66 75 10 0 10 0.00 0.0 0 4.1 15 150 M M 3 19 200
22 81 67 74 9 0 9 0.00 0.0 0 9.8 21 200 M M 1 28 200
23 74 63 69 4 0 4 0.35 0.0 0 6.9 15 260 M M 6 1 23 280
24 82 59 71 6 0 6 0.00 M M 10.4 16 70 M M 3 21 90
25 83 67 75 10 0 10 0.00 0.0 0 9.6 23 160 M M 1 1 29 150
26 74 61 68 3 0 3 0.17 0.0 0 8.0 18 310 M M 9 18 24 300
27 64 55 60 -5 5 0 0.00 0.0 0 9.5 20 10 M M 10 28 30
28 81 58 70 4 0 5 0.00 0.0 0 12.1 21 80 M M 7 26 90
29 86 65 76 10 0 11 0.00 0.0 0 9.2 17 90 M M 1 23 90
30 84 68 76 10 0 11 0.00 0.0 0 5.5 14 220 M M 5 18 220
31 83 64 74 8 0 9 0.00 0.0 0 4.1 12 220 M M 1 1 15 230
================================================================================
SM 2423 1847 39 169 0.68 0.0 219.3 M 80
================================================================================
AV 78.2 59.6 7.1 FASTST M M 3 MAX(MPH)
MISC ----> 24 310 33 290
================================================================================
NOTES:
# LAST OF SEVERAL OCCURRENCES
COLUMN 17 PEAK WIND IN M.P.H.
PRELIMINARY LOCAL CLIMATOLOGICAL DATA (WS FORM: F-6) , PAGE 2
STATION: NAPLES
MONTH: JANUARY
YEAR: 2023
LATITUDE: 26 8 N
LONGITUDE: 81 46 W
[TEMPERATURE DATA] [PRECIPITATION DATA] SYMBOLS USED IN COLUMN 16
AVERAGE MONTHLY: 68.9 TOTAL FOR MONTH: 0.68 1 = FOG OR MIST
DPTR FM NORMAL: 3.6 DPTR FM NORMAL: -1.00 2 = FOG REDUCING VISIBILITY
HIGHEST: 86 ON 29, 2 GRTST 24HR 0.35 ON 23-23 TO 1/4 MILE OR LESS
LOWEST: 41 ON 16 3 = THUNDER
SNOW, ICE PELLETS, HAIL 4 = ICE PELLETS
TOTAL MONTH: 0.0 INCH 5 = HAIL
GRTST 24HR 0.0 6 = FREEZING RAIN OR DRIZZLE
GRTST DEPTH: 0 7 = DUSTSTORM OR SANDSTORM:
VSBY 1/2 MILE OR LESS
8 = SMOKE OR HAZE
[NO. OF DAYS WITH] [WEATHER - DAYS WITH] 9 = BLOWING SNOW
X = TORNADO
MAX 32 OR BELOW: 0 0.01 INCH OR MORE: 3
MAX 90 OR ABOVE: 0 0.10 INCH OR MORE: 3
MIN 32 OR BELOW: 0 0.50 INCH OR MORE: 0
MIN 0 OR BELOW: 0 1.00 INCH OR MORE: 0
[HDD (BASE 65) ]
TOTAL THIS MO. 39 CLEAR (SCALE 0-3) 20
DPTR FM NORMAL -46 PTCLDY (SCALE 4-7) 9
TOTAL FM JUL 1 91 CLOUDY (SCALE 8-10) 2
DPTR FM NORMAL -61
[CDD (BASE 65) ]
TOTAL THIS MO. 169
DPTR FM NORMAL 73 [PRESSURE DATA]
TOTAL FM JAN 1 169 HIGHEST SLP 30.30 ON 27
DPTR FM NORMAL 73 LOWEST SLP 29.90 ON 13
[REMARKS]
#FINAL-01-23#