000
CXUS53 KAPX 131221
CLMAPN
CLIMATE REPORT
NATIONAL WEATHER SERVICE
821 AM EDT WED SEP 13 2023
...................................
...THE ALPENA MI CLIMATE SUMMARY FOR THE MONTH OF JUNE 2023...
CLIMATE NORMAL PERIOD: 1991 TO 2020
CLIMATE RECORD PERIOD: 1916 TO 2023
WEATHER OBSERVED NORMAL DEPART LAST YEAR`S
VALUE DATE(S) VALUE FROM VALUE
NORMAL
..............................................................
TEMPERATURE (F)
HIGHEST 91 06/24 MM MM
LOWEST 41 06/04 MM MM
AVG. MAXIMUM 76.5 75.9 0.6
AVG. MINIMUM 50.7 50.4 0.3
MEAN 63.6 63.2 0.4
DAYS MAX >= 90 2 2.0 0.0
DAYS MAX <= 32 0 0.0 0.0
DAYS MIN <= 32 0 0.1 -0.1
DAYS MIN <= 0 0 0.0 0.0
PRECIPITATION (INCHES)
TOTALS 1.57 2.74 -1.17
DAYS >= .01 8 10.4 -2.4
DAYS >= .10 4 6.1 -2.1
DAYS >= .50 1 2.0 -1.0
DAYS >= 1.00 0 0.4 -0.4
GREATEST
24 HR. TOTAL 0.51 06/29 TO 06/29
SNOWFALL (INCHES)
TOTALS 0.0 0.0 0.0
DAYS >= TRACE 0 0.0
DAYS >= 1.0 0 0.0
GREATEST
SNOW DEPTH 0
24 HR TOTAL 0.0
DEGREE DAYS
HEATING TOTAL 81 120 -39
SINCE 7/1 6919 7844 -925
COOLING TOTAL 49 64 -15
SINCE 1/1 9 80 -71
..............................................................
WIND (MPH)
AVERAGE WIND SPEED 6.0
HIGHEST WIND SPEED/DIRECTION 23/180 DATE 06/25
HIGHEST GUST SPEED/DIRECTION 33/200 DATE 06/29
SKY COVER
AVERAGE SKY COVER MM
AVERAGE RH (PERCENT) MM
- INDICATES NEGATIVE NUMBERS.
R INDICATES RECORD WAS SET OR TIED.
MM INDICATES DATA IS MISSING.
T INDICATES TRACE AMOUNT.
$$