000
CXUS54 KLCH 020820
CF6ARA
PRELIMINARY LOCAL CLIMATOLOGICAL DATA (WS FORM: F-6)
STATION: NEW IBERIA
MONTH: SEPTEMBER
YEAR: 2021
LATITUDE: 30 1 N
LONGITUDE: 91 53 W
TEMPERATURE IN F: :PCPN: SNOW: WIND :SUNSHINE: SKY :PK WND
================================================================================
1 2 3 4 5 6A 6B 7 8 9 10 11 12 13 14 15 16 17 18
12Z AVG MX 2MIN
DY MAX MIN AVG DEP HDD CDD WTR SNW DPTH SPD SPD DIR MIN PSBL S-S WX SPD DR
================================================================================
1 91 73 82 0 0 17 T 0.0 M 3.5 13 240 M M 1 13 18 240
2 93 72 83 1 0 18 0.10 0.0 M 3.7 24 30 M M 1 13 31 30
3 94 73 84 2 0 19 0.00 0.0 M 2.4 12 260 M M 2 1 15 260
4 94 73 84 2 0 19 0.00 0.0 M 3.3 12 270 M M 2 16 270
5 94 75 85 3 0 20 0.06 0.0 M 3.5 13 210 M M 2 1 18 180
6 84 76 80 -1 0 15 0.03 0.0 M 5.1 15 20 M M 6 13 20 10
7 92 71 82 1 0 17 0.80 0.0 M 2.6 28 90 M M 3 13 39 100
8 90 72 81 0 0 16 0.00 0.0 M 3.0 10 30 M M 1 1 16 60
9 90 70 80 -1 0 15 0.00 0.0 M 7.0 16 40 M M 1 12 22 40
10 87 65 76 -5 0 11 0.00 0.0 M 6.3 15 50 M M 0 22 50
11 88 61 75 -6 0 10 0.00 0.0 M 5.1 13 90 M M 0 1 19 90
12 84 72 78 -2 0 13 0.43 0.0 M 7.5 20 160 M M 4 13 28 200
13 87 73 80 0 0 15 0.02 0.0 M 7.9 14 130 M M 2 19 150
14 79 74 77 -3 0 12 2.52 0.0 M 12.2 23 110 M M 8 1 33 120
15 85 75 80 0 0 15 0.66 0.0 M 6.7 17 130 M M 8 13 23 150
16 88 75 82 2 0 17 T 0.0 M 6.1 15 190 M M 7 1 22 170
17 90 74 82 2 0 17 0.00 0.0 M 3.5 10 200 M M 2 1 14 220
18 89 74 82 3 0 17 T 0.0 M 3.9 10 90 M M 3 13 19 60
19 86 72 79 0 0 14 1.47 0.0 M 4.1 26 70 M M 3 123 32 70
20 88 72 80 1 0 15 0.01 0.0 M 4.0 16 220 M M 2 1 24 220
21 89 70 80 1 0 15 0.82 0.0 M 3.7 32 20 M M 1 13 44 10
22 80 62 71 -7 0 6 T 0.0 M 14.1 28 20 M M 3 1 37 10
23 80 58 69 -9 0 4 0.00 0.0 M 6.7 16 60 M M 0 21 60
24 80 57 69 -9 0 4 0.00 0.0 M 4.9 13 20 M M 0 19 360
25 82 55 69 -9 0 4 0.00 0.0 M 4.2 14 50 M M 0 1 20 20
26 85 58 72 -5 0 7 0.00 0.0 M 3.2 12 40 M M 1 1 18 80
27 86 69 78 1 0 13 T 0.0 M 6.5 14 170 M M 7 13 20 150
28 76 69 73 -4 0 8 1.64 0.0 M 7.1 21 190 M M 6 13 30 180
29 80 69 75 -1 0 10 0.47 0.0 M 5.8 25 240 M M 5 13 35 240
30 86 72 79 3 0 14 0.27 0.0 M 6.3 16 180 M M 5 1 22 180
================================================================================
SM 2597 2081 0 397 9.30 0.0 163.9 M 86
================================================================================
AV 86.6 69.4 5.5 FASTST M M 3 MAX(MPH)
MISC ----> 32 20 44 10
================================================================================
NOTES:
# LAST OF SEVERAL OCCURRENCES
COLUMN 17 PEAK WIND IN M.P.H.
PRELIMINARY LOCAL CLIMATOLOGICAL DATA (WS FORM: F-6) , PAGE 2
STATION: NEW IBERIA
MONTH: SEPTEMBER
YEAR: 2021
LATITUDE: 30 1 N
LONGITUDE: 91 53 W
[TEMPERATURE DATA] [PRECIPITATION DATA] SYMBOLS USED IN COLUMN 16
AVERAGE MONTHLY: 78.0 TOTAL FOR MONTH: 9.30 1 = FOG OR MIST
DPTR FM NORMAL: -1.6 DPTR FM NORMAL: 4.25 2 = FOG REDUCING VISIBILITY
HIGHEST: 94 ON 5, 4 GRTST 24HR 3.00 ON 14-15 TO 1/4 MILE OR LESS
LOWEST: 55 ON 25 3 = THUNDER
SNOW, ICE PELLETS, HAIL 4 = ICE PELLETS
TOTAL MONTH: 0.0 INCH 5 = HAIL
GRTST 24HR 0.0 6 = FREEZING RAIN OR DRIZZLE
GRTST DEPTH: M ON M 7 = DUSTSTORM OR SANDSTORM:
VSBY 1/2 MILE OR LESS
8 = SMOKE OR HAZE
[NO. OF DAYS WITH] [WEATHER - DAYS WITH] 9 = BLOWING SNOW
X = TORNADO
MAX 32 OR BELOW: 0 0.01 INCH OR MORE: 14
MAX 90 OR ABOVE: 9 0.10 INCH OR MORE: 10
MIN 32 OR BELOW: 0 0.50 INCH OR MORE: 6
MIN 0 OR BELOW: 0 1.00 INCH OR MORE: 3
[HDD (BASE 65) ]
TOTAL THIS MO. 0 CLEAR (SCALE 0-3) 20
DPTR FM NORMAL 0 PTCLDY (SCALE 4-7) 10
TOTAL FM JUL 1 0 CLOUDY (SCALE 8-10) 0
DPTR FM NORMAL 0
[CDD (BASE 65) ]
TOTAL THIS MO. 397
DPTR FM NORMAL -40 [PRESSURE DATA]
TOTAL FM JAN 1 2610 HIGHEST SLP 30.16 ON 12
DPTR FM NORMAL -41 LOWEST SLP 29.69 ON 15
[REMARKS]
#FINAL-09-21#