000
CXUS54 KHGX 011510
CF6ARM
PRELIMINARY LOCAL CLIMATOLOGICAL DATA (WS FORM: F-6)
STATION: Wharton
MONTH: JANUARY
YEAR: 2023
LATITUDE: 29 15 N
LONGITUDE: 96 9 W
TEMPERATURE IN F: :PCPN: SNOW: WIND :SUNSHINE: SKY :PK WND
================================================================================
1 2 3 4 5 6A 6B 7 8 9 10 11 12 13 14 15 16 17 18
12Z AVG MX 2MIN
DY MAX MIN AVG DEP HDD CDD WTR SNW DPTH SPD SPD DIR MIN PSBL S-S WX SPD DR
================================================================================
1 77 55 66 M 0 1 0.00 0.0 M 5.8 14 160 M M 8 12 18 150
2 76 69 73 M 0 8 0.00 0.0 0 15.8 24 170 M M 10 1 32 170
3 80 54 67 M 0 2 M 0.0 0 8.7 14 360 M M 4 1 21 260
4 75 47 61 M 4 0 0.00 0.0 0 3.7 12 290 M M 0 18 290
5 75 41 58 M 7 0 0.00 0.0 0 1.8 6 300 M M 0 9 320
6 80 46 63 M 2 0 0.00 0.0 0 7.6 21 180 M M 4 12 24 180
7 82 56 69 M 0 4 M 0.0 0 6.1 13 190 M M 6 1 18 180
8 69 51 60 M 5 0 0.34 0.0 0 9.0 15 350 M M 3 1 23 350
9 71 48 60 M 5 0 0.00 0.0 0 4.0 9 90 M M 5 M M
10 75 56 66 M 0 1 0.00 0.0 0 5.9 14 210 M M 6 12 17 230
11 79 63 71 M 0 6 0.00 0.0 0 15.2 22 180 M M 8 1 30 210
12 69 49 59 M 6 0 0.00 0.0 0 15.6 27 340 M M 2 33 340
13 62 38 50 M 15 0 0.00 0.0 0 8.2 15 330 M M 0 18 330
14 67 32 50 M 15 0 0.00 0.0 0 4.3 10 140 M M 0 16 150
15 76 47 62 M 3 0 0.00 0.0 0 9.0 24 180 M M 8 30 180
16 78 61 70 M 0 5 0.00 0.0 0 9.9 18 180 M M 6 12 25 190
17 80 61 71 M 0 6 0.00 0.0 0 7.2 14 170 M M 9 12 20 190
18 80 51 66 M 0 1 0.01 0.0 0 9.1 18 330 M M 6 30 330
19 72 46 59 M 6 0 0.00 0.0 0 7.1 17 350 M M 0 23 340
20 56 49 53 M 12 0 0.03 0.0 0 8.0 15 40 M M 9 20 40
21 57 43 50 M 15 0 M 0.0 0 8.2 13 90 M M 9 1 22 90
22 62 41 52 M 13 0 0.00 0.0 0 7.3 17 320 M M 1 1 22 350
23 45 35 40 M 25 0 0.00 0.0 0 4.1 7 50 M M 0 M M
24 M M M M M M 0.00 0.0 0 M M M M M M M M
25 M M M M M M 0.00 0.0 0 M M M M M M M M
26 M M M M M M 0.00 0.0 0 M M M M M M M M
27 M M M M M M M M M M M M M M M M M
28 69 66 68 M 0 3 M 0.0 0 11.6 16 160 M M 10 21 160
29 74 49 62 M 3 0 M 0.0 0 10.4 18 360 M M 10 1 23 190
30 49 38 44 M 21 0 M 0.0 0 13.6 17 360 M M 10 1 23 360
31 M M M M M M M 0.0 0 M M M M M M M M
================================================================================
SM 1835 1292 157 37 0.38 0.0 217.2 M 134
================================================================================
AV 70.6 49.7 8.4 FASTST M M 5 MAX(MPH)
MISC ----> 27 340 33 340
================================================================================
NOTES:
# LAST OF SEVERAL OCCURRENCES
COLUMN 17 PEAK WIND IN M.P.H.
PRELIMINARY LOCAL CLIMATOLOGICAL DATA (WS FORM: F-6) , PAGE 2
STATION: Wharton
MONTH: JANUARY
YEAR: 2023
LATITUDE: 29 15 N
LONGITUDE: 96 9 W
[TEMPERATURE DATA] [PRECIPITATION DATA] SYMBOLS USED IN COLUMN 16
AVERAGE MONTHLY: 60.1 TOTAL FOR MONTH: 0.38 1 = FOG OR MIST
DPTR FM NORMAL: 0.0 DPTR FM NORMAL: M 2 = FOG REDUCING VISIBILITY
HIGHEST: 82 ON 7 GRTST 24HR 0.60 ON 2- 3 TO 1/4 MILE OR LESS
LOWEST: 32 ON 14 3 = THUNDER
SNOW, ICE PELLETS, HAIL 4 = ICE PELLETS
TOTAL MONTH: 0.0 INCH 5 = HAIL
GRTST 24HR 0.0 6 = FREEZING RAIN OR DRIZZLE
GRTST DEPTH: 0 7 = DUSTSTORM OR SANDSTORM:
VSBY 1/2 MILE OR LESS
8 = SMOKE OR HAZE
[NO. OF DAYS WITH] [WEATHER - DAYS WITH] 9 = BLOWING SNOW
X = TORNADO
MAX 32 OR BELOW: 0 0.01 INCH OR MORE: 3
MAX 90 OR ABOVE: 0 0.10 INCH OR MORE: 1
MIN 32 OR BELOW: 1 0.50 INCH OR MORE: 0
MIN 0 OR BELOW: 0 1.00 INCH OR MORE: 0
[HDD (BASE 65) ]
TOTAL THIS MO. 157 CLEAR (SCALE 0-3) 8
DPTR FM NORMAL M PTCLDY (SCALE 4-7) 10
TOTAL FM JUL 1 575 CLOUDY (SCALE 8-10) 13
DPTR FM NORMAL M
[CDD (BASE 65) ]
TOTAL THIS MO. 37
DPTR FM NORMAL M [PRESSURE DATA]
TOTAL FM JAN 1 37 HIGHEST SLP M ON M
DPTR FM NORMAL M LOWEST SLP M ON M
[REMARKS]
#FINAL-01-23#