000
CXUS54 KHGX 072354
CF6ARM
PRELIMINARY LOCAL CLIMATOLOGICAL DATA (WS FORM: F-6)
STATION: Wharton
MONTH: JULY
YEAR: 2021
LATITUDE: 29 15 N
LONGITUDE: 96 9 W
TEMPERATURE IN F: :PCPN: SNOW: WIND :SUNSHINE: SKY :PK WND
================================================================================
1 2 3 4 5 6A 6B 7 8 9 10 11 12 13 14 15 16 17 18
12Z AVG MX 2MIN
DY MAX MIN AVG DEP HDD CDD WTR SNW DPTH SPD SPD DIR MIN PSBL S-S WX SPD DR
================================================================================
1 92 73 83 M 0 18 0.00 0.0 M 2.0 10 130 M M 2 1 M M
2 93 73 83 M 0 18 0.00 0.0 M 1.8 8 160 M M 1 1 M M
3 91 74 83 M 0 18 0.12 0.0 0 1.9 14 130 M M 4 13 21 100
4 88 74 81 M 0 16 0.02 0.0 0 3.5 9 180 M M 5 1 21 80
5 86 73 80 M 0 15 0.09 0.0 0 2.7 10 100 M M 4 138 28 80
6 85 73 79 M 0 14 0.90 0.0 0 5.7 10 140 M M 5 M M
7 83 72 78 M 0 13 0.07 0.0 0 6.8 13 130 M M 7 18 120
8 80 72 76 M 0 11 0.87 0.0 0 7.7 14 110 M M 8 21 110
9 78 72 75 M 0 10 1.35 0.0 0 6.3 15 190 M M 7 3 29 190
10 88 75 82 M 0 17 0.03 0.0 0 7.9 16 160 M M 5 1 22 160
11 89 74 82 M 0 17 0.00 0.0 0 5.5 16 200 M M 6 1 22 190
12 92 73 83 M 0 18 0.00 0.0 0 4.8 13 20 M M 5 1 30 20
13 92 72 82 M 0 17 0.75 0.0 0 2.7 17 260 M M 2 13 28 260
14 86 72 79 M 0 14 0.01 0.0 0 2.2 8 190 M M 3 3 M M
15 88 73 81 M 0 16 0.02 0.0 0 5.3 13 160 M M 2 18 160
16 90 75 83 M 0 18 0.00 0.0 0 7.4 15 160 M M 2 21 170
17 92 73 83 M 0 18 0.00 0.0 0 4.8 12 160 M M 1 M M
18 93 74 84 M 0 19 0.00 0.0 0 3.9 9 130 M M 2 M M
19 92 74 83 M 0 18 0.53 0.0 0 3.6 13 100 M M 4 1 17 100
20 88 75 82 M 0 17 0.09 0.0 0 3.9 10 350 M M 5 3 16 340
21 89 73 81 M 0 16 0.30 0.0 0 3.0 13 120 M M 2 1 20 40
22 88 74 81 M 0 16 0.13 0.0 0 3.1 12 190 M M 2 M M
23 91 75 83 M 0 18 0.00 0.0 0 6.5 14 190 M M 2 17 170
24 93 74 84 M 0 19 0.00 0.0 0 5.5 10 150 M M 2 1 10 200
25 94 72 83 M 0 18 0.00 0.0 0 3.7 9 190 M M 2 1 M M
26 94 71 83 M 0 18 0.00 0.0 0 2.3 6 170 M M 1 12 M M
27 90 74 82 M 0 17 0.00 0.0 0 2.6 12 140 M M 1 M M
28 93 73 83 M 0 18 0.00 0.0 0 2.4 7 130 M M 1 M M
29 92 76 84 M 0 19 0.04 0.0 0 2.7 12 150 M M 2 1 M M
30 95 74 85 M 0 20 0.00 0.0 0 3.1 12 150 M M 2 13 M M
31 94 75 85 M 0 20 0.00 0.0 0 4.1 9 180 M M 2 M M
================================================================================
SM 2779 2277 0 521 5.32 0.0 129.4 M 99
================================================================================
AV 89.6 73.5 4.2 FASTST M M 3 MAX(MPH)
MISC ----> 17 260 30 20
================================================================================
NOTES:
# LAST OF SEVERAL OCCURRENCES
COLUMN 17 PEAK WIND IN M.P.H.
PRELIMINARY LOCAL CLIMATOLOGICAL DATA (WS FORM: F-6) , PAGE 2
STATION: Wharton
MONTH: JULY
YEAR: 2021
LATITUDE: 29 15 N
LONGITUDE: 96 9 W
[TEMPERATURE DATA] [PRECIPITATION DATA] SYMBOLS USED IN COLUMN 16
AVERAGE MONTHLY: 81.5 TOTAL FOR MONTH: 5.32 1 = FOG OR MIST
DPTR FM NORMAL: 0.0 DPTR FM NORMAL: M 2 = FOG REDUCING VISIBILITY
HIGHEST: 95 ON 30 GRTST 24HR 1.35 ON 9- 9 TO 1/4 MILE OR LESS
LOWEST: 71 ON 26 3 = THUNDER
SNOW, ICE PELLETS, HAIL 4 = ICE PELLETS
TOTAL MONTH: 0.0 INCH 5 = HAIL
GRTST 24HR 0.0 6 = FREEZING RAIN OR DRIZZLE
GRTST DEPTH: 0 7 = DUSTSTORM OR SANDSTORM:
VSBY 1/2 MILE OR LESS
8 = SMOKE OR HAZE
[NO. OF DAYS WITH] [WEATHER - DAYS WITH] 9 = BLOWING SNOW
X = TORNADO
MAX 32 OR BELOW: 0 0.01 INCH OR MORE: 16
MAX 90 OR ABOVE: 18 0.10 INCH OR MORE: 8
MIN 32 OR BELOW: 0 0.50 INCH OR MORE: 5
MIN 0 OR BELOW: 0 1.00 INCH OR MORE: 1
[HDD (BASE 65) ]
TOTAL THIS MO. 0 CLEAR (SCALE 0-3) 19
DPTR FM NORMAL M PTCLDY (SCALE 4-7) 11
TOTAL FM JUL 1 0 CLOUDY (SCALE 8-10) 1
DPTR FM NORMAL M
[CDD (BASE 65) ]
TOTAL THIS MO. 521
DPTR FM NORMAL M [PRESSURE DATA]
TOTAL FM JAN 1 1554 HIGHEST SLP M ON M
DPTR FM NORMAL M LOWEST SLP M ON M
[REMARKS]
#FINAL-07-21#