000
CXUS51 KBUF 010905
CF6ART
PRELIMINARY LOCAL CLIMATOLOGICAL DATA (WS FORM: F-6)
STATION: WATERTOWN NY
MONTH: DECEMBER
YEAR: 2022
LATITUDE: 43 59 N
LONGITUDE: 76 2 W
TEMPERATURE IN F: :PCPN: SNOW: WIND :SUNSHINE: SKY :PK WND
================================================================================
1 2 3 4 5 6A 6B 7 8 9 10 11 12 13 14 15 16 17 18
12Z AVG MX 2MIN
DY MAX MIN AVG DEP HDD CDD WTR SNW DPTH SPD SPD DIR MIN PSBL S-S WX SPD DR
================================================================================
1 38 31 35 3 30 0 T M M 21.3 40 270 M M 9 59 260
2 46 33 40 8 25 0 T M M 8.7 20 150 M M 9 34 160
3 50 35 43 11 22 0 0.18 M M 18.6 37 220 M M 10 1 59 230
4 36 31 34 3 31 0 T M M 9.8 22 270 M M 10 33 270
5 44 33 39 8 26 0 0.00 M M 10.0 18 210 M M 1 30 180
6 45 41 43 13 22 0 0.25 M M 6.0 18 170 M M 8 1 30 170
7 47 40 44 14 21 0 0.09 M M 2.2 9 310 M M 10 1 13 310
8 43 33 38 8 27 0 0.00 M M 5.1 13 20 M M 10 1 17 20
9 33 23 28 -1 37 0 0.00 M M 11.2 18 50 M M 6 23 20
10 27 16 22 -7 43 0 0.00 M M 12.7 20 40 M M 0 26 50
11 34 19 27 -2 38 0 0.13 M M 6.9 14 20 M M 8 128 19 20
12 26 1 14 -14 51 0 T M M 8.0 18 30 M M 4 18 24 30
13 27 -1 13 -15 52 0 0.00 M M 2.6 12 10 M M 1 19 20
14 27 4 16 -12 49 0 0.00 M M 6.1 21 10 M M 1 28 10
15 37 14 26 -1 39 0 0.17 M M 9.4 18 70 M M 3 1 23 60
16 34 33 34 7 31 0 0.36 M M 7.0 15 50 M M 10 1 19 50
17 35 31 33 6 32 0 0.01 M M 5.2 20 260 M M 10 1 27 270
18 31 9 20 -6 45 0 0.32 M M 2.3 10 250 M M 9 12 16 260
19 34 24 29 3 36 0 0.01 M M 12.5 26 270 M M 10 1 36 270
20 29 19 24 -2 41 0 T M M 2.5 14 300 M M 10 1 17 310
21 36 17 27 1 38 0 0.00 M M 6.9 16 220 M M 7 1 27 190
22 44 14 29 4 36 0 0.34 M M 8.3 22 110 M M 5 1 39 100
23 48 14 31 6 34 0 1.28 M M 21.9 40 220 M M 10 12 65 210
24 18 12 15 -10 50 0 0.51 M M 23.1 41 220 M M 2 12 65 230
25 26 14 20 -4 45 0 1.10 M M 20.5 31 230 M M 7 49 210
26 28 19 24 0 41 0 0.07 M M 15.3 29 260 M M 5 41 270
27 28 23 26 2 39 0 0.15 M M 7.8 22 270 M M 10 31 220
28 41 27 34 10 31 0 T M M 7.3 15 210 M M 6 24 210
29 50 38 44 21 21 0 0.00 M M 8.4 17 210 M M 4 28 210
30 56 47 52 29 13 0 0.01 M M 7.4 15 300 M M 10 1 26 200
31 51 41 46 23 19 0 0.24 M M 4.1 15 230 M M 10 12 22 230
================================================================================
SM 1149 735 1065 0 5.22 M 299.1 M 215
================================================================================
AV 37.1 23.7 9.6 FASTST M M 7 MAX(MPH)
MISC ----> 41 220 # 65 210
================================================================================
NOTES:
# LAST OF SEVERAL OCCURRENCES
COLUMN 17 PEAK WIND IN M.P.H.
PRELIMINARY LOCAL CLIMATOLOGICAL DATA (WS FORM: F-6) , PAGE 2
STATION: WATERTOWN NY
MONTH: DECEMBER
YEAR: 2022
LATITUDE: 43 59 N
LONGITUDE: 76 2 W
[TEMPERATURE DATA] [PRECIPITATION DATA] SYMBOLS USED IN COLUMN 16
AVERAGE MONTHLY: 30.4 TOTAL FOR MONTH: 5.22 1 = FOG OR MIST
DPTR FM NORMAL: 3.1 DPTR FM NORMAL: 2.08 2 = FOG REDUCING VISIBILITY
HIGHEST: 56 ON 30 GRTST 24HR 1.63 ON 23-24 TO 1/4 MILE OR LESS
LOWEST: -1 ON 13 3 = THUNDER
SNOW, ICE PELLETS, HAIL 4 = ICE PELLETS
TOTAL MONTH: M 5 = HAIL
GRTST 24HR M ON M 6 = FREEZING RAIN OR DRIZZLE
GRTST DEPTH: M ON M 7 = DUSTSTORM OR SANDSTORM:
VSBY 1/2 MILE OR LESS
8 = SMOKE OR HAZE
[NO. OF DAYS WITH] [WEATHER - DAYS WITH] 9 = BLOWING SNOW
X = TORNADO
MAX 32 OR BELOW: 10 0.01 INCH OR MORE: 17
MAX 90 OR ABOVE: 0 0.10 INCH OR MORE: 12
MIN 32 OR BELOW: 21 0.50 INCH OR MORE: 3
MIN 0 OR BELOW: 1 1.00 INCH OR MORE: 2
[HDD (BASE 65) ]
TOTAL THIS MO. 1065 CLEAR (SCALE 0-3) 5
DPTR FM NORMAL -105 PTCLDY (SCALE 4-7) 11
TOTAL FM JUL 1 2423 CLOUDY (SCALE 8-10) 15
DPTR FM NORMAL -314
[CDD (BASE 65) ]
TOTAL THIS MO. 0
DPTR FM NORMAL 0 [PRESSURE DATA]
TOTAL FM JAN 1 484 HIGHEST SLP 30.52 ON 10
DPTR FM NORMAL 99 LOWEST SLP 28.91 ON 23
[REMARKS]
#FINAL-12-22#