000
CXUS53 KARX 012113
CF6ARX
PRELIMINARY LOCAL CLIMATOLOGICAL DATA (WS FORM: F-6)
STATION: LA CROSSE WEATHER OFFICE WI
MONTH: JUNE
YEAR: 2023
LATITUDE: 43 49 N
LONGITUDE: 91 12 W
TEMPERATURE IN F: :PCPN: SNOW: WIND :SUNSHINE: SKY :PK WND
================================================================================
1 2 3 4 5 6A 6B 7 8 9 10 11 12 13 14 15 16 17 18
12Z AVG MX 2MIN
DY MAX MIN AVG DEP HDD CDD WTR SNW DPTH SPD SPD DIR MIN PSBL S-S WX SPD DR
================================================================================
1 86 66 76 13 0 11 T 0.0 0 M M M M M M 19 M
2 87 65 76 13 0 11 0.45 0.0 0 M M M M M M 3 M M
3 87 62 75 11 0 10 0.00 0.0 0 M M M M M M M M
4 84 63 74 10 0 9 0.00 0.0 0 M M M M M M M M
5 82 61 72 8 0 7 0.00 0.0 0 M M M M M M M M
6 83 64 74 10 0 9 0.00 0.0 0 M M M M M M 10 M
7 75 56 66 1 0 1 0.00 0.0 0 M M M M M M 18 M
8 74 51 63 -2 2 0 0.00 0.0 0 M M M M M M 15 M
9 80 55 68 3 0 3 0.00 0.0 0 M M M M M M 11 M
10 79 56 68 2 0 3 T 0.0 0 M M M M M M 15 M
11 63 48 56 -10 9 0 0.01 0.0 0 M M M M M M 19 M
12 70 44 57 -9 8 0 T 0.0 0 M M M M M M M M
13 75 51 63 -3 2 0 0.08 0.0 0 M M M M M M 1 15 M
14 81 60 71 4 0 6 0.00 0.0 0 M M M M M M 8 10 M
15 68 48 58 -9 7 0 0.00 0.0 0 M M M M M M 8 15 M
16 76 45 61 -6 4 0 0.00 0.0 0 M M M M M M M M
17 79 57 68 0 0 3 0.00 0.0 0 M M M M M M M M
18 78 61 70 2 0 5 1.30 0.0 0 M M M M M M 3 M M
19 85 62 74 6 0 9 T 0.0 0 M M M M M M M M
20 85 65 75 7 0 10 0.00 0.0 0 M M M M M M M M
21 87 59 73 5 0 8 0.00 0.0 0 M M M M M M M M
22 86 65 76 7 0 11 0.00 0.0 0 M M M M M M M M
23 87 65 76 7 0 11 0.00 0.0 0 M M M M M M M 5
24 86 62 74 5 0 9 0.24 0.0 0 M M M M M M 29 M
25 73 62 68 -1 0 3 0.13 0.0 0 M M M M M M 3 22 M
26 72 60 66 -3 0 1 T 0.0 0 M M M M M M 24 M
27 82 55 69 -1 0 4 0.00 0.0 0 M M M M M M 10 M
28 81 64 73 3 0 8 T 0.0 0 M M M M M M 25 M
29 84 64 74 4 0 9 T 0.0 0 M M M M M M 15 M
30 83 65 74 4 0 9 0.00 0.0 0 M M M M M M M M
================================================================================
SM 2398 1761 32 170 2.21 0.0 M M M
================================================================================
AV 79.9 58.7 M FASTST M M M MAX(MPH)
MISC ----> M M 29 9999
================================================================================
NOTES:
# LAST OF SEVERAL OCCURRENCES
COLUMN 17 PEAK WIND IN M.P.H.
PRELIMINARY LOCAL CLIMATOLOGICAL DATA (WS FORM: F-6) , PAGE 2
STATION: LA CROSSE WEATHER OFFICE WI
MONTH: JUNE
YEAR: 2023
LATITUDE: 43 49 N
LONGITUDE: 91 12 W
[TEMPERATURE DATA] [PRECIPITATION DATA] SYMBOLS USED IN COLUMN 16
AVERAGE MONTHLY: 69.3 TOTAL FOR MONTH: 2.21 1 = FOG OR MIST
DPTR FM NORMAL: 2.4 DPTR FM NORMAL: -3.08 2 = FOG REDUCING VISIBILITY
HIGHEST: 87 ON 23,21 GRTST 24HR 1.30 ON 18-18 TO 1/4 MILE OR LESS
LOWEST: 44 ON 12 3 = THUNDER
SNOW, ICE PELLETS, HAIL 4 = ICE PELLETS
TOTAL MONTH: 0.0 INCH 5 = HAIL
GRTST 24HR 0.0 6 = FREEZING RAIN OR DRIZZLE
GRTST DEPTH: 0 7 = DUSTSTORM OR SANDSTORM:
VSBY 1/2 MILE OR LESS
8 = SMOKE OR HAZE
[NO. OF DAYS WITH] [WEATHER - DAYS WITH] 9 = BLOWING SNOW
X = TORNADO
MAX 32 OR BELOW: 0 0.01 INCH OR MORE: 6
MAX 90 OR ABOVE: 0 0.10 INCH OR MORE: 4
MIN 32 OR BELOW: 0 0.50 INCH OR MORE: 1
MIN 0 OR BELOW: 0 1.00 INCH OR MORE: 1
[HDD (BASE 65) ]
TOTAL THIS MO. 32 CLEAR (SCALE 0-3) 0
DPTR FM NORMAL -22 PTCLDY (SCALE 4-7) 0
TOTAL FM JUL 1 7243 CLOUDY (SCALE 8-10) 30
DPTR FM NORMAL -352
[CDD (BASE 65) ]
TOTAL THIS MO. 170
DPTR FM NORMAL 59 [PRESSURE DATA]
TOTAL FM JAN 1 226 HIGHEST SLP M ON M
DPTR FM NORMAL 83 LOWEST SLP M ON M
[REMARKS]
#FINAL-06-23#