000
CXUS53 KARX 011348
CF6ARX
PRELIMINARY LOCAL CLIMATOLOGICAL DATA (WS FORM: F-6)
STATION: LA CROSSE WEATHER OFFICE WI
MONTH: DECEMBER
YEAR: 2022
LATITUDE: 43 49 N
LONGITUDE: 91 12 W
TEMPERATURE IN F: :PCPN: SNOW: WIND :SUNSHINE: SKY :PK WND
================================================================================
1 2 3 4 5 6A 6B 7 8 9 10 11 12 13 14 15 16 17 18
12Z AVG MX 2MIN
DY MAX MIN AVG DEP HDD CDD WTR SNW DPTH SPD SPD DIR MIN PSBL S-S WX SPD DR
================================================================================
1 32 10 21 -7 44 0 0.00 0.0 T M M M M M M 30 M
2 43 20 32 5 33 0 T T T M M M M M M 34 M
3 20 6 13 -14 52 0 T T 0 M M M M M M 34 M
4 36 15 26 0 39 0 0.00 0.0 0 M M M M M M 29 M
5 36 23 30 4 35 0 0.00 0.0 0 M M M M M M 29 M
6 30 19 25 -1 40 0 0.00 0.0 0 M M M M M M 33 M
7 25 14 20 -5 45 0 0.00 0.0 0 M M M M M M 1 16 M
8 29 14 22 -3 43 0 0.00 0.0 0 M M M M M M M M
9 31 23 27 3 38 0 0.38 4.9 T M M M M M M 23 M
10 32 28 30 6 35 0 0.01 T 5 M M M M M M 23 M
11 33 29 31 7 34 0 0.00 0.0 4 M M M M M M 15 M
12 33 29 31 8 34 0 0.00 0.0 3 M M M M M M 23 M
13 33 31 32 9 33 0 0.30 0.0 3 M M M M M M 1 30 M
14 36 30 33 10 32 0 0.72 1.2 3 M M M M M M 14 29 M
15 30 21 26 4 39 0 0.57 6.0 5 M M M M M M 1 29 M
16 23 18 21 -1 44 0 0.16 1.5 7 M M M M M M 23 M
17 21 13 17 -5 48 0 0.02 0.5 7 M M M M M M 23 M
18 13 -1 6 -15 59 0 T T 7 M M M M M M M M
19 19 -5 7 -14 58 0 0.11 1.4 7 M M M M M M 1 14 M
20 19 -7 6 -15 59 0 0.01 0.2 8 M M M M M M 14 M
21 7 -9 -1 -21 66 0 0.21 2.2 7 M M M M M M 11 M
22 6 -15 -4 -24 69 0 0.06 1.5 10 M M M M M M 1 19 M
23 -4 -15 -9 -29 74 0 0.00 0.0 10 M M M M M M 26 M
24 6 -6 0 -20 65 0 0.00 0.0 8 M M M M M M 31 M
25 6 -7 0 -19 65 0 0.03 0.5 7 M M M M M M 23 M
26 12 1 7 -12 58 0 T 0.1 7 M M M M M M 15 M
27 22 0 11 -8 54 0 0.00 0.0 7 M M M M M M 30 M
28 39 22 31 12 34 0 0.00 0.0 6 M M M M M M 30 M
29 43 32 38 20 27 0 T 0.0 5 M M M M M M 12 23 M
30 32 18 25 7 40 0 T T 2 M M M M M M 23 M
31 32 16 24 6 41 0 T T 2 M M M M M M 24 M
================================================================================
SM 775 367 1437 0 2.58 20.0 M M M
================================================================================
AV 25.0 11.8 M FASTST M M M MAX(MPH)
MISC ----> M M # 34 9999
================================================================================
NOTES:
# LAST OF SEVERAL OCCURRENCES
COLUMN 17 PEAK WIND IN M.P.H.
PRELIMINARY LOCAL CLIMATOLOGICAL DATA (WS FORM: F-6) , PAGE 2
STATION: LA CROSSE WEATHER OFFICE WI
MONTH: DECEMBER
YEAR: 2022
LATITUDE: 43 49 N
LONGITUDE: 91 12 W
[TEMPERATURE DATA] [PRECIPITATION DATA] SYMBOLS USED IN COLUMN 16
AVERAGE MONTHLY: 18.4 TOTAL FOR MONTH: 2.58 1 = FOG OR MIST
DPTR FM NORMAL: -3.9 DPTR FM NORMAL: 1.09 2 = FOG REDUCING VISIBILITY
HIGHEST: 43 ON 29, 2 GRTST 24HR 0.72 ON 14-14 TO 1/4 MILE OR LESS
LOWEST: -15 ON 23,22 3 = THUNDER
SNOW, ICE PELLETS, HAIL 4 = ICE PELLETS
TOTAL MONTH: 20.0 INCHES 5 = HAIL
GRTST 24HR 6.0 ON 15-15 6 = FREEZING RAIN OR DRIZZLE
GRTST DEPTH: 10 ON 23,22 7 = DUSTSTORM OR SANDSTORM:
VSBY 1/2 MILE OR LESS
8 = SMOKE OR HAZE
[NO. OF DAYS WITH] [WEATHER - DAYS WITH] 9 = BLOWING SNOW
X = TORNADO
MAX 32 OR BELOW: 22 0.01 INCH OR MORE: 12
MAX 90 OR ABOVE: 0 0.10 INCH OR MORE: 7
MIN 32 OR BELOW: 31 0.50 INCH OR MORE: 2
MIN 0 OR BELOW: 9 1.00 INCH OR MORE: 0
[HDD (BASE 65) ]
TOTAL THIS MO. 1437 CLEAR (SCALE 0-3) 0
DPTR FM NORMAL 113 PTCLDY (SCALE 4-7) 0
TOTAL FM JUL 1 2955 CLOUDY (SCALE 8-10) 31
DPTR FM NORMAL 15
[CDD (BASE 65) ]
TOTAL THIS MO. 0
DPTR FM NORMAL 0 [PRESSURE DATA]
TOTAL FM JAN 1 595 HIGHEST SLP M ON M
DPTR FM NORMAL 52 LOWEST SLP M ON M
[REMARKS]
#FINAL-12-22#