000
CXUS53 KARX 041457
CF6ARX
PRELIMINARY LOCAL CLIMATOLOGICAL DATA (WS FORM: F-6)
STATION: LA CROSSE WEATHER OFFICE WI
MONTH: NOVEMBER
YEAR: 2021
LATITUDE: 43 49 N
LONGITUDE: 91 12 W
TEMPERATURE IN F: :PCPN: SNOW: WIND :SUNSHINE: SKY :PK WND
================================================================================
1 2 3 4 5 6A 6B 7 8 9 10 11 12 13 14 15 16 17 18
12Z AVG MX 2MIN
DY MAX MIN AVG DEP HDD CDD WTR SNW DPTH SPD SPD DIR MIN PSBL S-S WX SPD DR
================================================================================
1 40 28 34 -8 31 0 T T 0 M M M M M M 22 M
2 40 30 35 -6 30 0 0.00 0.0 0 M M M M M M 19 M
3 42 25 34 -7 31 0 0.00 0.0 0 M M M M M M 14 M
4 50 32 41 1 24 0 T T 0 M M M M M M 18 M
5 52 35 44 4 21 0 0.00 0.0 0 M M M M M M 32 M
6 61 39 50 11 15 0 0.00 0.0 0 M M M M M M 32 M
7 63 46 55 16 10 0 0.00 0.0 0 M M M M M M 22 M
8 62 44 53 15 12 0 0.00 0.0 0 M M M M M M 22 M
9 54 39 47 9 18 0 0.00 0.0 0 M M M M M M 22 M
10 54 35 45 8 20 0 0.68 0.0 0 M M M M M M 29 M
11 52 32 42 5 23 0 0.97 T 0 M M M M M M 33 M
12 36 31 34 -2 31 0 0.06 0.2 T M M M M M M 1 28 M
13 32 28 30 -6 35 0 0.08 0.6 T M M M M M M 22 M
14 31 27 29 -6 36 0 0.01 0.1 1 M M M M M M 31 M
15 32 24 28 -7 37 0 0.00 0.0 T M M M M M M 8 M
16 44 23 34 0 31 0 0.00 0.0 T M M M M M M 34 M
17 45 29 37 3 28 0 0.00 0.0 0 M M M M M M 34 M
18 30 23 27 -6 38 0 T T 0 M M M M M M 32 M
19 37 20 29 -4 36 0 0.00 0.0 0 M M M M M M 31 M
20 45 32 39 7 26 0 0.00 0.0 0 M M M M M M 24 M
21 43 20 32 0 33 0 0.00 0.0 0 M M M M M M 38 M
22 30 14 22 -10 43 0 0.00 0.0 0 M M M M M M 38 M
23 45 24 35 4 30 0 0.00 0.0 0 M M M M M M 37 M
24 53 31 42 11 23 0 0.00 0.0 0 M M M M M M 37 M
25 31 13 22 -8 43 0 T T 0 M M M M M M 6 25 M
26 30 13 22 -8 43 0 0.00 0.0 0 M M M M M M 19 M
27 37 26 32 3 33 0 T T 0 M M M M M M 19 M
28 35 24 30 1 35 0 0.00 0.0 0 M M M M M M 22 M
29 48 28 38 10 27 0 T 0.0 0 M M M M M M 25 M
30 43 29 36 8 29 0 T T 0 M M M M M M 16 M
================================================================================
SM 1297 844 872 0 1.80 0.9 M M M
================================================================================
AV 43.2 28.1 M FASTST M M M MAX(MPH)
MISC ----> M M # 38 9999
================================================================================
NOTES:
# LAST OF SEVERAL OCCURRENCES
COLUMN 17 PEAK WIND IN M.P.H.
PRELIMINARY LOCAL CLIMATOLOGICAL DATA (WS FORM: F-6) , PAGE 2
STATION: LA CROSSE WEATHER OFFICE WI
MONTH: NOVEMBER
YEAR: 2021
LATITUDE: 43 49 N
LONGITUDE: 91 12 W
[TEMPERATURE DATA] [PRECIPITATION DATA] SYMBOLS USED IN COLUMN 16
AVERAGE MONTHLY: 35.7 TOTAL FOR MONTH: 1.80 1 = FOG OR MIST
DPTR FM NORMAL: 1.0 DPTR FM NORMAL: -0.14 2 = FOG REDUCING VISIBILITY
HIGHEST: 63 ON 7 GRTST 24HR 0.97 ON 11-11 TO 1/4 MILE OR LESS
LOWEST: 13 ON 26,25 3 = THUNDER
SNOW, ICE PELLETS, HAIL 4 = ICE PELLETS
TOTAL MONTH: 0.9 INCH 5 = HAIL
GRTST 24HR 0.6 ON 13-13 6 = FREEZING RAIN OR DRIZZLE
GRTST DEPTH: 1 ON 14 7 = DUSTSTORM OR SANDSTORM:
VSBY 1/2 MILE OR LESS
8 = SMOKE OR HAZE
[NO. OF DAYS WITH] [WEATHER - DAYS WITH] 9 = BLOWING SNOW
X = TORNADO
MAX 32 OR BELOW: 7 0.01 INCH OR MORE: 5
MAX 90 OR ABOVE: 0 0.10 INCH OR MORE: 2
MIN 32 OR BELOW: 24 0.50 INCH OR MORE: 2
MIN 0 OR BELOW: 0 1.00 INCH OR MORE: 0
[HDD (BASE 65) ]
TOTAL THIS MO. 872 CLEAR (SCALE 0-3) 0
DPTR FM NORMAL -37 PTCLDY (SCALE 4-7) 0
TOTAL FM JUL 1 1299 CLOUDY (SCALE 8-10) 30
DPTR FM NORMAL -317
[CDD (BASE 65) ]
TOTAL THIS MO. 0
DPTR FM NORMAL 0 [PRESSURE DATA]
TOTAL FM JAN 1 671 HIGHEST SLP M ON M
DPTR FM NORMAL 128 LOWEST SLP M ON M
[REMARKS]
#FINAL-11-21#