000
CXUS53 KARX 020625
CF6ARX
PRELIMINARY LOCAL CLIMATOLOGICAL DATA (WS FORM: F-6)
STATION: LA CROSSE WEATHER OFFICE WI
MONTH: DECEMBER
YEAR: 2023
LATITUDE: 43 49 N
LONGITUDE: 91 12 W
TEMPERATURE IN F: :PCPN: SNOW: WIND :SUNSHINE: SKY :PK WND
================================================================================
1 2 3 4 5 6A 6B 7 8 9 10 11 12 13 14 15 16 17 18
12Z AVG MX 2MIN
DY MAX MIN AVG DEP HDD CDD WTR SNW DPTH SPD SPD DIR MIN PSBL S-S WX SPD DR
================================================================================
1 31 22 27 -1 38 0 0.00 0.0 0 M M M M M M 15 M
2 35 20 28 1 37 0 T T 0 M M M M M M 12 M
3 34 29 32 5 33 0 0.19 1.7 1 M M M M M M 10 M
4 36 27 32 6 33 0 T T 1 M M M M M M 10 M
5 31 28 30 4 35 0 T T T M M M M M M 12 M
6 39 24 32 6 33 0 0.00 0.0 T M M M M M M 27 M
7 50 32 41 16 24 0 0.00 0.0 0 M M M M M M 20 M
8 50 41 46 21 19 0 0.00 0.0 0 M M M M M M 16 M
9 42 27 35 11 30 0 0.03 0.5 0 M M M M M M 4 19 M
10 27 21 24 0 41 0 0.00 0.0 T M M M M M M 27 M
11 30 19 25 1 40 0 0.00 0.0 T M M M M M M 26 M
12 30 20 25 2 40 0 0.00 0.0 T M M M M M M 26 M
13 44 19 32 9 33 0 0.00 0.0 T M M M M M M 24 M
14 49 30 40 17 25 0 0.00 0.0 0 M M M M M M 22 M
15 43 36 40 18 25 0 T 0.0 0 M M M M M M 14 M
16 41 35 38 16 27 0 0.14 0.0 0 M M M M M M 20 M
17 36 30 33 11 32 0 T T 0 M M M M M M 26 M
18 31 13 22 1 43 0 T T 0 M M M M M M 35 M
19 32 12 22 1 43 0 0.00 0.0 0 M M M M M M 26 M
20 42 24 33 12 32 0 0.00 0.0 0 M M M M M M 11 M
21 37 27 32 12 33 0 T 0.0 0 M M M M M M 21 M
22 42 35 39 19 26 0 T 0.0 0 M M M M M M 9 M
23 44 39 42 22 23 0 T 0.0 0 M M M M M M 1 12 M
24 51 43 47 27 18 0 0.23 0.0 0 M M M M M M 12 20 M
25 52 47 50 31 15 0 0.50 0.0 0 M M M M M M 1 33 M
26 48 29 39 20 26 0 0.13 T 0 M M M M M M 1 29 M
27 35 26 31 12 34 0 T T 0 M M M M M M 14 M
28 32 25 29 10 36 0 0.02 0.3 0 M M M M M M 22 M
29 39 25 32 14 33 0 0.00 0.0 0 M M M M M M 22 M
30 29 25 27 9 38 0 T T 0 M M M M M M 6 12 M
31 29 23 26 8 39 0 0.02 0.2 T M M M M M M 6 13 M
================================================================================
SM 1191 853 984 0 1.26 2.7 M M M
================================================================================
AV 38.4 27.5 M FASTST M M M MAX(MPH)
MISC ----> M M 35 9999
================================================================================
NOTES:
# LAST OF SEVERAL OCCURRENCES
COLUMN 17 PEAK WIND IN M.P.H.
PRELIMINARY LOCAL CLIMATOLOGICAL DATA (WS FORM: F-6) , PAGE 2
STATION: LA CROSSE WEATHER OFFICE WI
MONTH: DECEMBER
YEAR: 2023
LATITUDE: 43 49 N
LONGITUDE: 91 12 W
[TEMPERATURE DATA] [PRECIPITATION DATA] SYMBOLS USED IN COLUMN 16
AVERAGE MONTHLY: 33.0 TOTAL FOR MONTH: 1.26 1 = FOG OR MIST
DPTR FM NORMAL: 10.7 DPTR FM NORMAL: -0.23 2 = FOG REDUCING VISIBILITY
HIGHEST: 52 ON 25 GRTST 24HR 0.50 ON 25-25 TO 1/4 MILE OR LESS
LOWEST: 12 ON 19 3 = THUNDER
SNOW, ICE PELLETS, HAIL 4 = ICE PELLETS
TOTAL MONTH: 2.7 INCHES 5 = HAIL
GRTST 24HR 1.7 ON 3- 3 6 = FREEZING RAIN OR DRIZZLE
GRTST DEPTH: 1 ON 4, 3 7 = DUSTSTORM OR SANDSTORM:
VSBY 1/2 MILE OR LESS
8 = SMOKE OR HAZE
[NO. OF DAYS WITH] [WEATHER - DAYS WITH] 9 = BLOWING SNOW
X = TORNADO
MAX 32 OR BELOW: 10 0.01 INCH OR MORE: 8
MAX 90 OR ABOVE: 0 0.10 INCH OR MORE: 5
MIN 32 OR BELOW: 24 0.50 INCH OR MORE: 1
MIN 0 OR BELOW: 0 1.00 INCH OR MORE: 0
[HDD (BASE 65) ]
TOTAL THIS MO. 984 CLEAR (SCALE 0-3) 0
DPTR FM NORMAL -340 PTCLDY (SCALE 4-7) 0
TOTAL FM JUL 1 2389 CLOUDY (SCALE 8-10) 31
DPTR FM NORMAL -551
[CDD (BASE 65) ]
TOTAL THIS MO. 0
DPTR FM NORMAL 0 [PRESSURE DATA]
TOTAL FM JAN 1 692 HIGHEST SLP M ON M
DPTR FM NORMAL 149 LOWEST SLP M ON M
[REMARKS]
#FINAL-12-23#