000
CXUS53 KARX 011737
CF6ARX
PRELIMINARY LOCAL CLIMATOLOGICAL DATA (WS FORM: F-6)
STATION: La Crosse Weather Office WI
MONTH: SEPTEMBER
YEAR: 2020
LATITUDE: 43 49 N
LONGITUDE: 91 12 W
TEMPERATURE IN F: :PCPN: SNOW: WIND :SUNSHINE: SKY :PK WND
================================================================================
1 2 3 4 5 6A 6B 7 8 9 10 11 12 13 14 15 16 17 18
12Z AVG MX 2MIN
DY MAX MIN AVG DEP HDD CDD WTR SNW DPTH SPD SPD DIR MIN PSBL S-S WX SPD DR
================================================================================
1 69 53 61 -5 4 0 T 0.0 0 M M M M M M 25 M
2 77 56 67 1 0 2 0.00 0.0 0 M M M M M M 19 M
3 69 52 61 -5 4 0 T 0.0 0 M M M M M M 33 M
4 72 49 61 -5 4 0 0.00 0.0 0 M M M M M M 29 M
5 75 51 63 -2 2 0 0.00 0.0 0 M M M M M M 22 M
6 77 57 67 2 0 2 0.41 0.0 0 M M M M M M 3 35 M
7 65 48 57 -7 8 0 T 0.0 0 M M M M M M 23 M
8 48 43 46 -18 19 0 0.48 0.0 0 M M M M M M 1 15 M
9 45 42 44 -20 21 0 0.69 0.0 0 M M M M M M 12 15 M
10 51 41 46 -17 19 0 0.10 0.0 0 M M M M M M 12 10 M
11 59 47 53 -10 12 0 0.25 0.0 0 M M M M M M 18 M
12 62 54 58 -5 7 0 1.05 0.0 0 M M M M M M 1 13 M
13 68 51 60 -2 5 0 0.00 0.0 0 M M M M M M 12 10 M
14 72 52 62 0 3 0 0.00 0.0 0 M M M M M M 21 M
15 75 59 67 6 0 2 0.00 0.0 0 M M M M M M 26 M
16 70 52 61 0 4 0 0.00 0.0 0 M M M M M M 27 M
17 60 44 52 -9 13 0 0.00 0.0 0 M M M M M M 21 M
18 60 38 49 -11 16 0 0.00 0.0 0 M M M M M M 12 M
19 65 44 55 -5 10 0 0.00 0.0 0 M M M M M M 20 M
20 67 50 59 0 6 0 0.00 0.0 0 M M M M M M 31 M
21 71 53 62 3 3 0 0.00 0.0 0 M M M M M M 31 M
22 77 57 67 9 0 2 0.02 0.0 0 M M M M M M 3 22 M
23 78 58 68 10 0 3 0.00 0.0 0 M M M M M M 14 M
24 66 58 62 4 3 0 0.77 0.0 0 M M M M M M 13 20 M
25 77 59 68 11 0 3 0.00 0.0 0 M M M M M M 31 220
26 71 62 67 10 0 2 0.00 0.0 0 M M M M M M 31 230
27 68 51 60 4 5 0 T 0.0 0 M M M M M M 27 M
28 55 45 50 -6 15 0 0.03 0.0 0 M M M M M M 21 M
29 60 44 52 -3 13 0 0.00 0.0 0 M M M M M M 21 M
30 59 42 51 -4 14 0 0.05 0.0 0 M M M M M M 39 M
================================================================================
SM 1988 1512 210 16 3.85 0.0 M M M
================================================================================
AV 66.3 50.4 M FASTST M M 3 MAX(MPH)
MISC ----> M M 39 M
================================================================================
NOTES:
# LAST OF SEVERAL OCCURRENCES
COLUMN 17 PEAK WIND IN M.P.H.
PRELIMINARY LOCAL CLIMATOLOGICAL DATA (WS FORM: F-6) , PAGE 2
STATION: La Crosse Weather Office WI
MONTH: SEPTEMBER
YEAR: 2020
LATITUDE: 43 49 N
LONGITUDE: 91 12 W
[TEMPERATURE DATA] [PRECIPITATION DATA] SYMBOLS USED IN COLUMN 16
AVERAGE MONTHLY: 58.3 TOTAL FOR MONTH: 3.85 1 = FOG OR MIST
DPTR FM NORMAL: -2.7 DPTR FM NORMAL: 0.07 2 = FOG REDUCING VISIBILITY
HIGHEST: 78 ON 23 GRTST 24HR 1.05 ON 12-12 TO 1/4 MILE OR LESS
LOWEST: 38 ON 18 3 = THUNDER
SNOW, ICE PELLETS, HAIL 4 = ICE PELLETS
TOTAL MONTH: 0.0 INCH 5 = HAIL
GRTST 24HR 0.0 6 = FREEZING RAIN OR DRIZZLE
GRTST DEPTH: 0 7 = DUSTSTORM OR SANDSTORM:
VSBY 1/2 MILE OR LESS
8 = SMOKE OR HAZE
[NO. OF DAYS WITH] [WEATHER - DAYS WITH] 9 = BLOWING SNOW
X = TORNADO
MAX 32 OR BELOW: 0 0.01 INCH OR MORE: 10
MAX 90 OR ABOVE: 0 0.10 INCH OR MORE: 7
MIN 32 OR BELOW: 0 0.50 INCH OR MORE: 3
MIN 0 OR BELOW: 0 1.00 INCH OR MORE: 1
[HDD (BASE 65) ]
TOTAL THIS MO. 210 CLEAR (SCALE 0-3) 0
DPTR FM NORMAL 45 PTCLDY (SCALE 4-7) 0
TOTAL FM JUL 1 231 CLOUDY (SCALE 8-10) 0
DPTR FM NORMAL 30
[CDD (BASE 65) ]
TOTAL THIS MO. 16
DPTR FM NORMAL -29 [PRESSURE DATA]
TOTAL FM JAN 1 621 HIGHEST SLP M ON M
DPTR FM NORMAL 120 LOWEST SLP M ON M
[REMARKS]
#FINAL-09-20#