000
CXUS53 KARX 011535
CF6ARX
PRELIMINARY LOCAL CLIMATOLOGICAL DATA (WS FORM: F-6)
STATION: LA CROSSE WEATHER OFFICE WI
MONTH: OCTOBER
YEAR: 2023
LATITUDE: 43 49 N
LONGITUDE: 91 12 W
TEMPERATURE IN F: :PCPN: SNOW: WIND :SUNSHINE: SKY :PK WND
================================================================================
1 2 3 4 5 6A 6B 7 8 9 10 11 12 13 14 15 16 17 18
12Z AVG MX 2MIN
DY MAX MIN AVG DEP HDD CDD WTR SNW DPTH SPD SPD DIR MIN PSBL S-S WX SPD DR
================================================================================
1 87 67 77 22 0 12 0.00 0.0 0 M M M M M M 21 M
2 84 64 74 19 0 9 0.00 0.0 0 M M M M M M 20 M
3 82 64 73 19 0 8 0.00 0.0 0 M M M M M M 21 M
4 73 54 64 10 1 0 T 0.0 0 M M M M M M 24 M
5 68 48 58 5 7 0 0.00 0.0 0 M M M M M M 29 M
6 49 42 46 -7 19 0 0.01 0.0 0 M M M M M M 29 M
7 50 39 45 -8 20 0 0.00 0.0 0 M M M M M M 25 M
8 56 42 49 -3 16 0 T 0.0 0 M M M M M M 18 M
9 53 39 46 -6 19 0 0.00 0.0 0 M M M M M M 23 M
10 57 35 46 -5 19 0 0.00 0.0 0 M M M M M M 21 M
11 62 36 49 -2 16 0 0.00 0.0 0 M M M M M M 21 M
12 46 41 44 -6 21 0 0.70 0.0 0 M M M M M M 30 M
13 50 45 48 -2 17 0 1.25 0.0 0 M M M M M M 33 M
14 54 43 49 -1 16 0 T 0.0 0 M M M M M M 21 M
15 54 39 47 -2 18 0 T 0.0 0 M M M M M M 21 M
16 50 36 43 -6 22 0 0.00 0.0 0 M M M M M M 21 M
17 64 37 51 3 14 0 0.00 0.0 0 M M M M M M 14 M
18 62 48 55 7 10 0 0.01 0.0 0 M M M M M M 25 M
19 53 45 49 1 16 0 0.06 0.0 0 M M M M M M 1 15 M
20 61 42 52 5 13 0 0.00 0.0 0 M M M M M M 16 M
21 55 44 50 3 15 0 T 0.0 0 M M M M M M 31 M
22 54 37 46 0 19 0 T 0.0 0 M M M M M M 15 M
23 61 43 52 6 13 0 0.28 0.0 0 M M M M M M 3 33 M
24 73 57 65 20 0 0 0.37 0.0 0 M M M M M M 3 33 M
25 63 55 59 14 6 0 0.12 0.0 0 M M M M M M 28 M
26 63 58 61 17 4 0 0.81 0.0 0 M M M M M M 16 M
27 62 33 48 4 17 0 0.21 0.0 0 M M M M M M 28 M
28 33 29 31 -13 34 0 0.02 0.2 0 M M M M M M 28 M
29 36 26 31 -12 34 0 0.00 0.0 T M M M M M M 14 M
30 35 20 28 -15 37 0 T T 0 M M M M M M 22 M
31 32 23 28 -14 37 0 0.10 1.7 1 M M M M M M 1 24 M
================================================================================
SM 1782 1331 480 29 3.94 1.9 M M M
================================================================================
AV 57.5 42.9 M FASTST M M M MAX(MPH)
MISC ----> M M # 33 9999
================================================================================
NOTES:
# LAST OF SEVERAL OCCURRENCES
COLUMN 17 PEAK WIND IN M.P.H.
PRELIMINARY LOCAL CLIMATOLOGICAL DATA (WS FORM: F-6) , PAGE 2
STATION: LA CROSSE WEATHER OFFICE WI
MONTH: OCTOBER
YEAR: 2023
LATITUDE: 43 49 N
LONGITUDE: 91 12 W
[TEMPERATURE DATA] [PRECIPITATION DATA] SYMBOLS USED IN COLUMN 16
AVERAGE MONTHLY: 50.2 TOTAL FOR MONTH: 3.94 1 = FOG OR MIST
DPTR FM NORMAL: 1.4 DPTR FM NORMAL: 1.03 2 = FOG REDUCING VISIBILITY
HIGHEST: 87 ON 1 GRTST 24HR 1.25 ON 13-13 TO 1/4 MILE OR LESS
LOWEST: 20 ON 30 3 = THUNDER
SNOW, ICE PELLETS, HAIL 4 = ICE PELLETS
TOTAL MONTH: 1.9 INCHES 5 = HAIL
GRTST 24HR 1.7 ON 31-31 6 = FREEZING RAIN OR DRIZZLE
GRTST DEPTH: 1 ON 31 7 = DUSTSTORM OR SANDSTORM:
VSBY 1/2 MILE OR LESS
8 = SMOKE OR HAZE
[NO. OF DAYS WITH] [WEATHER - DAYS WITH] 9 = BLOWING SNOW
X = TORNADO
MAX 32 OR BELOW: 1 0.01 INCH OR MORE: 12
MAX 90 OR ABOVE: 0 0.10 INCH OR MORE: 8
MIN 32 OR BELOW: 4 0.50 INCH OR MORE: 3
MIN 0 OR BELOW: 0 1.00 INCH OR MORE: 1
[HDD (BASE 65) ]
TOTAL THIS MO. 480 CLEAR (SCALE 0-3) 0
DPTR FM NORMAL -30 PTCLDY (SCALE 4-7) 0
TOTAL FM JUL 1 569 CLOUDY (SCALE 8-10) 31
DPTR FM NORMAL -137
[CDD (BASE 65) ]
TOTAL THIS MO. 29
DPTR FM NORMAL 23 [PRESSURE DATA]
TOTAL FM JAN 1 692 HIGHEST SLP M ON M
DPTR FM NORMAL 149 LOWEST SLP M ON M
[REMARKS]
#FINAL-10-23#