000
CXUS56 KPQR 011155
CF6AST
PRELIMINARY LOCAL CLIMATOLOGICAL DATA (WS FORM: F-6)
STATION: ASTORIA OR
MONTH: SEPTEMBER
YEAR: 2022
LATITUDE: 46 9 N
LONGITUDE: 123 53 W
TEMPERATURE IN F: :PCPN: SNOW: WIND :SUNSHINE: SKY :PK WND
================================================================================
1 2 3 4 5 6A 6B 7 8 9 10 11 12 13 14 15 16 17 18
12Z AVG MX 2MIN
DY MAX MIN AVG DEP HDD CDD WTR SNW DPTH SPD SPD DIR MIN PSBL S-S WX SPD DR
================================================================================
1 72 58 65 4 0 0 0.00 M M 6.7 15 320 M M 5 19 310
2 66 57 62 1 3 0 T M M 5.9 14 290 M M 10 18 17 270
3 70 56 63 2 2 0 0.00 M M 6.4 16 230 M M 8 12 20 240
4 72 52 62 1 3 0 0.04 M M 5.3 16 230 M M 8 128 22 230
5 71 48 60 0 5 0 0.00 M M 8.8 22 330 M M 2 1 28 330
6 78 46 62 2 3 0 0.00 M M 8.5 22 310 M M 0 27 320
7 68 53 61 1 4 0 0.00 M M 14.1 23 320 M M 0 1 30 320
8 70 51 61 1 4 0 0.00 M M 6.1 15 320 M M 4 18 19 320
9 85 47 66 6 0 1 0.00 M M 11.0 20 50 M M 0 8 24 70
10 81 56 69 9 0 4 0.00 M M 8.2 24 70 M M 6 8 29 70
11 67 57 62 2 3 0 0.01 M M 6.3 18 220 M M 3 18 24 220
12 71 55 63 3 2 0 0.00 M M 3.9 14 260 M M 10 18 19 250
13 67 57 62 2 3 0 0.00 M M 3.9 10 250 M M 10 1 13 250
14 67 57 62 2 3 0 0.00 M M 5.0 13 330 M M 10 12 15 330
15 69 52 61 2 4 0 0.00 M M 5.6 15 310 M M 6 1 19 330
16 65 47 56 -3 9 0 T M M 5.8 15 250 M M 6 18 20 250
17 66 48 57 -2 8 0 0.00 M M 6.4 20 320 M M 1 1 25 320
18 79 51 65 6 0 0 0.00 M M 6.4 17 40 M M 2 22 30
19 78 47 63 4 2 0 0.00 M M 4.1 13 290 M M 0 15 290
20 78 46 62 4 3 0 0.00 M M 5.3 14 60 M M 0 128 17 60
21 59 49 54 -4 11 0 0.00 M M 5.6 13 230 M M 10 12 19 250
22 67 57 62 4 3 0 0.00 M M 9.7 17 200 M M 10 25 210
23 69 52 61 3 4 0 0.00 M M 3.8 10 340 M M 6 16 270
24 70 50 60 2 5 0 0.00 M M 5.5 16 320 M M 3 21 320
25 80 48 64 6 1 0 0.00 M M 4.4 13 290 M M 2 12 14 290
26 60 49 55 -2 10 0 0.00 M M 4.4 12 260 M M 8 12 17 260
27 62 52 57 0 8 0 0.00 M M 6.4 20 220 M M 8 1 26 220
28 67 54 61 4 4 0 0.68 M M 4.7 15 210 M M 10 18 21 210
29 69 58 64 7 1 0 0.01 M M 7.1 20 310 M M 8 1 23 310
30 68 53 61 5 4 0 0.00 M M 5.8 14 320 M M 5 18 320
================================================================================
SM 2111 1563 112 5 0.74 M 191.1 M 161
================================================================================
AV 70.4 52.1 6.4 FASTST M M 5 MAX(MPH)
MISC ----> 24 70 30 320
================================================================================
NOTES:
# LAST OF SEVERAL OCCURRENCES
COLUMN 17 PEAK WIND IN M.P.H.
PRELIMINARY LOCAL CLIMATOLOGICAL DATA (WS FORM: F-6) , PAGE 2
STATION: ASTORIA OR
MONTH: SEPTEMBER
YEAR: 2022
LATITUDE: 46 9 N
LONGITUDE: 123 53 W
[TEMPERATURE DATA] [PRECIPITATION DATA] SYMBOLS USED IN COLUMN 16
AVERAGE MONTHLY: 61.2 TOTAL FOR MONTH: 0.74 1 = FOG OR MIST
DPTR FM NORMAL: 2.2 DPTR FM NORMAL: -1.93 2 = FOG REDUCING VISIBILITY
HIGHEST: 85 ON 9 GRTST 24HR 0.68 ON 28-28 TO 1/4 MILE OR LESS
LOWEST: 46 ON 20, 6 3 = THUNDER
SNOW, ICE PELLETS, HAIL 4 = ICE PELLETS
TOTAL MONTH: M 5 = HAIL
GRTST 24HR M ON M 6 = FREEZING RAIN OR DRIZZLE
GRTST DEPTH: M ON M 7 = DUSTSTORM OR SANDSTORM:
VSBY 1/2 MILE OR LESS
8 = SMOKE OR HAZE
[NO. OF DAYS WITH] [WEATHER - DAYS WITH] 9 = BLOWING SNOW
X = TORNADO
MAX 32 OR BELOW: 0 0.01 INCH OR MORE: 4
MAX 90 OR ABOVE: 0 0.10 INCH OR MORE: 1
MIN 32 OR BELOW: 0 0.50 INCH OR MORE: 1
MIN 0 OR BELOW: 0 1.00 INCH OR MORE: 0
[HDD (BASE 65) ]
TOTAL THIS MO. 112 CLEAR (SCALE 0-3) 10
DPTR FM NORMAL -73 PTCLDY (SCALE 4-7) 11
TOTAL FM JUL 1 220 CLOUDY (SCALE 8-10) 9
DPTR FM NORMAL -227
[CDD (BASE 65) ]
TOTAL THIS MO. 5
DPTR FM NORMAL -1 [PRESSURE DATA]
TOTAL FM JAN 1 53 HIGHEST SLP 30.26 ON 8
DPTR FM NORMAL 31 LOWEST SLP 29.69 ON 18
[REMARKS]
#FINAL-09-22#