493
CXUS56 KPQR 011210
CF6AST
PRELIMINARY LOCAL CLIMATOLOGICAL DATA (WS FORM: F-6)
STATION: ASTORIA OR
MONTH: FEBRUARY
YEAR: 2021
LATITUDE: 46 9 N
LONGITUDE: 123 53 W
TEMPERATURE IN F: :PCPN: SNOW: WIND :SUNSHINE: SKY :PK WND
================================================================================
1 2 3 4 5 6A 6B 7 8 9 10 11 12 13 14 15 16 17 18
12Z AVG MX 2MIN
DY MAX MIN AVG DEP HDD CDD WTR SNW DPTH SPD SPD DIR MIN PSBL S-S WX SPD DR
================================================================================
1 51 43 47 3 18 0 1.36 M M 6.3 16 170 M M 10 1 25 180
2 48 37 43 -1 22 0 1.06 M M 8.6 28 200 M M 9 1 42 190
3 47 33 40 -4 25 0 0.05 M M 3.7 10 130 M M 6 1 13 130
4 48 41 45 1 20 0 0.32 M M 7.6 18 260 M M 10 1 24 270
5 50 42 46 2 19 0 0.34 M M 10.5 23 240 M M 9 1 29 260
6 49 43 46 2 19 0 0.21 M M 12.7 24 280 M M 10 1 37 280
7 47 40 44 0 21 0 0.04 M M 10.4 22 290 M M 9 27 280
8 45 30 38 -6 27 0 0.01 M M 4.1 20 320 M M 7 1 25 320
9 45 28 37 -7 28 0 0.00 M M 3.6 10 30 M M 5 12 12 40
10 45 30 38 -6 27 0 T M M 2.3 8 10 M M 9 15 360
11 39 33 36 -8 29 0 0.27 M M 13.5 23 70 M M 10 18 27 70
12 33 31 32 -12 33 0 1.10 M M 12.9 22 80 M M 10 16 27 90
13 46 32 39 -5 26 0 0.95 M M 9.5 25 130 M M 10 16 35 100
14 48 34 41 -3 24 0 0.84 M M 9.2 17 190 M M 10 1 26 200
15 48 38 43 -1 22 0 0.58 M M 13.7 25 240 M M 10 1 34 230
16 49 42 46 2 19 0 0.29 M M 10.6 23 300 M M 10 18 28 300
17 49 39 44 0 21 0 T M M 6.4 13 300 M M 6 19 290
18 50 39 45 1 20 0 0.31 M M 7.7 23 210 M M 9 18 36 210
19 50 41 46 2 19 0 0.12 M M 5.6 20 250 M M 8 1 25 240
20 49 37 43 -1 22 0 0.19 M M 8.1 18 230 M M 8 1 28 200
21 49 46 48 4 17 0 0.54 M M 14.0 23 210 M M 10 1 37 210
22 49 42 46 1 19 0 2.59 M M 13.9 23 270 M M 9 1 33 220
23 47 38 43 -2 22 0 0.18 M M 11.7 23 290 M M 8 18 32 290
24 48 31 40 -5 25 0 T M M 4.7 12 30 M M 4 12 14 320
25 49 40 45 0 20 0 0.45 M M 14.8 25 260 M M 10 1 35 270
26 49 41 45 0 20 0 0.16 M M 18.0 32 300 M M 10 18 42 310
27 48 40 44 -1 21 0 0.03 M M 8.3 23 310 M M 10 1 34 320
28 51 40 46 1 19 0 0.01 M M 7.0 18 220 M M 9 1 25 220
================================================================================
SM 1326 1051 624 0 12.00 M 259.4 M 245
================================================================================
AV 47.4 37.5 9.3 FASTST M M 9 MAX(MPH)
MISC ----> 32 300 # 42 190
================================================================================
NOTES:
# LAST OF SEVERAL OCCURRENCES
COLUMN 17 PEAK WIND IN M.P.H.
PRELIMINARY LOCAL CLIMATOLOGICAL DATA (WS FORM: F-6) , PAGE 2
STATION: ASTORIA OR
MONTH: FEBRUARY
YEAR: 2021
LATITUDE: 46 9 N
LONGITUDE: 123 53 W
[TEMPERATURE DATA] [PRECIPITATION DATA] SYMBOLS USED IN COLUMN 16
AVERAGE MONTHLY: 42.4 TOTAL FOR MONTH: 12.00 1 = FOG OR MIST
DPTR FM NORMAL: -2.0 DPTR FM NORMAL: 4.81 2 = FOG REDUCING VISIBILITY
HIGHEST: 51 ON 28, 1 GRTST 24HR 2.76 ON 21-22 TO 1/4 MILE OR LESS
LOWEST: 28 ON 9 3 = THUNDER
SNOW, ICE PELLETS, HAIL 4 = ICE PELLETS
TOTAL MONTH: M 5 = HAIL
GRTST 24HR M ON M 6 = FREEZING RAIN OR DRIZZLE
GRTST DEPTH: M ON M 7 = DUSTSTORM OR SANDSTORM:
VSBY 1/2 MILE OR LESS
8 = SMOKE OR HAZE
[NO. OF DAYS WITH] [WEATHER - DAYS WITH] 9 = BLOWING SNOW
X = TORNADO
MAX 32 OR BELOW: 0 0.01 INCH OR MORE: 24
MAX 90 OR ABOVE: 0 0.10 INCH OR MORE: 19
MIN 32 OR BELOW: 6 0.50 INCH OR MORE: 8
MIN 0 OR BELOW: 0 1.00 INCH OR MORE: 4
[HDD (BASE 65) ]
TOTAL THIS MO. 624 CLEAR (SCALE 0-3) 0
DPTR FM NORMAL 47 PTCLDY (SCALE 4-7) 7
TOTAL FM JUL 1 3201 CLOUDY (SCALE 8-10) 21
DPTR FM NORMAL -144
[CDD (BASE 65) ]
TOTAL THIS MO. 0
DPTR FM NORMAL 0 [PRESSURE DATA]
TOTAL FM JAN 1 0 HIGHEST SLP 30.59 ON 24
DPTR FM NORMAL 0 LOWEST SLP 29.47 ON 13
[REMARKS]
#FINAL-02-21#