000
CXUS54 KEWX 011244
CF6ATT
PRELIMINARY LOCAL CLIMATOLOGICAL DATA (WS FORM: F-6)
STATION: AUSTIN CAMP MABRY
MONTH: JULY
YEAR: 2023
LATITUDE: 30 17 N
LONGITUDE: 97 42 W
TEMPERATURE IN F: :PCPN: SNOW: WIND :SUNSHINE: SKY :PK WND
================================================================================
1 2 3 4 5 6A 6B 7 8 9 10 11 12 13 14 15 16 17 18
12Z AVG MX 2MIN
DY MAX MIN AVG DEP HDD CDD WTR SNW DPTH SPD SPD DIR MIN PSBL S-S WX SPD DR
================================================================================
1 102 78 90 6 0 25 0.00 0.0 0 5.4 13 20 M M 4 22 10
2 98 79 89 4 0 24 0.00 0.0 0 2.6 10 140 M M 1 16 140
3 99 78 89 4 0 24 0.00 0.0 0 4.9 12 130 M M 0 18 150
4 97 78 88 3 0 23 0.00 0.0 0 5.6 12 130 M M 0 20 160
5 99 79 89 4 0 24 0.00 0.0 0 6.4 14 140 M M 3 24 160
6 92 78 85 0 0 20 0.03 0.0 0 5.4 17 140 M M 4 30 150
7 95 75 85 0 0 20 0.00 0.0 0 5.2 15 150 M M 4 25 160
8 102 77 90 5 0 25 0.00 0.0 0 5.0 14 150 M M 2 24 160
9 104 78 91 6 0 26 0.00 0.0 0 6.6 12 170 M M 1 25 150
10 105 79 92 7 0 27 0.00 0.0 0 5.4 12 170 M M 1 24 190
11 105 79 92 7 0 27 0.00 0.0 0 6.8 14 160 M M 0 26 170
12 108 80 94 9 0 29 0.00 0.0 0 7.7 15 150 M M 1 29 140
13 107 80 94 8 0 29 0.00 0.0 0 7.3 15 150 M M 3 29 150
14 107 80 94 8 0 29 0.00 0.0 0 7.3 15 140 M M 2 27 160
15 107 79 93 7 0 28 0.00 0.0 0 6.3 12 210 M M 2 23 150
16 106 78 92 6 0 27 0.00 0.0 0 4.8 13 160 M M 1 22 140
17 108 77 93 7 0 28 0.00 0.0 0 5.6 12 130 M M 0 21 130
18 107 78 93 7 0 28 0.00 0.0 0 6.5 14 150 M M 0 24 130
19 106 78 92 6 0 27 0.00 0.0 0 6.7 14 140 M M 1 26 190
20 106 80 93 7 0 28 0.00 0.0 0 5.6 13 140 M M 2 25 140
21 104 77 91 5 0 26 0.00 0.0 0 4.2 9 140 M M 0 17 200
22 105 77 91 5 0 26 0.01 0.0 0 3.1 14 20 M M 2 3 23 20
23 106 80 93 7 0 28 0.00 0.0 0 2.5 10 140 M M 1 19 50
24 105 75 90 3 0 25 0.00 0.0 0 3.3 10 170 M M 0 23 140
25 104 77 91 4 0 26 0.00 0.0 0 4.1 12 150 M M 0 24 190
26 103 79 91 4 0 26 0.00 0.0 0 5.6 14 140 M M 2 29 160
27 103 78 91 4 0 26 0.00 0.0 M 6.0 12 170 M M 1 25 180
28 102 77 90 3 0 25 0.00 0.0 M 4.5 14 140 M M 1 25 140
29 104 76 90 3 0 25 0.00 0.0 0 4.3 13 140 M M 0 22 180
30 104 77 91 4 0 26 0.00 0.0 0 3.5 12 140 M M 0 20 200
31 107 79 93 6 0 28 0.00 0.0 0 4.4 14 140 M M 0 21 160
================================================================================
SM 3207 2420 0 805 0.04 0.0 162.6 M 39
================================================================================
AV103.5 78.1 5.2 FASTST M M 1 MAX(MPH)
MISC ----> 17 140 30 150
================================================================================
NOTES:
# LAST OF SEVERAL OCCURRENCES
COLUMN 17 PEAK WIND IN M.P.H.
PRELIMINARY LOCAL CLIMATOLOGICAL DATA (WS FORM: F-6) , PAGE 2
STATION: AUSTIN CAMP MABRY
MONTH: JULY
YEAR: 2023
LATITUDE: 30 17 N
LONGITUDE: 97 42 W
[TEMPERATURE DATA] [PRECIPITATION DATA] SYMBOLS USED IN COLUMN 16
AVERAGE MONTHLY: 90.8 TOTAL FOR MONTH: 0.04 1 = FOG OR MIST
DPTR FM NORMAL: 5.0 DPTR FM NORMAL: -1.92 2 = FOG REDUCING VISIBILITY
HIGHEST: 108 ON 17,12 GRTST 24HR 0.03 ON 6- 6 TO 1/4 MILE OR LESS
LOWEST: 75 ON 24, 7 3 = THUNDER
SNOW, ICE PELLETS, HAIL 4 = ICE PELLETS
TOTAL MONTH: 0.0 INCH 5 = HAIL
GRTST 24HR 0.0 6 = FREEZING RAIN OR DRIZZLE
GRTST DEPTH: 0 7 = DUSTSTORM OR SANDSTORM:
VSBY 1/2 MILE OR LESS
8 = SMOKE OR HAZE
[NO. OF DAYS WITH] [WEATHER - DAYS WITH] 9 = BLOWING SNOW
X = TORNADO
MAX 32 OR BELOW: 0 0.01 INCH OR MORE: 2
MAX 90 OR ABOVE: 31 0.10 INCH OR MORE: 0
MIN 32 OR BELOW: 0 0.50 INCH OR MORE: 0
MIN 0 OR BELOW: 0 1.00 INCH OR MORE: 0
[HDD (BASE 65) ]
TOTAL THIS MO. 0 CLEAR (SCALE 0-3) 28
DPTR FM NORMAL 0 PTCLDY (SCALE 4-7) 3
TOTAL FM JUL 1 0 CLOUDY (SCALE 8-10) 0
DPTR FM NORMAL 0
[CDD (BASE 65) ]
TOTAL THIS MO. 805
DPTR FM NORMAL 160 [PRESSURE DATA]
TOTAL FM JAN 1 2167 HIGHEST SLP 30.12 ON 25
DPTR FM NORMAL 332 LOWEST SLP 29.74 ON 13
[REMARKS]
#FINAL-07-23#