000
CXUS53 KABR 011100
CF6ATY
PRELIMINARY LOCAL CLIMATOLOGICAL DATA (WS FORM: F-6)
STATION: WATERTOWN SD
MONTH: OCTOBER
YEAR: 2023
LATITUDE: 44 55 N
LONGITUDE: 97 9 W
TEMPERATURE IN F: :PCPN: SNOW: WIND :SUNSHINE: SKY :PK WND
================================================================================
1 2 3 4 5 6A 6B 7 8 9 10 11 12 13 14 15 16 17 18
12Z AVG MX 2MIN
DY MAX MIN AVG DEP HDD CDD WTR SNW DPTH SPD SPD DIR MIN PSBL S-S WX SPD DR
================================================================================
1 90 69 80 27 0 15 0.00 0.0 0 14.8 28 200 M M 0 37 200
2 88 64 76 23 0 11 T 0.0 0 13.9 30 190 M M 0 3 43 190
3 79 59 69 17 0 4 0.52 0.0 0 13.8 21 200 M M 5 13 30 190
4 66 53 60 8 5 0 0.01 0.0 0 11.8 20 300 M M 6 30 280
5 57 49 53 2 12 0 T 0.0 0 15.4 29 300 M M 4 42 290
6 49 37 43 -8 22 0 T 0.0 0 19.9 36 300 M M 8 1 51 320
7 59 29 44 -6 21 0 0.00 0.0 0 7.1 18 230 M M 2 12 28 240
8 63 37 50 0 15 0 0.00 0.0 0 8.8 18 320 M M 0 28 350
9 57 33 45 -4 20 0 0.00 0.0 0 3.8 10 350 M M 4 1 15 340
10 59 30 45 -4 20 0 0.00 0.0 0 2.6 9 60 M M 2 12 13 10
11 62 37 50 2 15 0 0.00 0.0 0 8.8 16 70 M M 0 27 80
12 47 41 44 -4 21 0 0.89 0.0 0 17.9 35 70 M M 7 1 56 60
13 46 42 44 -3 21 0 0.43 0.0 0 20.7 32 50 M M 10 1 46 50
14 49 38 44 -3 21 0 T 0.0 0 10.2 17 10 M M 10 1 23 30
15 54 36 45 -1 20 0 0.00 0.0 0 8.8 20 20 M M 5 26 340
16 58 29 44 -2 21 0 0.00 0.0 0 3.8 10 320 M M 0 1 14 280
17 69 35 52 7 13 0 0.00 0.0 0 9.4 17 160 M M 0 23 140
18 54 47 51 6 14 0 0.01 0.0 0 12.8 24 350 M M 8 34 350
19 64 40 52 8 13 0 0.00 0.0 0 5.1 14 310 M M 3 128 18 310
20 74 37 56 12 9 0 0.00 0.0 0 7.9 20 260 M M 1 25 260
21 59 37 48 5 17 0 0.00 0.0 0 11.3 26 340 M M 0 34 340
22 59 32 46 3 19 0 0.01 0.0 0 6.9 17 170 M M 3 1 21 160
23 67 44 56 14 9 0 0.00 0.0 0 6.0 14 170 M M 0 19 180
24 50 43 47 5 18 0 0.01 0.0 0 11.1 18 10 M M 9 12 24 360
25 50 37 44 3 21 0 0.30 0.0 0 6.4 13 130 M M 10 1 20 140
26 50 34 42 1 23 0 0.14 0.0 0 8.8 21 300 M M 10 1 30 300
27 34 21 28 -12 37 0 T T 0 18.0 29 310 M M 10 1 40 310
28 27 18 23 -17 42 0 T T 0 9.0 14 310 M M 5 19 300
29 33 16 25 -14 40 0 0.02 0.2 0 10.6 21 310 M M 4 1 28 300
30 40 17 29 -10 36 0 0.01 0.1 T 19.1 36 330 M M 5 1 50 300
31 30 18 24 -14 41 0 0.00 0.0 T 12.1 31 320 M M 7 42 310
================================================================================
SM 1743 1159 586 30 2.35 0.3 336.6 M 138
================================================================================
AV 56.2 37.4 10.9 FASTST M M 4 MAX(MPH)
MISC ----> # 36 300 56 60
================================================================================
NOTES:
# LAST OF SEVERAL OCCURRENCES
COLUMN 17 PEAK WIND IN M.P.H.
PRELIMINARY LOCAL CLIMATOLOGICAL DATA (WS FORM: F-6) , PAGE 2
STATION: WATERTOWN SD
MONTH: OCTOBER
YEAR: 2023
LATITUDE: 44 55 N
LONGITUDE: 97 9 W
[TEMPERATURE DATA] [PRECIPITATION DATA] SYMBOLS USED IN COLUMN 16
AVERAGE MONTHLY: 46.8 TOTAL FOR MONTH: 2.35 1 = FOG OR MIST
DPTR FM NORMAL: 1.1 DPTR FM NORMAL: 0.40 2 = FOG REDUCING VISIBILITY
HIGHEST: 90 ON 1 GRTST 24HR 1.29 ON 12-13 TO 1/4 MILE OR LESS
LOWEST: 16 ON 29 3 = THUNDER
SNOW, ICE PELLETS, HAIL 4 = ICE PELLETS
TOTAL MONTH: 0.3 INCH 5 = HAIL
GRTST 24HR 0.2 ON 29-29 6 = FREEZING RAIN OR DRIZZLE
GRTST DEPTH: T 7 = DUSTSTORM OR SANDSTORM:
VSBY 1/2 MILE OR LESS
8 = SMOKE OR HAZE
[NO. OF DAYS WITH] [WEATHER - DAYS WITH] 9 = BLOWING SNOW
X = TORNADO
MAX 32 OR BELOW: 2 0.01 INCH OR MORE: 11
MAX 90 OR ABOVE: 1 0.10 INCH OR MORE: 5
MIN 32 OR BELOW: 9 0.50 INCH OR MORE: 2
MIN 0 OR BELOW: 0 1.00 INCH OR MORE: 0
[HDD (BASE 65) ]
TOTAL THIS MO. 586 CLEAR (SCALE 0-3) 12
DPTR FM NORMAL -15 PTCLDY (SCALE 4-7) 12
TOTAL FM JUL 1 685 CLOUDY (SCALE 8-10) 7
DPTR FM NORMAL -156
[CDD (BASE 65) ]
TOTAL THIS MO. 30
DPTR FM NORMAL 27 [PRESSURE DATA]
TOTAL FM JAN 1 808 HIGHEST SLP 30.50 ON 31
DPTR FM NORMAL 288 LOWEST SLP 29.59 ON 18
[REMARKS]
#FINAL-10-23#