000
CXUS51 KGYX 020940
CF6AUG
PRELIMINARY LOCAL CLIMATOLOGICAL DATA (WS FORM: F-6)
STATION: AUGUSTA
MONTH: MAY
YEAR: 2023
LATITUDE: 44 18 N
LONGITUDE: 69 48 W
TEMPERATURE IN F: :PCPN: SNOW: WIND :SUNSHINE: SKY :PK WND
================================================================================
1 2 3 4 5 6A 6B 7 8 9 10 11 12 13 14 15 16 17 18
12Z AVG MX 2MIN
DY MAX MIN AVG DEP HDD CDD WTR SNW DPTH SPD SPD DIR MIN PSBL S-S WX SPD DR
================================================================================
1 65 47 56 6 9 0 1.69 M M 12.3 31 120 M M 7 1 49 110
2 61 42 52 1 13 0 0.21 M M 9.7 22 130 M M 7 12 31 140
3 47 42 45 -6 20 0 0.13 M M 8.8 15 50 M M 10 1 21 80
4 52 39 46 -6 19 0 0.01 M M 9.9 17 20 M M 10 1 24 20
5 66 44 55 3 10 0 0.01 M M 8.9 20 40 M M 6 26 30
6 77 49 63 11 2 0 0.00 M M 8.9 22 360 M M 2 30 30
7 77 56 67 14 0 2 0.00 M M 8.7 21 300 M M 2 31 290
8 68 46 57 4 8 0 0.00 M M 10.7 25 340 M M 2 33 350
9 62 40 51 -2 14 0 0.00 M M 6.9 21 330 M M 3 25 330
10 74 44 59 5 6 0 0.00 M M 8.5 18 270 M M 0 28 280
11 81 57 69 15 0 4 0.00 M M 6.7 18 320 M M 1 25 310
12 79 52 66 12 0 1 T M M 4.8 15 290 M M 2 20 280
13 70 44 57 3 8 0 0.00 M M 11.7 25 340 M M 2 34 310
14 65 41 53 -2 12 0 0.00 M M 10.9 24 340 M M 0 35 330
15 72 47 60 5 5 0 0.00 M M 7.2 16 290 M M 1 23 260
16 69 45 57 2 8 0 0.00 M M 8.1 22 20 M M 5 29 350
17 51 36 44 -12 21 0 0.00 M M 12.2 28 340 M M 5 38 350
18 65 36 51 -5 14 0 0.00 M M 8.0 18 290 M M 0 29 280
19 65 41 53 -3 12 0 0.00 M M 9.1 20 150 M M 0 32 190
20 67 51 59 3 6 0 1.61 M M 8.8 16 170 M M 5 1 28 200
21 74 55 65 8 0 0 0.41 M M 8.2 22 350 M M 4 12 30 310
22 67 46 57 0 8 0 0.00 M M 7.7 18 30 M M 0 25 30
23 67 41 54 -3 11 0 0.00 M M 6.9 17 150 M M 0 24 160
24 66 44 55 -3 10 0 0.30 M M 6.4 18 340 M M 6 1 25 340
25 62 44 53 -5 12 0 T M M 12.2 25 330 M M 6 1 32 350
26 67 41 54 -4 11 0 0.00 M M 8.4 20 360 M M 1 26 20
27 81 44 63 5 2 0 0.00 M M 4.9 10 320 M M 1 17 320
28 92 55 74 15 0 9 0.00 M M 7.0 18 290 M M 1 26 280
29 72 46 59 0 6 0 0.00 M M 7.9 17 30 M M 1 23 40
30 74 45 60 1 5 0 0.00 M M 5.9 15 160 M M 0 22 190
31 82 49 66 6 0 1 0.00 M M 5.3 13 170 M M 0 1 18 170
================================================================================
SM 2137 1409 252 17 4.37 M 261.6 M 90
================================================================================
AV 68.9 45.5 8.4 FASTST M M 3 MAX(MPH)
MISC ----> 31 120 49 110
================================================================================
NOTES:
# LAST OF SEVERAL OCCURRENCES
COLUMN 17 PEAK WIND IN M.P.H.
PRELIMINARY LOCAL CLIMATOLOGICAL DATA (WS FORM: F-6) , PAGE 2
STATION: AUGUSTA
MONTH: MAY
YEAR: 2023
LATITUDE: 44 18 N
LONGITUDE: 69 48 W
[TEMPERATURE DATA] [PRECIPITATION DATA] SYMBOLS USED IN COLUMN 16
AVERAGE MONTHLY: 57.2 TOTAL FOR MONTH: 4.37 1 = FOG OR MIST
DPTR FM NORMAL: 1.9 DPTR FM NORMAL: 1.10 2 = FOG REDUCING VISIBILITY
HIGHEST: 92 ON 28 GRTST 24HR 4.56 ON 30- 1 TO 1/4 MILE OR LESS
LOWEST: 36 ON 18,17 3 = THUNDER
SNOW, ICE PELLETS, HAIL 4 = ICE PELLETS
TOTAL MONTH: M 5 = HAIL
GRTST 24HR M ON M 6 = FREEZING RAIN OR DRIZZLE
GRTST DEPTH: M ON M 7 = DUSTSTORM OR SANDSTORM:
VSBY 1/2 MILE OR LESS
8 = SMOKE OR HAZE
[NO. OF DAYS WITH] [WEATHER - DAYS WITH] 9 = BLOWING SNOW
X = TORNADO
MAX 32 OR BELOW: 0 0.01 INCH OR MORE: 8
MAX 90 OR ABOVE: 1 0.10 INCH OR MORE: 6
MIN 32 OR BELOW: 0 0.50 INCH OR MORE: 2
MIN 0 OR BELOW: 0 1.00 INCH OR MORE: 2
[HDD (BASE 65) ]
TOTAL THIS MO. 252 CLEAR (SCALE 0-3) 20
DPTR FM NORMAL -61 PTCLDY (SCALE 4-7) 9
TOTAL FM JUL 1 6076 CLOUDY (SCALE 8-10) 2
DPTR FM NORMAL -1114
[CDD (BASE 65) ]
TOTAL THIS MO. 17
DPTR FM NORMAL 7 [PRESSURE DATA]
TOTAL FM JAN 1 19 HIGHEST SLP 30.40 ON 23
DPTR FM NORMAL 9 LOWEST SLP 29.15 ON 1
[REMARKS]
#FINAL-05-23#