000
CXUS53 KGRB 021347 AAA
CLMAUW
CLIMATE REPORT...UPDATED
NATIONAL WEATHER SERVICE GREEN BAY
1058 AM CST FRI DEC 01 2023
...................................
...THE WAUSAU WI CLIMATE SUMMARY FOR THE MONTH OF NOVEMBER 2023...
CLIMATE NORMAL PERIOD: 1991 TO 2020
CLIMATE RECORD PERIOD: 1896 TO 2023
WEATHER OBSERVED NORMAL DEPART LAST YEAR`S
VALUE DATE(S) VALUE FROM VALUE DATE(S)
NORMAL
................................................................
TEMPERATURE (F)
RECORD
HIGH 73 11/09/1999
LOW -15 11/25/1950
HIGHEST 65 11/16 59 6 73 11/02
LOWEST 4 11/28 6 -2 6 11/20
AVG. MAXIMUM 44.0 40.4 3.6 44.0
AVG. MINIMUM 25.9 25.2 0.7 26.6
MEAN 34.9 32.8 2.1 35.3
DAYS MAX >= 90 0 0.0 0.0 0
DAYS MAX <= 32 5 7.0 -2.0 7
DAYS MIN <= 32 22 23.2 -1.2 20
DAYS MIN <= 0 0 0.2 -0.2 0
PRECIPITATION (INCHES)
RECORD
MAXIMUM 6.34 1934
MINIMUM 0.02 1976
TOTALS 0.24 1.85 -1.61 2.99
DAYS >= .01 5 9.8 -4.8 MM
DAYS >= .10 0 4.5 -4.5 MM
DAYS >= .50 0 1.0 -1.0
DAYS >= 1.00 0 0.3 -0.3 MM
GREATEST
STORM TOTAL 0.09
(MM/DD(HH))
SNOWFALL (INCHES)
RECORDS
TOTAL 22.6 1991
24 HR TOTAL 5.8 MM
TOTALS 1.6 6.5 -4.9 8.7
SINCE 7/1 4.2 7.4 -3.2 8.7
DAYS >= TRACE 3 5.6 -2.6
DAYS >= 1.0 1 1.9 -0.9 5
GREATEST
SNOW DEPTH 1 11/26 4 11/20
11/27
11/28
11/21
11/22
24 HR TOTAL MM
DEGREE DAYS
HEATING TOTAL 894 966 -72 884
SINCE 7/1 1545 1817 -272 1593
COOLING TOTAL 0 0 0 0
SINCE 1/1 603 422 181 665
................................................................
WIND (MPH)
AVERAGE WIND SPEED 7.7
HIGHEST WIND SPEED/DIRECTION 31/200 DATE 11/16
HIGHEST GUST SPEED/DIRECTION 45/210 DATE 11/16
SKY COVER
POSSIBLE SUNSHINE (PERCENT) MM
AVERAGE SKY COVER 0.24
NUMBER OF DAYS FAIR 2
NUMBER OF DAYS PC 1
NUMBER OF DAYS CLOUDY 0
AVERAGE RH (PERCENT) 65
WEATHER CONDITIONS. NUMBER OF DAYS WITH
THUNDERSTORM 0 MIXED PRECIP 0
HEAVY RAIN 0 RAIN 0
LIGHT RAIN 6 FREEZING RAIN 0
LT FREEZING RAIN 0 HAIL 0
HEAVY SNOW 0 SNOW 0
LIGHT SNOW 2 SLEET 0
FOG 0 FOG W/VIS <= 1/4 MILE 0
HAZE 0
- INDICATES NEGATIVE NUMBERS.
R INDICATES RECORD WAS SET OR TIED.
MM INDICATES DATA IS MISSING.
T INDICATES TRACE AMOUNT.
$$