000
CXUS53 KGRB 041517
CLSAUW
CLIMATE REPORT
NATIONAL WEATHER SERVICE GREEN BAY
917 AM CST SAT MAR 04 2023
...................................
...THE WAUSAU WI WINTER CLIMATE SUMMARY FROM 12/1/2022 TO 2/28/2023...
CLIMATE NORMAL PERIOD: 1991 TO 2020
CLIMATE RECORD PERIOD: 1896 TO 2023
WEATHER OBSERVED NORMAL DEPART LAST YEAR`S
VALUE DATE(S) VALUE FROM VALUE DATE(S)
NORMAL
................................................................
TEMPERATURE (F)
RECORD
HIGH 61 12/05/2001
12/02/1982
LOW -40 01/30/1951
01/18/1948
02/10/1899
HIGHEST 45 02/08 49 -4 58 12/15
LOWEST -15 01/31 -22 7 -22 01/26
AVG. MAXIMUM 28.9 26.1 2.8 27.0
AVG. MINIMUM 15.4 9.9 5.5 9.1
MEAN 22.2 18.0 4.2 18.0
DAYS MAX >= 90 0 0.0 0.0 0
DAYS MAX <= 32 47 63.0 -16.0 42
DAYS MIN <= 32 86 87.4 -1.4 61
DAYS MIN <= 0 12 22.5 -10.5 17
PRECIPITATION (INCHES)
RECORD
MAXIMUM 6.60 2017
MINIMUM 1.07 1963
TOTALS 5.18 3.82 1.36 3.40
DAILY AVG. 0.06 0.04 0.01 0.06
DAYS >= .01 34 29.4 4.6 25
DAYS >= .10 16 11.6 4.4 8
DAYS >= .50 1 1.2 -0.2 1
DAYS >= 1.00 0 0.2 -0.2 0
SNOWFALL (INCHES)
RECORDS
TOTAL 64.5 2014
24 HR TOTAL 5.5
TOTALS 47.1 41.9 5.2 39.0
SINCE 7/1 55.8 49.3 6.5 MM
DAYS >= TRACE 40 30.6 9.4 32
DAYS >= 1.0 16 13.3 2.7 15
GREATEST
SNOW DEPTH 17R 02/25 12 12/11
24 HR TOTAL MM
DEGREE DAYS
HEATING TOTAL 3836 4234 -398 2899
SINCE 7/1 5385 6049 -664 MM
COOLING TOTAL 0 0 0 0
SINCE 1/1 0 0 0 MM
FREEZE DATES
RECORD
EARLIEST 08/30/1915
LATEST 06/12/1903
EARLIEST 10/08
LATEST 05/04
................................................................
WIND (MPH)
AVERAGE WIND SPEED 8.0
RESULTANT WIND SPEED/DIRECTION 2/250
HIGHEST WIND SPEED/DIRECTION 33/270 DATE 12/03
HIGHEST GUST SPEED/DIRECTION 46/110 DATE 02/14
SKY COVER
POSSIBLE SUNSHINE (PERCENT) MM
AVERAGE SKY COVER 0.62
NUMBER OF DAYS FAIR 24
NUMBER OF DAYS PC 20
NUMBER OF DAYS CLOUDY 46
AVERAGE RH (PERCENT) 72
WEATHER CONDITIONS. NUMBER OF DAYS WITH
THUNDERSTORM 0 MIXED PRECIP 0
HEAVY RAIN 1 RAIN 5
LIGHT RAIN 11 FREEZING RAIN 2
LT FREEZING RAIN 7 HAIL 0
HEAVY SNOW 4 SNOW 6
LIGHT SNOW 39 SLEET 1
FOG 50 FOG W/VIS <= 1/4 MILE 6
HAZE 45
- INDICATES NEGATIVE NUMBERS.
R INDICATES RECORD WAS SET OR TIED.
MM INDICATES DATA IS MISSING.
T INDICATES TRACE AMOUNT.
$$