072
CXUS52 KGSP 011715
CF6AVL
PRELIMINARY LOCAL CLIMATOLOGICAL DATA (WS FORM: F-6)
STATION: ASHEVILLE NC
MONTH: APRIL
YEAR: 2020
LATITUDE: 35 25 N
LONGITUDE: 82 33 W
TEMPERATURE IN F: :PCPN: SNOW: WIND :SUNSHINE: SKY :PK WND
================================================================================
1 2 3 4 5 6A 6B 7 8 9 10 11 12 13 14 15 16 17 18
12Z AVG MX 2MIN
DY MAX MIN AVG DEP HDD CDD WTR SNW DPTH SPD SPD DIR MIN PSBL S-S WX SPD DR
================================================================================
1 49 40 45 -6 20 0 0.04 0.0 0 11.2 21 340 M M 9 1 27 330
2 60 42 51 -1 14 0 0.00 0.0 0 10.9 21 340 M M 2 26 340
3 72 40 56 4 9 0 0.00 0.0 0 10.3 20 340 M M 1 26 320
4 73 47 60 8 5 0 T 0.0 0 6.0 20 330 M M 4 25 340
5 74 47 61 9 4 0 T 0.0 0 3.3 13 210 M M 4 16 230
6 78 45 62 9 3 0 0.00 0.0 0 3.3 14 330 M M 3 8 19 360
7 77 48 63 10 2 0 0.00 0.0 0 1.7 13 230 M M 4 8 17 230
8 80 52 66 13 0 1 0.00 0.0 0 6.5 17 340 M M 1 8 21 330
9 75 54 65 11 0 0 0.01 0.0 0 12.2 30 310 M M 1 38 41 310
10 54 40 47 -7 18 0 0.00 0.0 0 14.6 33 340 M M 1 8 47 330
11 66 33 50 -4 15 0 0.00 0.0 0 6.8 16 190 M M 0 21 190
12 68 43 56 2 9 0 1.79 0.0 0 7.3 35 180 M M 6 13 47 180
13 73 50 62 7 3 0 1.53 0.0 0 13.6 35 200 M M 4 13 53 200
14 72 44 58 3 7 0 0.00 0.0 0 12.0 28 340 M M 4 34 340
15 56 37 47 -8 18 0 0.00 0.0 0 13.8 26 330 M M 2 34 340
16 61 32 47 -8 18 0 0.00 0.0 0 8.4 23 340 M M 0 31 340
17 68 34 51 -5 14 0 0.00 0.0 0 8.6 24 190 M M 0 8 30 170
18 61 46 54 -2 11 0 0.20 0.0 0 10.4 24 340 M M 3 1 34 340
19 67 35 51 -5 14 0 0.02 0.0 0 5.3 18 170 M M 3 23 160
20 65 46 56 0 9 0 0.44 0.0 0 7.8 26 340 M M 6 1 34 340
21 70 40 55 -2 10 0 0.00 0.0 0 9.3 30 300 M M 3 8 39 300
22 70 45 58 1 7 0 0.00 0.0 0 6.9 17 330 M M 1 8 22 350
23 59 50 55 -2 10 0 0.68 0.0 0 6.0 20 160 M M 10 18 28 150
24 70 52 61 3 4 0 T 0.0 0 8.1 21 340 M M 5 27 330
25 60 48 54 -4 11 0 0.07 0.0 0 5.0 15 170 M M 7 12 19 130
26 67 47 57 -1 8 0 T 0.0 0 9.7 25 310 M M 6 12 33 330
27 68 45 57 -1 8 0 0.00 0.0 0 14.3 29 340 M M 1 40 340
28 73 38 56 -3 9 0 T 0.0 0 4.8 18 180 M M 3 8 22 180
29 71 50 61 2 4 0 2.06 0.0 0 12.0 28 170 M M 6 1 37 200
30 57 49 53 -6 12 0 0.05 0.0 0 6.2 21 330 M M 8 1 27 330
================================================================================
SM 2014 1319 276 1 6.89 0.0 256.3 M 108
================================================================================
AV 67.1 44.0 8.5 FASTST M M 4 MAX(MPH)
MISC ----> # 35 180 # 53 200
================================================================================
NOTES:
# LAST OF SEVERAL OCCURRENCES
COLUMN 17 PEAK WIND IN M.P.H.
PRELIMINARY LOCAL CLIMATOLOGICAL DATA (WS FORM: F-6) , PAGE 2
STATION: ASHEVILLE NC
MONTH: APRIL
YEAR: 2020
LATITUDE: 35 25 N
LONGITUDE: 82 33 W
[TEMPERATURE DATA] [PRECIPITATION DATA] SYMBOLS USED IN COLUMN 16
AVERAGE MONTHLY: 55.6 TOTAL FOR MONTH: 6.89 1 = FOG OR MIST
DPTR FM NORMAL: 0.3 DPTR FM NORMAL: 3.56 2 = FOG REDUCING VISIBILITY
HIGHEST: 80 ON 8 GRTST 24HR 3.32 ON 12-13 TO 1/4 MILE OR LESS
LOWEST: 32 ON 16 3 = THUNDER
SNOW, ICE PELLETS, HAIL 4 = ICE PELLETS
TOTAL MONTH: 0.0 INCH 5 = HAIL
GRTST 24HR 0.0 6 = FREEZING RAIN OR DRIZZLE
GRTST DEPTH: 0 7 = DUSTSTORM OR SANDSTORM:
VSBY 1/2 MILE OR LESS
8 = SMOKE OR HAZE
[NO. OF DAYS WITH] [WEATHER - DAYS WITH] 9 = BLOWING SNOW
X = TORNADO
MAX 32 OR BELOW: 0 0.01 INCH OR MORE: 11
MAX 90 OR ABOVE: 0 0.10 INCH OR MORE: 6
MIN 32 OR BELOW: 1 0.50 INCH OR MORE: 4
MIN 0 OR BELOW: 0 1.00 INCH OR MORE: 3
[HDD (BASE 65) ]
TOTAL THIS MO. 276 CLEAR (SCALE 0-3) 15
DPTR FM NORMAL -24 PTCLDY (SCALE 4-7) 13
TOTAL FM JUL 1 3218 CLOUDY (SCALE 8-10) 2
DPTR FM NORMAL -854
[CDD (BASE 65) ]
TOTAL THIS MO. 1
DPTR FM NORMAL -6 [PRESSURE DATA]
TOTAL FM JAN 1 14 HIGHEST SLP 30.29 ON 17
DPTR FM NORMAL 6 LOWEST SLP 29.51 ON 20
[REMARKS]
#FINAL-04-20#