000
CXUS51 KBGM 010829
CF6AVP
PRELIMINARY LOCAL CLIMATOLOGICAL DATA (WS FORM: F-6)
STATION: AVOCA PA
MONTH: JULY
YEAR: 2022
LATITUDE: 41 19 N
LONGITUDE: 75 44 W
TEMPERATURE IN F: :PCPN: SNOW: WIND :SUNSHINE: SKY :PK WND
================================================================================
1 2 3 4 5 6A 6B 7 8 9 10 11 12 13 14 15 16 17 18
12Z AVG MX 2MIN
DY MAX MIN AVG DEP HDD CDD WTR SNW DPTH SPD SPD DIR MIN PSBL S-S WX SPD DR
================================================================================
1 91 62 77 4 0 12 0.13 T M 5.5 20 260 M M 1 358 26 250
2 87 68 78 5 0 13 0.23 0.0 M 5.5 18 320 M M 5 13 24 320
3 83 59 71 -2 0 6 0.00 0.0 M 5.4 16 330 M M 1 1 21 330
4 84 53 69 -4 0 4 0.00 0.0 M 2.6 12 290 M M 0 15 270
5 82 65 74 1 0 9 T 0.0 M 5.8 15 190 M M 4 23 190
6 82 66 74 1 0 9 0.00 0.0 M 8.1 17 330 M M 4 23 330
7 83 65 74 0 0 9 0.00 0.0 M 3.9 9 50 M M 8 16 190
8 89 67 78 4 0 13 0.00 0.0 M 4.1 14 340 M M 4 18 340
9 85 62 74 0 0 9 0.00 0.0 M 6.9 15 350 M M 1 21 20
10 85 53 69 -5 0 4 0.00 0.0 M 4.5 10 290 M M 0 14 280
11 89 60 75 1 0 10 0.00 0.0 M 7.1 18 270 M M 1 8 25 260
12 90 69 80 6 0 15 0.04 0.0 M 6.3 20 270 M M 4 38 27 280
13 90 62 76 2 0 11 0.00 0.0 M 5.5 18 300 M M 3 8 26 310
14 86 63 75 1 0 10 0.00 0.0 M 5.5 16 330 M M 3 8 21 320
15 86 59 73 -1 0 8 0.00 0.0 M 4.8 12 310 M M 2 8 16 240
16 87 65 76 2 0 11 T 0.0 M 3.4 22 240 M M 2 29 250
17 89 64 77 3 0 12 T 0.0 M 3.8 12 220 M M 1 17 230
18 87 71 79 5 0 14 0.40 0.0 M 7.4 20 230 M M 8 18 29 220
19 92 69 81 7 0 16 0.00 0.0 M 8.2 16 260 M M 4 1 21 240
20 94 69 82 8 0 17 0.00 0.0 M 5.1 14 200 M M 1 21 200
21 94 74 84 10 0 19 0.00 0.0 M 9.2 21 260 M M 2 8 31 260
22 93 67 80 6 0 15 0.05 0.0 M 5.7 28 270 M M 1 3 44 260
23 97 66 82 8 0 17 0.00 0.0 M 6.1 16 240 M M 0 22 260
24 97 66 82 8 0 17 0.26 0.0 M 5.5 37 290 M M 1 138 49 300
25 88 69 79 5 0 14 0.42 0.0 M 8.5 20 270 M M 3 138 27 240
26 81 59 70 -4 0 5 0.00 0.0 M 4.7 14 260 M M 2 20 250
27 84 60 72 -2 0 7 0.00 0.0 M 4.8 15 250 M M 4 21 240
28 87 70 79 5 0 14 0.33 0.0 M 6.1 17 240 M M 5 128 24 240
29 85 67 76 2 0 11 T 0.0 M 5.9 18 230 M M 4 29 240
30 87 62 75 1 0 10 0.00 0.0 M 6.8 20 340 M M 1 1 26 10
31 84 59 72 -1 0 7 0.08 0.0 M 4.4 12 270 M M 2 1 14 270
================================================================================
SM 2718 1990 0 348 1.94 T 177.1 M 82
================================================================================
AV 87.7 64.2 5.7 FASTST M M 3 MAX(MPH)
MISC ----> 37 290 49 300
================================================================================
NOTES:
# LAST OF SEVERAL OCCURRENCES
COLUMN 17 PEAK WIND IN M.P.H.
PRELIMINARY LOCAL CLIMATOLOGICAL DATA (WS FORM: F-6) , PAGE 2
STATION: AVOCA PA
MONTH: JULY
YEAR: 2022
LATITUDE: 41 19 N
LONGITUDE: 75 44 W
[TEMPERATURE DATA] [PRECIPITATION DATA] SYMBOLS USED IN COLUMN 16
AVERAGE MONTHLY: 75.9 TOTAL FOR MONTH: 1.94 1 = FOG OR MIST
DPTR FM NORMAL: 2.2 DPTR FM NORMAL: -1.67 2 = FOG REDUCING VISIBILITY
HIGHEST: 97 ON 24,23 GRTST 24HR 0.68 ON 24-25 TO 1/4 MILE OR LESS
LOWEST: 53 ON 10, 4 3 = THUNDER
SNOW, ICE PELLETS, HAIL 4 = ICE PELLETS
TOTAL MONTH: T 5 = HAIL
GRTST 24HR T ON 1- 1 6 = FREEZING RAIN OR DRIZZLE
GRTST DEPTH: M ON M 7 = DUSTSTORM OR SANDSTORM:
VSBY 1/2 MILE OR LESS
8 = SMOKE OR HAZE
[NO. OF DAYS WITH] [WEATHER - DAYS WITH] 9 = BLOWING SNOW
X = TORNADO
MAX 32 OR BELOW: 0 0.01 INCH OR MORE: 9
MAX 90 OR ABOVE: 9 0.10 INCH OR MORE: 6
MIN 32 OR BELOW: 0 0.50 INCH OR MORE: 0
MIN 0 OR BELOW: 0 1.00 INCH OR MORE: 0
[HDD (BASE 65) ]
TOTAL THIS MO. 0 CLEAR (SCALE 0-3) 18
DPTR FM NORMAL -3 PTCLDY (SCALE 4-7) 13
TOTAL FM JUL 1 0 CLOUDY (SCALE 8-10) 0
DPTR FM NORMAL 0
[CDD (BASE 65) ]
TOTAL THIS MO. 348
DPTR FM NORMAL 77 [PRESSURE DATA]
TOTAL FM JAN 1 548 HIGHEST SLP 30.21 ON 31
DPTR FM NORMAL 66 LOWEST SLP 29.60 ON 21
[REMARKS]
#FINAL-07-22#
SNOWFALL ON DAY 01 WAS HAIL.