000
CXUS53 KGRR 170910
CF6AZO
PRELIMINARY LOCAL CLIMATOLOGICAL DATA (WS FORM: F-6)
STATION: KALAMAZOO
MONTH: APRIL
YEAR: 2024
LATITUDE: 42 13 N
LONGITUDE: 85 33 W
TEMPERATURE IN F: :PCPN: SNOW: WIND :SUNSHINE: SKY :PK WND
================================================================================
1 2 3 4 5 6A 6B 7 8 9 10 11 12 13 14 15 16 17 18
12Z AVG MX 2MIN
DY MAX MIN AVG DEP HDD CDD WTR SNW DPTH SPD SPD DIR MIN PSBL S-S WX SPD DR
================================================================================
1 58 42 50 7 15 0 0.45 0.0 0 6.8 18 100 M M 8 138 27 90
2 53 40 47 4 18 0 0.07 0.0 0 10.3 22 210 M M 10 18 32 240
3 46 35 41 -3 24 0 0.11 T 0 13.2 25 180 M M 10 1 35 190
4 45 36 41 -3 24 0 0.04 0.0 0 9.1 17 350 M M 9 24 340
5 52 35 44 0 21 0 0.02 0.0 0 10.2 18 320 M M 7 1 30 320
6 60 31 46 1 19 0 0.00 0.0 0 4.1 14 300 M M 0 17 310
7 60 32 46 1 19 0 0.08 0.0 0 7.4 20 120 M M 4 32 110
8 76 46 61 15 4 0 T 0.0 0 8.9 24 230 M M 1 33 240
9 72 42 57 11 8 0 0.00 0.0 0 10.0 22 240 M M 0 36 270
10 68 36 52 6 13 0 0.00 0.0 0 2.3 12 120 M M 1 20 120
11 57 47 52 5 13 0 0.87 0.0 0 11.2 23 330 M M 10 1 31 330
12 59 46 53 6 12 0 0.16 0.0 0 18.0 40 320 M M 7 1 59 320
13 62 41 52 4 13 0 0.00 0.0 0 11.7 23 320 M M 0 32 320
14 77 54 66 18 0 1 0.00 0.0 0 10.9 22 270 M M 0 30 250
15 76 49 63 15 2 0 0.00 0.0 0 6.1 18 330 M M 0 23 320
16 77 48 63 14 2 0 0.01 0.0 0 9.4 18 100 M M 1 31 110
================================================================================
SM 998 660 207 1 1.81 T 149.6 M 68
================================================================================
AV 62.4 41.3 9.3 FASTST M M 4 MAX(MPH)
MISC ----> 40 320 59 320
================================================================================
NOTES:
# LAST OF SEVERAL OCCURRENCES
COLUMN 17 PEAK WIND IN M.P.H.
PRELIMINARY LOCAL CLIMATOLOGICAL DATA (WS FORM: F-6) , PAGE 2
STATION: KALAMAZOO
MONTH: APRIL
YEAR: 2024
LATITUDE: 42 13 N
LONGITUDE: 85 33 W
[TEMPERATURE DATA] [PRECIPITATION DATA] SYMBOLS USED IN COLUMN 16
AVERAGE MONTHLY: 51.8 TOTAL FOR MONTH: 1.81 1 = FOG OR MIST
DPTR FM NORMAL: 6.0 DPTR FM NORMAL: 0.28 2 = FOG REDUCING VISIBILITY
HIGHEST: 77 ON 16,14 GRTST 24HR 0.89 ON 11-12 TO 1/4 MILE OR LESS
LOWEST: 31 ON 6 3 = THUNDER
SNOW, ICE PELLETS, HAIL 4 = ICE PELLETS
TOTAL MONTH: T 5 = HAIL
GRTST 24HR T ON 3- 3 6 = FREEZING RAIN OR DRIZZLE
GRTST DEPTH: 0 7 = DUSTSTORM OR SANDSTORM:
VSBY 1/2 MILE OR LESS
8 = SMOKE OR HAZE
[NO. OF DAYS WITH] [WEATHER - DAYS WITH] 9 = BLOWING SNOW
X = TORNADO
MAX 32 OR BELOW: 0 0.01 INCH OR MORE: 9
MAX 90 OR ABOVE: 0 0.10 INCH OR MORE: 4
MIN 32 OR BELOW: 2 0.50 INCH OR MORE: 1
MIN 0 OR BELOW: 0 1.00 INCH OR MORE: 0
[HDD (BASE 65) ]
TOTAL THIS MO. 207 CLEAR (SCALE 0-3) 8
DPTR FM NORMAL -103 PTCLDY (SCALE 4-7) 4
TOTAL FM JUL 1 4659 CLOUDY (SCALE 8-10) 4
DPTR FM NORMAL -1224
[CDD (BASE 65) ]
TOTAL THIS MO. 1
DPTR FM NORMAL 1 [PRESSURE DATA]
TOTAL FM JAN 1 1 HIGHEST SLP M ON M
DPTR FM NORMAL 0 LOWEST SLP 29.23 ON 2
[REMARKS]