000
CXUS53 KLBF 010837
CLMBBW
CLIMATE REPORT
NATIONAL WEATHER SERVICE NORTH PLATTE NE
237 AM CST FRI MAR 01 2024
...................................
...THE BROKEN BOW CLIMATE SUMMARY FOR THE MONTH OF FEBRUARY 2024...
CLIMATE NORMAL PERIOD 1991 TO 2020
CLIMATE RECORD PERIOD 1894 TO 2024
WEATHER OBSERVED NORMAL DEPART LAST YEAR`S
VALUE DATE(S) VALUE FROM VALUE DATE(S)
NORMAL
................................................................
TEMPERATURE (F)
RECORD
HIGH 79 02/22/1982
LOW -41 02/13/1905
HIGHEST 74 02/26 65 9 47 02/26
LOWEST 3 02/28 -8 11 -7 02/23
AVG. MAXIMUM 52.2 41.0 11.2 37.4
AVG. MINIMUM 25.1 16.7 8.4 14.5
MEAN 38.7 28.8 9.9 25.9
DAYS MAX >= 90 0 0.0 0.0 0
DAYS MAX <= 32 1 10.1 -9.1 7
DAYS MIN <= 32 23 27.0 -4.0 28
DAYS MIN <= 0 0 3.8 -3.8 5
PRECIPITATION (INCHES)
RECORD
MAXIMUM 2.16 1919
MINIMUM T 2022
TOTALS 0.65 0.46 0.19 0.25
DAILY AVG. 0.02 NAN NAN 0.01
DAYS >= .01 7 4.7 2.3 1
DAYS >= .10 2 1.1 0.9 1
DAYS >= .50 0 0.2 -0.2 0
DAYS >= 1.00 0 0.0 0.0 0
GREATEST
24 HR. TOTAL 0.48 02/03 TO 02/04 0.25 02/14 TO 02/14
SNOWFALL (INCHES)
TOTALS MM
SINCE 7/1 MM
SNOWDEPTH AVG. MM
DAYS >= TRACE MM
DAYS >= 1.0 MM
GREATEST
SNOW DEPTH MM
DEGREE DAYS
HEATING TOTAL 758 1012 -254 1086
SINCE 7/1 4325 4803 -478 MM
COOLING TOTAL 0 0 0 0
SINCE 1/1 0 0 0 MM
................................................................
WIND (MPH)
AVERAGE WIND SPEED 9.5
HIGHEST WIND SPEED/DIRECTION 38/330 DATE 02/27
HIGHEST GUST SPEED/DIRECTION 51/340 DATE 02/27
AVERAGE RH (PERCENT) 67
WEATHER CONDITIONS. NUMBER OF DAYS WITH
THUNDERSTORM 0 MIXED PRECIP 0
HEAVY RAIN 0 RAIN 1
LIGHT RAIN 5 FREEZING RAIN 0
LT FREEZING RAIN 0 HAIL 0
HEAVY SNOW 0 SNOW 0
LIGHT SNOW 6 SLEET 0
FOG 13 FOG W/VIS <= 1/4 MILE 5
HAZE 3
- INDICATES NEGATIVE NUMBERS.
R INDICATES RECORD WAS SET OR TIED.
MM INDICATES DATA IS MISSING.
T INDICATES TRACE AMOUNT.
$$