000
CXUS51 KBOX 010910
CF6BDL
PRELIMINARY LOCAL CLIMATOLOGICAL DATA (WS FORM: F-6)
STATION: HARTFORD CT
MONTH: NOVEMBER
YEAR: 2023
LATITUDE: 41 55 N
LONGITUDE: 72 41 W
TEMPERATURE IN F: :PCPN: SNOW: WIND :SUNSHINE: SKY :PK WND
================================================================================
1 2 3 4 5 6A 6B 7 8 9 10 11 12 13 14 15 16 17 18
12Z AVG MX 2MIN
DY MAX MIN AVG DEP HDD CDD WTR SNW DPTH SPD SPD DIR MIN PSBL S-S WX SPD DR
================================================================================
1 42 29 36 -11 29 0 0.19 T 0 5.4 13 20 M M 7 1 16 20
2 49 27 38 -9 27 0 0.00 0.0 0 4.9 13 260 M M 2 16 280
3 57 31 44 -3 21 0 0.00 0.0 0 8.2 21 190 M M 4 26 200
4 59 40 50 4 15 0 0.00 0.0 0 5.3 13 210 M M 7 19 210
5 63 42 53 7 12 0 T 0.0 0 4.6 15 310 M M 6 23 290
6 53 34 44 -2 21 0 0.04 0.0 0 3.8 10 360 M M 6 1 13 350
7 67 46 57 12 8 0 0.02 0.0 0 10.6 20 300 M M 7 1 25 350
8 48 36 42 -3 23 0 T 0.0 0 10.6 25 310 M M 5 34 310
9 40 33 37 -7 28 0 0.01 0.0 0 3.6 9 10 M M 9 1 11 20
10 52 33 43 -1 22 0 0.00 0.0 0 5.4 13 220 M M 7 12 16 230
11 52 29 41 -3 24 0 0.00 0.0 0 6.4 18 300 M M 3 26 300
12 43 25 34 -10 31 0 0.00 0.0 0 3.0 12 330 M M 3 16 330
13 44 21 33 -10 32 0 0.00 0.0 0 2.5 10 120 M M 4 13 120
14 49 28 39 -4 26 0 T 0.0 0 4.9 20 330 M M 5 24 320
15 52 24 38 -4 27 0 0.00 0.0 0 6.5 15 190 M M 5 19 190
16 64 32 48 6 17 0 0.00 0.0 0 3.2 12 180 M M 2 14 140
17 66 33 50 8 15 0 0.00 0.0 0 8.1 22 200 M M 7 128 30 190
18 55 33 44 3 21 0 0.05 0.0 0 8.5 20 330 M M 6 1 26 320
19 54 28 41 0 24 0 T 0.0 0 8.4 23 310 M M 3 31 300
20 44 27 36 -5 29 0 0.00 0.0 0 7.9 17 360 M M 1 21 360
21 40 21 31 -9 34 0 0.30 0.0 0 5.4 12 120 M M 8 15 140
22 47 36 42 2 23 0 0.78 0.0 0 9.5 20 360 M M 9 1 26 10
23 50 33 42 2 23 0 0.00 0.0 0 9.2 23 330 M M 5 29 340
24 49 28 39 0 26 0 0.00 0.0 0 9.9 22 320 M M 4 28 330
25 38 22 30 -9 35 0 0.00 0.0 0 3.7 9 150 M M 4 12 290
26 49 21 35 -4 30 0 0.11 0.0 0 2.7 14 120 M M 8 1 19 120
27 54 37 46 8 19 0 0.33 0.0 0 8.0 22 350 M M 7 1 30 150
28 40 30 35 -3 30 0 T T 0 12.7 28 290 M M 5 37 280
29 38 25 32 -6 33 0 0.00 0.0 0 8.7 20 280 M M 4 26 320
30 49 25 37 0 28 0 0.00 0.0 0 8.5 15 190 M M 5 21 190
================================================================================
SM 1507 909 733 0 1.83 T 200.1 M 158
================================================================================
AV 50.2 30.3 6.7 FASTST M M 5 MAX(MPH)
MISC ----> 28 290 37 280
================================================================================
NOTES:
# LAST OF SEVERAL OCCURRENCES
COLUMN 17 PEAK WIND IN M.P.H.
PRELIMINARY LOCAL CLIMATOLOGICAL DATA (WS FORM: F-6) , PAGE 2
STATION: HARTFORD CT
MONTH: NOVEMBER
YEAR: 2023
LATITUDE: 41 55 N
LONGITUDE: 72 41 W
[TEMPERATURE DATA] [PRECIPITATION DATA] SYMBOLS USED IN COLUMN 16
AVERAGE MONTHLY: 40.3 TOTAL FOR MONTH: 1.83 1 = FOG OR MIST
DPTR FM NORMAL: -2.0 DPTR FM NORMAL: -1.68 2 = FOG REDUCING VISIBILITY
HIGHEST: 67 ON 7 GRTST 24HR 1.08 ON 21-22 TO 1/4 MILE OR LESS
LOWEST: 21 ON 26,21 3 = THUNDER
SNOW, ICE PELLETS, HAIL 4 = ICE PELLETS
TOTAL MONTH: T 5 = HAIL
GRTST 24HR T ON 1- 1 6 = FREEZING RAIN OR DRIZZLE
GRTST DEPTH: 0 7 = DUSTSTORM OR SANDSTORM:
VSBY 1/2 MILE OR LESS
8 = SMOKE OR HAZE
[NO. OF DAYS WITH] [WEATHER - DAYS WITH] 9 = BLOWING SNOW
X = TORNADO
MAX 32 OR BELOW: 0 0.01 INCH OR MORE: 9
MAX 90 OR ABOVE: 0 0.10 INCH OR MORE: 5
MIN 32 OR BELOW: 18 0.50 INCH OR MORE: 1
MIN 0 OR BELOW: 0 1.00 INCH OR MORE: 0
[HDD (BASE 65) ]
TOTAL THIS MO. 733 CLEAR (SCALE 0-3) 6
DPTR FM NORMAL 50 PTCLDY (SCALE 4-7) 22
TOTAL FM JUL 1 1054 CLOUDY (SCALE 8-10) 2
DPTR FM NORMAL -111
[CDD (BASE 65) ]
TOTAL THIS MO. 0
DPTR FM NORMAL 0 [PRESSURE DATA]
TOTAL FM JAN 1 931 HIGHEST SLP 30.59 ON 21
DPTR FM NORMAL 112 LOWEST SLP 29.51 ON 27
[REMARKS]
#FINAL-11-23#